{"id":12218,"date":"2020-07-09T15:06:24","date_gmt":"2020-07-09T13:06:24","guid":{"rendered":""},"modified":"2026-05-06T12:59:38","modified_gmt":"2026-05-06T10:59:38","slug":"separator-zelowy","status":"publish","type":"product","link":"https:\/\/propedis.pl\/sklep\/produkt\/separator-zelowy\/","title":{"rendered":"Separator \u017celowy (2 sztuki)"},"content":{"rendered":"<p><strong>Separatory palc\u00f3w stopy (2 sztuki)<\/strong><\/p>\n<p>Zak\u0142adane na wszystkie palce\u00a0stopy. Pomagaj\u0105 w skorygowaniu u\u0142o\u017cenia palc\u00f3w. Wykonane z\u00a0mi\u0119kkiego i elastycznego silikonu, z \u0142atwo\u015bci\u0105 dopasowuj\u0105 si\u0119 do ka\u017cdej doros\u0142ej stopy. Nie przeszkadzaj\u0105 w chodzeniu, mo\u017cna je nosi\u0107\u00a0ca\u0142y dzie\u0144. Przed za\u0142o\u017ceniem warto posypa\u0107 palce talkiem lub pudrem dla niemowl\u0105t, aby unikn\u0105\u0107 ryzyka odparze\u0144. Mo\u017cna je my\u0107 w ciep\u0142ej wodzie z myd\u0142em.<\/p>\n<p><strong>Zalety:<\/strong><\/p>\n<p>Korekcja u\u0142o\u017cenia palc\u00f3w.<\/p>\n<p>Likwidacja haluks\u00f3w.<\/p>\n<p>Problemy st\u00f3p: zachodz\u0105ce palce<\/p>\n<p>&nbsp;<\/p>\n<p>&nbsp;<\/p>\n<div style=\"padding: 50% 0 0 0; position: relative;\"><iframe style=\"position: absolute; top: 0; left: 0; width: 100%; height: 100%;\" title=\"Separatory st&amp;oacute;p\" src=\"https:\/\/player.vimeo.com\/video\/656760335?h=a4439dff82&amp;badge=0&amp;autopause=0&amp;player_id=0&amp;app_id=58479\" frameborder=\"0\" allowfullscreen=\"allowfullscreen\"><\/iframe><\/div>\n<p><script src=\"https:\/\/player.vimeo.com\/api\/player.js\"><\/script><\/p>\n<p><iframe loading=\"lazy\" title=\"Separator palc\u00f3w\" src=\"https:\/\/player.vimeo.com\/video\/436513862?h=5997f7086d&amp;dnt=1&amp;app_id=122963\" width=\"540\" height=\"960\" frameborder=\"0\" allow=\"autoplay; fullscreen; picture-in-picture; clipboard-write; encrypted-media; web-share\" referrerpolicy=\"strict-origin-when-cross-origin\"><\/iframe><\/p>\n","protected":false},"excerpt":{"rendered":"<p>Separatory palc\u00f3w stopy (2 sztuki) Zak\u0142adane na wszystkie palce\u00a0stopy. Pomagaj\u0105 w skorygowaniu u\u0142o\u017cenia palc\u00f3w. Wykonane z\u00a0mi\u0119kkiego i elastycznego silikonu, z \u0142atwo\u015bci\u0105 dopasowuj\u0105 si\u0119 do ka\u017cdej doros\u0142ej stopy. Nie przeszkadzaj\u0105 w chodzeniu, mo\u017cna je nosi\u0107\u00a0ca\u0142y dzie\u0144. Przed za\u0142o\u017ceniem warto posypa\u0107 palce talkiem lub pudrem dla niemowl\u0105t, aby unikn\u0105\u0107 ryzyka odparze\u0144. Mo\u017cna je my\u0107 w ciep\u0142ej wodzie [&hellip;]<\/p>\n","protected":false},"featured_media":12225,"template":"","meta":{"ep_exclude_from_search":false},"product_brand":[],"product_cat":[480,470],"product_tag":[],"class_list":{"0":"post-12218","1":"product","2":"type-product","3":"status-publish","4":"has-post-thumbnail","6":"product_cat-akcesoria","7":"product_cat-akcesoria-dla-pacjenta","8":"product_shipping_class-paczkomat","10":"first","11":"instock","12":"taxable","13":"shipping-taxable","14":"purchasable","15":"product-type-simple"},"yoast_head":"<!-- This site is optimized with the Yoast SEO Premium plugin v26.3 (Yoast SEO v27.4) - https:\/\/yoast.com\/product\/yoast-seo-premium-wordpress\/ -->\n<title>Separator \u017celowy (2 sztuki) - Pro Pedis - Profesjonalnie dla st\u00f3p<\/title>\n<meta name=\"robots\" content=\"index, follow, max-snippet:-1, max-image-preview:large, max-video-preview:-1\" \/>\n<link rel=\"canonical\" href=\"https:\/\/propedis.pl\/sklep\/produkt\/separator-zelowy\/\" \/>\n<meta property=\"og:locale\" content=\"pl_PL\" \/>\n<meta property=\"og:type\" content=\"article\" \/>\n<meta property=\"og:title\" content=\"Separator \u017celowy (2 sztuki)\" \/>\n<meta property=\"og:description\" content=\"Separatory palc\u00f3w stopy (2 sztuki) Zak\u0142adane na wszystkie palce\u00a0stopy. Pomagaj\u0105 w skorygowaniu u\u0142o\u017cenia palc\u00f3w. Wykonane z\u00a0mi\u0119kkiego i elastycznego silikonu, z \u0142atwo\u015bci\u0105 dopasowuj\u0105 si\u0119 do ka\u017cdej doros\u0142ej stopy. Nie przeszkadzaj\u0105 w chodzeniu, mo\u017cna je nosi\u0107\u00a0ca\u0142y dzie\u0144. Przed za\u0142o\u017ceniem warto posypa\u0107 palce talkiem lub pudrem dla niemowl\u0105t, aby unikn\u0105\u0107 ryzyka odparze\u0144. Mo\u017cna je my\u0107 w ciep\u0142ej wodzie [&hellip;]\" \/>\n<meta property=\"og:url\" content=\"https:\/\/propedis.pl\/sklep\/produkt\/separator-zelowy\/\" \/>\n<meta property=\"og:site_name\" content=\"Pro Pedis - Profesjonalnie dla st\u00f3p\" \/>\n<meta property=\"article:modified_time\" content=\"2026-05-06T10:59:38+00:00\" \/>\n<meta property=\"og:image\" content=\"https:\/\/propedis.pl\/sklep\/wp-content\/uploads\/2020\/07\/ce9e12974cc3b7a8ae61fd1d86de.jpg\" \/>\n\t<meta property=\"og:image:width\" content=\"716\" \/>\n\t<meta property=\"og:image:height\" content=\"1024\" \/>\n\t<meta property=\"og:image:type\" content=\"image\/jpeg\" \/>\n<meta name=\"twitter:card\" content=\"summary_large_image\" \/>\n<meta name=\"twitter:label1\" content=\"Szacowany czas czytania\" \/>\n\t<meta name=\"twitter:data1\" content=\"1 minuta\" \/>\n<script type=\"application\/ld+json\" class=\"yoast-schema-graph\">{\"@context\":\"https:\\\/\\\/schema.org\",\"@graph\":[{\"@type\":\"WebPage\",\"@id\":\"https:\\\/\\\/propedis.pl\\\/sklep\\\/produkt\\\/separator-zelowy\\\/\",\"url\":\"https:\\\/\\\/propedis.pl\\\/sklep\\\/produkt\\\/separator-zelowy\\\/\",\"name\":\"Separator \u017celowy (2 sztuki) - Pro Pedis - Profesjonalnie dla st\u00f3p\",\"isPartOf\":{\"@id\":\"https:\\\/\\\/propedis.pl\\\/sklep\\\/#website\"},\"primaryImageOfPage\":{\"@id\":\"https:\\\/\\\/propedis.pl\\\/sklep\\\/produkt\\\/separator-zelowy\\\/#primaryimage\"},\"image\":{\"@id\":\"https:\\\/\\\/propedis.pl\\\/sklep\\\/produkt\\\/separator-zelowy\\\/#primaryimage\"},\"thumbnailUrl\":\"https:\\\/\\\/propedis.pl\\\/sklep\\\/wp-content\\\/uploads\\\/2020\\\/07\\\/ce9e12974cc3b7a8ae61fd1d86de.jpg\",\"datePublished\":\"2020-07-09T13:06:24+00:00\",\"dateModified\":\"2026-05-06T10:59:38+00:00\",\"breadcrumb\":{\"@id\":\"https:\\\/\\\/propedis.pl\\\/sklep\\\/produkt\\\/separator-zelowy\\\/#breadcrumb\"},\"inLanguage\":\"pl-PL\",\"potentialAction\":[{\"@type\":\"ReadAction\",\"target\":[\"https:\\\/\\\/propedis.pl\\\/sklep\\\/produkt\\\/separator-zelowy\\\/\"]}]},{\"@type\":\"ImageObject\",\"inLanguage\":\"pl-PL\",\"@id\":\"https:\\\/\\\/propedis.pl\\\/sklep\\\/produkt\\\/separator-zelowy\\\/#primaryimage\",\"url\":\"https:\\\/\\\/propedis.pl\\\/sklep\\\/wp-content\\\/uploads\\\/2020\\\/07\\\/ce9e12974cc3b7a8ae61fd1d86de.jpg\",\"contentUrl\":\"https:\\\/\\\/propedis.pl\\\/sklep\\\/wp-content\\\/uploads\\\/2020\\\/07\\\/ce9e12974cc3b7a8ae61fd1d86de.jpg\",\"width\":716,\"height\":1024},{\"@type\":\"BreadcrumbList\",\"@id\":\"https:\\\/\\\/propedis.pl\\\/sklep\\\/produkt\\\/separator-zelowy\\\/#breadcrumb\",\"itemListElement\":[{\"@type\":\"ListItem\",\"position\":1,\"name\":\"Strona g\u0142\u00f3wna\",\"item\":\"https:\\\/\\\/propedis.pl\\\/sklep\\\/\"},{\"@type\":\"ListItem\",\"position\":2,\"name\":\"Sklep\",\"item\":\"https:\\\/\\\/propedis.pl\\\/sklep\\\/produkty\\\/\"},{\"@type\":\"ListItem\",\"position\":3,\"name\":\"Akcesoria dla pacjenta\",\"item\":\"https:\\\/\\\/propedis.pl\\\/sklep\\\/kategoria-produktu\\\/akcesoria-dla-pacjenta\\\/\"},{\"@type\":\"ListItem\",\"position\":4,\"name\":\"Akcesoria\",\"item\":\"https:\\\/\\\/propedis.pl\\\/sklep\\\/kategoria-produktu\\\/akcesoria-dla-pacjenta\\\/akcesoria\\\/\"},{\"@type\":\"ListItem\",\"position\":5,\"name\":\"Separator \u017celowy (2 sztuki)\"}]},{\"@type\":\"WebSite\",\"@id\":\"https:\\\/\\\/propedis.pl\\\/sklep\\\/#website\",\"url\":\"https:\\\/\\\/propedis.pl\\\/sklep\\\/\",\"name\":\"Pro Pedis - Profesjonalnie dla st\u00f3p\",\"description\":\"\",\"potentialAction\":[{\"@type\":\"SearchAction\",\"target\":{\"@type\":\"EntryPoint\",\"urlTemplate\":\"https:\\\/\\\/propedis.pl\\\/sklep\\\/?s={search_term_string}\"},\"query-input\":{\"@type\":\"PropertyValueSpecification\",\"valueRequired\":true,\"valueName\":\"search_term_string\"}}],\"inLanguage\":\"pl-PL\"}]}<\/script>\n<!-- \/ Yoast SEO Premium plugin. -->","yoast_head_json":{"title":"Separator \u017celowy (2 sztuki) - Pro Pedis - Profesjonalnie dla st\u00f3p","robots":{"index":"index","follow":"follow","max-snippet":"max-snippet:-1","max-image-preview":"max-image-preview:large","max-video-preview":"max-video-preview:-1"},"canonical":"https:\/\/propedis.pl\/sklep\/produkt\/separator-zelowy\/","og_locale":"pl_PL","og_type":"article","og_title":"Separator \u017celowy (2 sztuki)","og_description":"Separatory palc\u00f3w stopy (2 sztuki) Zak\u0142adane na wszystkie palce\u00a0stopy. Pomagaj\u0105 w skorygowaniu u\u0142o\u017cenia palc\u00f3w. Wykonane z\u00a0mi\u0119kkiego i elastycznego silikonu, z \u0142atwo\u015bci\u0105 dopasowuj\u0105 si\u0119 do ka\u017cdej doros\u0142ej stopy. Nie przeszkadzaj\u0105 w chodzeniu, mo\u017cna je nosi\u0107\u00a0ca\u0142y dzie\u0144. Przed za\u0142o\u017ceniem warto posypa\u0107 palce talkiem lub pudrem dla niemowl\u0105t, aby unikn\u0105\u0107 ryzyka odparze\u0144. Mo\u017cna je my\u0107 w ciep\u0142ej wodzie [&hellip;]","og_url":"https:\/\/propedis.pl\/sklep\/produkt\/separator-zelowy\/","og_site_name":"Pro Pedis - Profesjonalnie dla st\u00f3p","article_modified_time":"2026-05-06T10:59:38+00:00","og_image":[{"width":716,"height":1024,"url":"https:\/\/propedis.pl\/sklep\/wp-content\/uploads\/2020\/07\/ce9e12974cc3b7a8ae61fd1d86de.jpg","type":"image\/jpeg"}],"twitter_card":"summary_large_image","twitter_misc":{"Szacowany czas czytania":"1 minuta"},"schema":{"@context":"https:\/\/schema.org","@graph":[{"@type":"WebPage","@id":"https:\/\/propedis.pl\/sklep\/produkt\/separator-zelowy\/","url":"https:\/\/propedis.pl\/sklep\/produkt\/separator-zelowy\/","name":"Separator \u017celowy (2 sztuki) - Pro Pedis - Profesjonalnie dla st\u00f3p","isPartOf":{"@id":"https:\/\/propedis.pl\/sklep\/#website"},"primaryImageOfPage":{"@id":"https:\/\/propedis.pl\/sklep\/produkt\/separator-zelowy\/#primaryimage"},"image":{"@id":"https:\/\/propedis.pl\/sklep\/produkt\/separator-zelowy\/#primaryimage"},"thumbnailUrl":"https:\/\/propedis.pl\/sklep\/wp-content\/uploads\/2020\/07\/ce9e12974cc3b7a8ae61fd1d86de.jpg","datePublished":"2020-07-09T13:06:24+00:00","dateModified":"2026-05-06T10:59:38+00:00","breadcrumb":{"@id":"https:\/\/propedis.pl\/sklep\/produkt\/separator-zelowy\/#breadcrumb"},"inLanguage":"pl-PL","potentialAction":[{"@type":"ReadAction","target":["https:\/\/propedis.pl\/sklep\/produkt\/separator-zelowy\/"]}]},{"@type":"ImageObject","inLanguage":"pl-PL","@id":"https:\/\/propedis.pl\/sklep\/produkt\/separator-zelowy\/#primaryimage","url":"https:\/\/propedis.pl\/sklep\/wp-content\/uploads\/2020\/07\/ce9e12974cc3b7a8ae61fd1d86de.jpg","contentUrl":"https:\/\/propedis.pl\/sklep\/wp-content\/uploads\/2020\/07\/ce9e12974cc3b7a8ae61fd1d86de.jpg","width":716,"height":1024},{"@type":"BreadcrumbList","@id":"https:\/\/propedis.pl\/sklep\/produkt\/separator-zelowy\/#breadcrumb","itemListElement":[{"@type":"ListItem","position":1,"name":"Strona g\u0142\u00f3wna","item":"https:\/\/propedis.pl\/sklep\/"},{"@type":"ListItem","position":2,"name":"Sklep","item":"https:\/\/propedis.pl\/sklep\/produkty\/"},{"@type":"ListItem","position":3,"name":"Akcesoria dla pacjenta","item":"https:\/\/propedis.pl\/sklep\/kategoria-produktu\/akcesoria-dla-pacjenta\/"},{"@type":"ListItem","position":4,"name":"Akcesoria","item":"https:\/\/propedis.pl\/sklep\/kategoria-produktu\/akcesoria-dla-pacjenta\/akcesoria\/"},{"@type":"ListItem","position":5,"name":"Separator \u017celowy (2 sztuki)"}]},{"@type":"WebSite","@id":"https:\/\/propedis.pl\/sklep\/#website","url":"https:\/\/propedis.pl\/sklep\/","name":"Pro Pedis - Profesjonalnie dla st\u00f3p","description":"","potentialAction":[{"@type":"SearchAction","target":{"@type":"EntryPoint","urlTemplate":"https:\/\/propedis.pl\/sklep\/?s={search_term_string}"},"query-input":{"@type":"PropertyValueSpecification","valueRequired":true,"valueName":"search_term_string"}}],"inLanguage":"pl-PL"}]}},"_links":{"self":[{"href":"https:\/\/propedis.pl\/sklep\/wp-json\/wp\/v2\/product\/12218","targetHints":{"allow":["GET"]}}],"collection":[{"href":"https:\/\/propedis.pl\/sklep\/wp-json\/wp\/v2\/product"}],"about":[{"href":"https:\/\/propedis.pl\/sklep\/wp-json\/wp\/v2\/types\/product"}],"wp:featuredmedia":[{"embeddable":true,"href":"https:\/\/propedis.pl\/sklep\/wp-json\/wp\/v2\/media\/12225"}],"wp:attachment":[{"href":"https:\/\/propedis.pl\/sklep\/wp-json\/wp\/v2\/media?parent=12218"}],"wp:term":[{"taxonomy":"product_brand","embeddable":true,"href":"https:\/\/propedis.pl\/sklep\/wp-json\/wp\/v2\/product_brand?post=12218"},{"taxonomy":"product_cat","embeddable":true,"href":"https:\/\/propedis.pl\/sklep\/wp-json\/wp\/v2\/product_cat?post=12218"},{"taxonomy":"product_tag","embeddable":true,"href":"https:\/\/propedis.pl\/sklep\/wp-json\/wp\/v2\/product_tag?post=12218"}],"curies":[{"name":"wp","href":"https:\/\/api.w.org\/{rel}","templated":true}]}}