{"id":1599,"date":"2020-01-23T13:37:55","date_gmt":"2020-01-23T12:37:55","guid":{"rendered":"https:\/\/propedis.pl\/sklep\/?post_type=product&#038;p=1599"},"modified":"2026-04-23T14:16:40","modified_gmt":"2026-04-23T12:16:40","slug":"eva-light-arkusz-r-56-x-100-cm","status":"publish","type":"product","link":"https:\/\/propedis.pl\/sklep\/produkt\/eva-light-arkusz-r-56-x-100-cm\/","title":{"rendered":"EVA LIGHT"},"content":{"rendered":"<p><span style=\"font-weight: 400;\">Lekka i wytrzyma\u0142a pianka EVA idealna do wykonania element\u00f3w koryguj\u0105cych. \u0141atwa w obr\u00f3bce. Dla pacjent\u00f3w &lt;75kg, dla dzieci i kobiet, gdy potrzebujesz korekcji, kt\u00f3ra b\u0119dzie bardziej elastyczna i dynamiczna. Do korekcji chodu go\u0142\u0119biego, ko\u015blawo\u015bci, szpotawo\u015bci, jako podpi\u0119tki stabilizuj\u0105ce. Sprawdza si\u0119, jako elastyczna podpi\u0119tka w terapii ostrogi pi\u0119towej i zapalenia \u015bci\u0119gna Achillesa. <\/span><\/p>\n<p><span style=\"font-weight: 400;\">Wymiary 56 x 100 cm<\/span><\/p>\n<p>&nbsp;<\/p>\n","protected":false},"excerpt":{"rendered":"<p>Lekka i wytrzyma\u0142a pianka EVA idealna do wykonania element\u00f3w koryguj\u0105cych. \u0141atwa w obr\u00f3bce. Dla pacjent\u00f3w &lt;75kg, dla dzieci i kobiet, gdy potrzebujesz korekcji, kt\u00f3ra b\u0119dzie bardziej elastyczna i dynamiczna. Do korekcji chodu go\u0142\u0119biego, ko\u015blawo\u015bci, szpotawo\u015bci, jako podpi\u0119tki stabilizuj\u0105ce. Sprawdza si\u0119, jako elastyczna podpi\u0119tka w terapii ostrogi pi\u0119towej i zapalenia \u015bci\u0119gna Achillesa. Wymiary 56 x 100 [&hellip;]<\/p>\n","protected":false},"featured_media":6609,"template":"","meta":{"ep_exclude_from_search":false},"product_brand":[],"product_cat":[405,406],"product_tag":[],"class_list":{"0":"post-1599","1":"product","2":"type-product","3":"status-publish","4":"has-post-thumbnail","6":"product_cat-materialy-i-elementy-korygujace","7":"product_cat-materialy-komfortowe","8":"pa_grubosc-103","9":"pa_grubosc-104","10":"pa_grubosc-99","11":"pa_grubosc-7-5","12":"pa_kolor-pomaranczowy","13":"pa_kolor-szary","15":"first","16":"instock","17":"taxable","18":"shipping-taxable","19":"purchasable","20":"product-type-variable"},"yoast_head":"<!-- This site is optimized with the Yoast SEO Premium plugin v26.3 (Yoast SEO v27.4) - https:\/\/yoast.com\/product\/yoast-seo-premium-wordpress\/ -->\n<title>EVA LIGHT - Pro Pedis - Profesjonalnie dla st\u00f3p<\/title>\n<meta name=\"robots\" content=\"index, follow, max-snippet:-1, max-image-preview:large, max-video-preview:-1\" \/>\n<link rel=\"canonical\" href=\"https:\/\/propedis.pl\/sklep\/produkt\/eva-light-arkusz-r-56-x-100-cm\/\" \/>\n<meta property=\"og:locale\" content=\"pl_PL\" \/>\n<meta property=\"og:type\" content=\"article\" \/>\n<meta property=\"og:title\" content=\"EVA LIGHT\" \/>\n<meta property=\"og:description\" content=\"Lekka i wytrzyma\u0142a pianka EVA idealna do wykonania element\u00f3w koryguj\u0105cych. \u0141atwa w obr\u00f3bce. Dla pacjent\u00f3w &lt;75kg, dla dzieci i kobiet, gdy potrzebujesz korekcji, kt\u00f3ra b\u0119dzie bardziej elastyczna i dynamiczna. Do korekcji chodu go\u0142\u0119biego, ko\u015blawo\u015bci, szpotawo\u015bci, jako podpi\u0119tki stabilizuj\u0105ce. Sprawdza si\u0119, jako elastyczna podpi\u0119tka w terapii ostrogi pi\u0119towej i zapalenia \u015bci\u0119gna Achillesa. Wymiary 56 x 100 [&hellip;]\" \/>\n<meta property=\"og:url\" content=\"https:\/\/propedis.pl\/sklep\/produkt\/eva-light-arkusz-r-56-x-100-cm\/\" \/>\n<meta property=\"og:site_name\" content=\"Pro Pedis - Profesjonalnie dla st\u00f3p\" \/>\n<meta property=\"article:modified_time\" content=\"2026-04-23T12:16:40+00:00\" \/>\n<meta property=\"og:image\" content=\"https:\/\/propedis.pl\/sklep\/wp-content\/uploads\/2020\/01\/6707.jpg\" \/>\n\t<meta property=\"og:image:width\" content=\"600\" \/>\n\t<meta property=\"og:image:height\" content=\"600\" \/>\n\t<meta property=\"og:image:type\" content=\"image\/jpeg\" \/>\n<meta name=\"twitter:card\" content=\"summary_large_image\" \/>\n<meta name=\"twitter:label1\" content=\"Szacowany czas czytania\" \/>\n\t<meta name=\"twitter:data1\" content=\"1 minuta\" \/>\n<script type=\"application\/ld+json\" class=\"yoast-schema-graph\">{\"@context\":\"https:\\\/\\\/schema.org\",\"@graph\":[{\"@type\":\"WebPage\",\"@id\":\"https:\\\/\\\/propedis.pl\\\/sklep\\\/produkt\\\/eva-light-arkusz-r-56-x-100-cm\\\/\",\"url\":\"https:\\\/\\\/propedis.pl\\\/sklep\\\/produkt\\\/eva-light-arkusz-r-56-x-100-cm\\\/\",\"name\":\"EVA LIGHT - Pro Pedis - Profesjonalnie dla st\u00f3p\",\"isPartOf\":{\"@id\":\"https:\\\/\\\/propedis.pl\\\/sklep\\\/#website\"},\"primaryImageOfPage\":{\"@id\":\"https:\\\/\\\/propedis.pl\\\/sklep\\\/produkt\\\/eva-light-arkusz-r-56-x-100-cm\\\/#primaryimage\"},\"image\":{\"@id\":\"https:\\\/\\\/propedis.pl\\\/sklep\\\/produkt\\\/eva-light-arkusz-r-56-x-100-cm\\\/#primaryimage\"},\"thumbnailUrl\":\"https:\\\/\\\/propedis.pl\\\/sklep\\\/wp-content\\\/uploads\\\/2020\\\/01\\\/6707.jpg\",\"datePublished\":\"2020-01-23T12:37:55+00:00\",\"dateModified\":\"2026-04-23T12:16:40+00:00\",\"breadcrumb\":{\"@id\":\"https:\\\/\\\/propedis.pl\\\/sklep\\\/produkt\\\/eva-light-arkusz-r-56-x-100-cm\\\/#breadcrumb\"},\"inLanguage\":\"pl-PL\",\"potentialAction\":[{\"@type\":\"ReadAction\",\"target\":[\"https:\\\/\\\/propedis.pl\\\/sklep\\\/produkt\\\/eva-light-arkusz-r-56-x-100-cm\\\/\"]}]},{\"@type\":\"ImageObject\",\"inLanguage\":\"pl-PL\",\"@id\":\"https:\\\/\\\/propedis.pl\\\/sklep\\\/produkt\\\/eva-light-arkusz-r-56-x-100-cm\\\/#primaryimage\",\"url\":\"https:\\\/\\\/propedis.pl\\\/sklep\\\/wp-content\\\/uploads\\\/2020\\\/01\\\/6707.jpg\",\"contentUrl\":\"https:\\\/\\\/propedis.pl\\\/sklep\\\/wp-content\\\/uploads\\\/2020\\\/01\\\/6707.jpg\",\"width\":600,\"height\":600},{\"@type\":\"BreadcrumbList\",\"@id\":\"https:\\\/\\\/propedis.pl\\\/sklep\\\/produkt\\\/eva-light-arkusz-r-56-x-100-cm\\\/#breadcrumb\",\"itemListElement\":[{\"@type\":\"ListItem\",\"position\":1,\"name\":\"Strona g\u0142\u00f3wna\",\"item\":\"https:\\\/\\\/propedis.pl\\\/sklep\\\/\"},{\"@type\":\"ListItem\",\"position\":2,\"name\":\"Sklep\",\"item\":\"https:\\\/\\\/propedis.pl\\\/sklep\\\/produkty\\\/\"},{\"@type\":\"ListItem\",\"position\":3,\"name\":\"Materia\u0142y i elementy koryguj\u0105ce\",\"item\":\"https:\\\/\\\/propedis.pl\\\/sklep\\\/kategoria-produktu\\\/materialy-i-elementy-korygujace\\\/\"},{\"@type\":\"ListItem\",\"position\":4,\"name\":\"Materia\u0142y komfortowe\",\"item\":\"https:\\\/\\\/propedis.pl\\\/sklep\\\/kategoria-produktu\\\/materialy-i-elementy-korygujace\\\/materialy-komfortowe\\\/\"},{\"@type\":\"ListItem\",\"position\":5,\"name\":\"EVA LIGHT\"}]},{\"@type\":\"WebSite\",\"@id\":\"https:\\\/\\\/propedis.pl\\\/sklep\\\/#website\",\"url\":\"https:\\\/\\\/propedis.pl\\\/sklep\\\/\",\"name\":\"Pro Pedis - Profesjonalnie dla st\u00f3p\",\"description\":\"\",\"potentialAction\":[{\"@type\":\"SearchAction\",\"target\":{\"@type\":\"EntryPoint\",\"urlTemplate\":\"https:\\\/\\\/propedis.pl\\\/sklep\\\/?s={search_term_string}\"},\"query-input\":{\"@type\":\"PropertyValueSpecification\",\"valueRequired\":true,\"valueName\":\"search_term_string\"}}],\"inLanguage\":\"pl-PL\"}]}<\/script>\n<!-- \/ Yoast SEO Premium plugin. -->","yoast_head_json":{"title":"EVA LIGHT - Pro Pedis - Profesjonalnie dla st\u00f3p","robots":{"index":"index","follow":"follow","max-snippet":"max-snippet:-1","max-image-preview":"max-image-preview:large","max-video-preview":"max-video-preview:-1"},"canonical":"https:\/\/propedis.pl\/sklep\/produkt\/eva-light-arkusz-r-56-x-100-cm\/","og_locale":"pl_PL","og_type":"article","og_title":"EVA LIGHT","og_description":"Lekka i wytrzyma\u0142a pianka EVA idealna do wykonania element\u00f3w koryguj\u0105cych. \u0141atwa w obr\u00f3bce. Dla pacjent\u00f3w &lt;75kg, dla dzieci i kobiet, gdy potrzebujesz korekcji, kt\u00f3ra b\u0119dzie bardziej elastyczna i dynamiczna. Do korekcji chodu go\u0142\u0119biego, ko\u015blawo\u015bci, szpotawo\u015bci, jako podpi\u0119tki stabilizuj\u0105ce. Sprawdza si\u0119, jako elastyczna podpi\u0119tka w terapii ostrogi pi\u0119towej i zapalenia \u015bci\u0119gna Achillesa. Wymiary 56 x 100 [&hellip;]","og_url":"https:\/\/propedis.pl\/sklep\/produkt\/eva-light-arkusz-r-56-x-100-cm\/","og_site_name":"Pro Pedis - Profesjonalnie dla st\u00f3p","article_modified_time":"2026-04-23T12:16:40+00:00","og_image":[{"width":600,"height":600,"url":"https:\/\/propedis.pl\/sklep\/wp-content\/uploads\/2020\/01\/6707.jpg","type":"image\/jpeg"}],"twitter_card":"summary_large_image","twitter_misc":{"Szacowany czas czytania":"1 minuta"},"schema":{"@context":"https:\/\/schema.org","@graph":[{"@type":"WebPage","@id":"https:\/\/propedis.pl\/sklep\/produkt\/eva-light-arkusz-r-56-x-100-cm\/","url":"https:\/\/propedis.pl\/sklep\/produkt\/eva-light-arkusz-r-56-x-100-cm\/","name":"EVA LIGHT - Pro Pedis - Profesjonalnie dla st\u00f3p","isPartOf":{"@id":"https:\/\/propedis.pl\/sklep\/#website"},"primaryImageOfPage":{"@id":"https:\/\/propedis.pl\/sklep\/produkt\/eva-light-arkusz-r-56-x-100-cm\/#primaryimage"},"image":{"@id":"https:\/\/propedis.pl\/sklep\/produkt\/eva-light-arkusz-r-56-x-100-cm\/#primaryimage"},"thumbnailUrl":"https:\/\/propedis.pl\/sklep\/wp-content\/uploads\/2020\/01\/6707.jpg","datePublished":"2020-01-23T12:37:55+00:00","dateModified":"2026-04-23T12:16:40+00:00","breadcrumb":{"@id":"https:\/\/propedis.pl\/sklep\/produkt\/eva-light-arkusz-r-56-x-100-cm\/#breadcrumb"},"inLanguage":"pl-PL","potentialAction":[{"@type":"ReadAction","target":["https:\/\/propedis.pl\/sklep\/produkt\/eva-light-arkusz-r-56-x-100-cm\/"]}]},{"@type":"ImageObject","inLanguage":"pl-PL","@id":"https:\/\/propedis.pl\/sklep\/produkt\/eva-light-arkusz-r-56-x-100-cm\/#primaryimage","url":"https:\/\/propedis.pl\/sklep\/wp-content\/uploads\/2020\/01\/6707.jpg","contentUrl":"https:\/\/propedis.pl\/sklep\/wp-content\/uploads\/2020\/01\/6707.jpg","width":600,"height":600},{"@type":"BreadcrumbList","@id":"https:\/\/propedis.pl\/sklep\/produkt\/eva-light-arkusz-r-56-x-100-cm\/#breadcrumb","itemListElement":[{"@type":"ListItem","position":1,"name":"Strona g\u0142\u00f3wna","item":"https:\/\/propedis.pl\/sklep\/"},{"@type":"ListItem","position":2,"name":"Sklep","item":"https:\/\/propedis.pl\/sklep\/produkty\/"},{"@type":"ListItem","position":3,"name":"Materia\u0142y i elementy koryguj\u0105ce","item":"https:\/\/propedis.pl\/sklep\/kategoria-produktu\/materialy-i-elementy-korygujace\/"},{"@type":"ListItem","position":4,"name":"Materia\u0142y komfortowe","item":"https:\/\/propedis.pl\/sklep\/kategoria-produktu\/materialy-i-elementy-korygujace\/materialy-komfortowe\/"},{"@type":"ListItem","position":5,"name":"EVA LIGHT"}]},{"@type":"WebSite","@id":"https:\/\/propedis.pl\/sklep\/#website","url":"https:\/\/propedis.pl\/sklep\/","name":"Pro Pedis - Profesjonalnie dla st\u00f3p","description":"","potentialAction":[{"@type":"SearchAction","target":{"@type":"EntryPoint","urlTemplate":"https:\/\/propedis.pl\/sklep\/?s={search_term_string}"},"query-input":{"@type":"PropertyValueSpecification","valueRequired":true,"valueName":"search_term_string"}}],"inLanguage":"pl-PL"}]}},"_links":{"self":[{"href":"https:\/\/propedis.pl\/sklep\/wp-json\/wp\/v2\/product\/1599","targetHints":{"allow":["GET"]}}],"collection":[{"href":"https:\/\/propedis.pl\/sklep\/wp-json\/wp\/v2\/product"}],"about":[{"href":"https:\/\/propedis.pl\/sklep\/wp-json\/wp\/v2\/types\/product"}],"wp:featuredmedia":[{"embeddable":true,"href":"https:\/\/propedis.pl\/sklep\/wp-json\/wp\/v2\/media\/6609"}],"wp:attachment":[{"href":"https:\/\/propedis.pl\/sklep\/wp-json\/wp\/v2\/media?parent=1599"}],"wp:term":[{"taxonomy":"product_brand","embeddable":true,"href":"https:\/\/propedis.pl\/sklep\/wp-json\/wp\/v2\/product_brand?post=1599"},{"taxonomy":"product_cat","embeddable":true,"href":"https:\/\/propedis.pl\/sklep\/wp-json\/wp\/v2\/product_cat?post=1599"},{"taxonomy":"product_tag","embeddable":true,"href":"https:\/\/propedis.pl\/sklep\/wp-json\/wp\/v2\/product_tag?post=1599"}],"curies":[{"name":"wp","href":"https:\/\/api.w.org\/{rel}","templated":true}]}}