{"id":1617,"date":"2020-01-23T13:37:55","date_gmt":"2020-01-23T12:37:55","guid":{"rendered":"https:\/\/propedis.pl\/sklep\/?post_type=product&#038;p=1617"},"modified":"2025-12-11T17:02:35","modified_gmt":"2025-12-11T16:02:35","slug":"marilon-kolor-zielony-90-x-60-cm","status":"publish","type":"product","link":"https:\/\/propedis.pl\/sklep\/produkt\/marilon-kolor-zielony-90-x-60-cm\/","title":{"rendered":"MARILON kolor ZIELONY"},"content":{"rendered":"<p><span style=\"font-weight: 400;\">Elastyczny i wygodny, lecz wytrzyma\u0142y materia\u0142 \u2013 pianka EVA, kt\u00f3ra znakomicie sprawdza si\u0119 jako baza we wk\u0142adkach sportowych. R\u00f3wnie\u017c, gdy potrzebujesz korekcji, kt\u00f3ra b\u0119dzie bardziej elastyczna i dynamiczna. Do korekcji chodu go\u0142\u0119biego, ko\u015blawo\u015bci, szpotawo\u015bci, jako podpi\u0119tki stabilizuj\u0105ce. Sprawdza si\u0119, jako elastyczna podpi\u0119tka w terapii ostrogi pi\u0119towej i zapalenia \u015bci\u0119gna Achillesa. <\/span><\/p>\n<p><span style=\"font-weight: 400;\">Wymiary 90 x 60 cm.<\/span><\/p>\n<p>&nbsp;<\/p>\n","protected":false},"excerpt":{"rendered":"<p>Elastyczny i wygodny, lecz wytrzyma\u0142y materia\u0142 \u2013 pianka EVA, kt\u00f3ra znakomicie sprawdza si\u0119 jako baza we wk\u0142adkach sportowych. R\u00f3wnie\u017c, gdy potrzebujesz korekcji, kt\u00f3ra b\u0119dzie bardziej elastyczna i dynamiczna. Do korekcji chodu go\u0142\u0119biego, ko\u015blawo\u015bci, szpotawo\u015bci, jako podpi\u0119tki stabilizuj\u0105ce. Sprawdza si\u0119, jako elastyczna podpi\u0119tka w terapii ostrogi pi\u0119towej i zapalenia \u015bci\u0119gna Achillesa. Wymiary 90 x 60 cm. [&hellip;]<\/p>\n","protected":false},"featured_media":2223,"template":"","meta":{"ep_exclude_from_search":false},"product_brand":[],"product_cat":[406],"product_tag":[],"class_list":{"0":"post-1617","1":"product","2":"type-product","3":"status-publish","4":"has-post-thumbnail","6":"product_cat-materialy-komfortowe","7":"pa_grubosc-87","9":"first","10":"onbackorder","11":"taxable","12":"shipping-taxable","13":"purchasable","14":"product-type-simple"},"yoast_head":"<!-- This site is optimized with the Yoast SEO Premium plugin v26.3 (Yoast SEO v27.4) - https:\/\/yoast.com\/product\/yoast-seo-premium-wordpress\/ -->\n<title>MARILON kolor ZIELONY - Pro Pedis - Profesjonalnie dla st\u00f3p<\/title>\n<meta name=\"robots\" content=\"index, follow, max-snippet:-1, max-image-preview:large, max-video-preview:-1\" \/>\n<link rel=\"canonical\" href=\"https:\/\/propedis.pl\/sklep\/produkt\/marilon-kolor-zielony-90-x-60-cm\/\" \/>\n<meta property=\"og:locale\" content=\"pl_PL\" \/>\n<meta property=\"og:type\" content=\"article\" \/>\n<meta property=\"og:title\" content=\"MARILON kolor ZIELONY\" \/>\n<meta property=\"og:description\" content=\"Elastyczny i wygodny, lecz wytrzyma\u0142y materia\u0142 \u2013 pianka EVA, kt\u00f3ra znakomicie sprawdza si\u0119 jako baza we wk\u0142adkach sportowych. R\u00f3wnie\u017c, gdy potrzebujesz korekcji, kt\u00f3ra b\u0119dzie bardziej elastyczna i dynamiczna. Do korekcji chodu go\u0142\u0119biego, ko\u015blawo\u015bci, szpotawo\u015bci, jako podpi\u0119tki stabilizuj\u0105ce. Sprawdza si\u0119, jako elastyczna podpi\u0119tka w terapii ostrogi pi\u0119towej i zapalenia \u015bci\u0119gna Achillesa. Wymiary 90 x 60 cm. [&hellip;]\" \/>\n<meta property=\"og:url\" content=\"https:\/\/propedis.pl\/sklep\/produkt\/marilon-kolor-zielony-90-x-60-cm\/\" \/>\n<meta property=\"og:site_name\" content=\"Pro Pedis - Profesjonalnie dla st\u00f3p\" \/>\n<meta property=\"article:modified_time\" content=\"2025-12-11T16:02:35+00:00\" \/>\n<meta property=\"og:image\" content=\"https:\/\/propedis.pl\/sklep\/wp-content\/uploads\/2020\/01\/7716-Marilon.jpg\" \/>\n\t<meta property=\"og:image:width\" content=\"1660\" \/>\n\t<meta property=\"og:image:height\" content=\"1080\" \/>\n\t<meta property=\"og:image:type\" content=\"image\/jpeg\" \/>\n<meta name=\"twitter:card\" content=\"summary_large_image\" \/>\n<meta name=\"twitter:label1\" content=\"Szacowany czas czytania\" \/>\n\t<meta name=\"twitter:data1\" content=\"1 minuta\" \/>\n<script type=\"application\/ld+json\" class=\"yoast-schema-graph\">{\"@context\":\"https:\\\/\\\/schema.org\",\"@graph\":[{\"@type\":\"WebPage\",\"@id\":\"https:\\\/\\\/propedis.pl\\\/sklep\\\/produkt\\\/marilon-kolor-zielony-90-x-60-cm\\\/\",\"url\":\"https:\\\/\\\/propedis.pl\\\/sklep\\\/produkt\\\/marilon-kolor-zielony-90-x-60-cm\\\/\",\"name\":\"MARILON kolor ZIELONY - Pro Pedis - Profesjonalnie dla st\u00f3p\",\"isPartOf\":{\"@id\":\"https:\\\/\\\/propedis.pl\\\/sklep\\\/#website\"},\"primaryImageOfPage\":{\"@id\":\"https:\\\/\\\/propedis.pl\\\/sklep\\\/produkt\\\/marilon-kolor-zielony-90-x-60-cm\\\/#primaryimage\"},\"image\":{\"@id\":\"https:\\\/\\\/propedis.pl\\\/sklep\\\/produkt\\\/marilon-kolor-zielony-90-x-60-cm\\\/#primaryimage\"},\"thumbnailUrl\":\"https:\\\/\\\/propedis.pl\\\/sklep\\\/wp-content\\\/uploads\\\/2020\\\/01\\\/7716-Marilon.jpg\",\"datePublished\":\"2020-01-23T12:37:55+00:00\",\"dateModified\":\"2025-12-11T16:02:35+00:00\",\"breadcrumb\":{\"@id\":\"https:\\\/\\\/propedis.pl\\\/sklep\\\/produkt\\\/marilon-kolor-zielony-90-x-60-cm\\\/#breadcrumb\"},\"inLanguage\":\"pl-PL\",\"potentialAction\":[{\"@type\":\"ReadAction\",\"target\":[\"https:\\\/\\\/propedis.pl\\\/sklep\\\/produkt\\\/marilon-kolor-zielony-90-x-60-cm\\\/\"]}]},{\"@type\":\"ImageObject\",\"inLanguage\":\"pl-PL\",\"@id\":\"https:\\\/\\\/propedis.pl\\\/sklep\\\/produkt\\\/marilon-kolor-zielony-90-x-60-cm\\\/#primaryimage\",\"url\":\"https:\\\/\\\/propedis.pl\\\/sklep\\\/wp-content\\\/uploads\\\/2020\\\/01\\\/7716-Marilon.jpg\",\"contentUrl\":\"https:\\\/\\\/propedis.pl\\\/sklep\\\/wp-content\\\/uploads\\\/2020\\\/01\\\/7716-Marilon.jpg\",\"width\":1660,\"height\":1080},{\"@type\":\"BreadcrumbList\",\"@id\":\"https:\\\/\\\/propedis.pl\\\/sklep\\\/produkt\\\/marilon-kolor-zielony-90-x-60-cm\\\/#breadcrumb\",\"itemListElement\":[{\"@type\":\"ListItem\",\"position\":1,\"name\":\"Strona g\u0142\u00f3wna\",\"item\":\"https:\\\/\\\/propedis.pl\\\/sklep\\\/\"},{\"@type\":\"ListItem\",\"position\":2,\"name\":\"Sklep\",\"item\":\"https:\\\/\\\/propedis.pl\\\/sklep\\\/produkty\\\/\"},{\"@type\":\"ListItem\",\"position\":3,\"name\":\"Materia\u0142y i elementy koryguj\u0105ce\",\"item\":\"https:\\\/\\\/propedis.pl\\\/sklep\\\/kategoria-produktu\\\/materialy-i-elementy-korygujace\\\/\"},{\"@type\":\"ListItem\",\"position\":4,\"name\":\"Materia\u0142y komfortowe\",\"item\":\"https:\\\/\\\/propedis.pl\\\/sklep\\\/kategoria-produktu\\\/materialy-i-elementy-korygujace\\\/materialy-komfortowe\\\/\"},{\"@type\":\"ListItem\",\"position\":5,\"name\":\"MARILON kolor ZIELONY\"}]},{\"@type\":\"WebSite\",\"@id\":\"https:\\\/\\\/propedis.pl\\\/sklep\\\/#website\",\"url\":\"https:\\\/\\\/propedis.pl\\\/sklep\\\/\",\"name\":\"Pro Pedis - Profesjonalnie dla st\u00f3p\",\"description\":\"\",\"potentialAction\":[{\"@type\":\"SearchAction\",\"target\":{\"@type\":\"EntryPoint\",\"urlTemplate\":\"https:\\\/\\\/propedis.pl\\\/sklep\\\/?s={search_term_string}\"},\"query-input\":{\"@type\":\"PropertyValueSpecification\",\"valueRequired\":true,\"valueName\":\"search_term_string\"}}],\"inLanguage\":\"pl-PL\"}]}<\/script>\n<!-- \/ Yoast SEO Premium plugin. -->","yoast_head_json":{"title":"MARILON kolor ZIELONY - Pro Pedis - Profesjonalnie dla st\u00f3p","robots":{"index":"index","follow":"follow","max-snippet":"max-snippet:-1","max-image-preview":"max-image-preview:large","max-video-preview":"max-video-preview:-1"},"canonical":"https:\/\/propedis.pl\/sklep\/produkt\/marilon-kolor-zielony-90-x-60-cm\/","og_locale":"pl_PL","og_type":"article","og_title":"MARILON kolor ZIELONY","og_description":"Elastyczny i wygodny, lecz wytrzyma\u0142y materia\u0142 \u2013 pianka EVA, kt\u00f3ra znakomicie sprawdza si\u0119 jako baza we wk\u0142adkach sportowych. R\u00f3wnie\u017c, gdy potrzebujesz korekcji, kt\u00f3ra b\u0119dzie bardziej elastyczna i dynamiczna. Do korekcji chodu go\u0142\u0119biego, ko\u015blawo\u015bci, szpotawo\u015bci, jako podpi\u0119tki stabilizuj\u0105ce. Sprawdza si\u0119, jako elastyczna podpi\u0119tka w terapii ostrogi pi\u0119towej i zapalenia \u015bci\u0119gna Achillesa. Wymiary 90 x 60 cm. [&hellip;]","og_url":"https:\/\/propedis.pl\/sklep\/produkt\/marilon-kolor-zielony-90-x-60-cm\/","og_site_name":"Pro Pedis - Profesjonalnie dla st\u00f3p","article_modified_time":"2025-12-11T16:02:35+00:00","og_image":[{"width":1660,"height":1080,"url":"https:\/\/propedis.pl\/sklep\/wp-content\/uploads\/2020\/01\/7716-Marilon.jpg","type":"image\/jpeg"}],"twitter_card":"summary_large_image","twitter_misc":{"Szacowany czas czytania":"1 minuta"},"schema":{"@context":"https:\/\/schema.org","@graph":[{"@type":"WebPage","@id":"https:\/\/propedis.pl\/sklep\/produkt\/marilon-kolor-zielony-90-x-60-cm\/","url":"https:\/\/propedis.pl\/sklep\/produkt\/marilon-kolor-zielony-90-x-60-cm\/","name":"MARILON kolor ZIELONY - Pro Pedis - Profesjonalnie dla st\u00f3p","isPartOf":{"@id":"https:\/\/propedis.pl\/sklep\/#website"},"primaryImageOfPage":{"@id":"https:\/\/propedis.pl\/sklep\/produkt\/marilon-kolor-zielony-90-x-60-cm\/#primaryimage"},"image":{"@id":"https:\/\/propedis.pl\/sklep\/produkt\/marilon-kolor-zielony-90-x-60-cm\/#primaryimage"},"thumbnailUrl":"https:\/\/propedis.pl\/sklep\/wp-content\/uploads\/2020\/01\/7716-Marilon.jpg","datePublished":"2020-01-23T12:37:55+00:00","dateModified":"2025-12-11T16:02:35+00:00","breadcrumb":{"@id":"https:\/\/propedis.pl\/sklep\/produkt\/marilon-kolor-zielony-90-x-60-cm\/#breadcrumb"},"inLanguage":"pl-PL","potentialAction":[{"@type":"ReadAction","target":["https:\/\/propedis.pl\/sklep\/produkt\/marilon-kolor-zielony-90-x-60-cm\/"]}]},{"@type":"ImageObject","inLanguage":"pl-PL","@id":"https:\/\/propedis.pl\/sklep\/produkt\/marilon-kolor-zielony-90-x-60-cm\/#primaryimage","url":"https:\/\/propedis.pl\/sklep\/wp-content\/uploads\/2020\/01\/7716-Marilon.jpg","contentUrl":"https:\/\/propedis.pl\/sklep\/wp-content\/uploads\/2020\/01\/7716-Marilon.jpg","width":1660,"height":1080},{"@type":"BreadcrumbList","@id":"https:\/\/propedis.pl\/sklep\/produkt\/marilon-kolor-zielony-90-x-60-cm\/#breadcrumb","itemListElement":[{"@type":"ListItem","position":1,"name":"Strona g\u0142\u00f3wna","item":"https:\/\/propedis.pl\/sklep\/"},{"@type":"ListItem","position":2,"name":"Sklep","item":"https:\/\/propedis.pl\/sklep\/produkty\/"},{"@type":"ListItem","position":3,"name":"Materia\u0142y i elementy koryguj\u0105ce","item":"https:\/\/propedis.pl\/sklep\/kategoria-produktu\/materialy-i-elementy-korygujace\/"},{"@type":"ListItem","position":4,"name":"Materia\u0142y komfortowe","item":"https:\/\/propedis.pl\/sklep\/kategoria-produktu\/materialy-i-elementy-korygujace\/materialy-komfortowe\/"},{"@type":"ListItem","position":5,"name":"MARILON kolor ZIELONY"}]},{"@type":"WebSite","@id":"https:\/\/propedis.pl\/sklep\/#website","url":"https:\/\/propedis.pl\/sklep\/","name":"Pro Pedis - Profesjonalnie dla st\u00f3p","description":"","potentialAction":[{"@type":"SearchAction","target":{"@type":"EntryPoint","urlTemplate":"https:\/\/propedis.pl\/sklep\/?s={search_term_string}"},"query-input":{"@type":"PropertyValueSpecification","valueRequired":true,"valueName":"search_term_string"}}],"inLanguage":"pl-PL"}]}},"_links":{"self":[{"href":"https:\/\/propedis.pl\/sklep\/wp-json\/wp\/v2\/product\/1617","targetHints":{"allow":["GET"]}}],"collection":[{"href":"https:\/\/propedis.pl\/sklep\/wp-json\/wp\/v2\/product"}],"about":[{"href":"https:\/\/propedis.pl\/sklep\/wp-json\/wp\/v2\/types\/product"}],"wp:featuredmedia":[{"embeddable":true,"href":"https:\/\/propedis.pl\/sklep\/wp-json\/wp\/v2\/media\/2223"}],"wp:attachment":[{"href":"https:\/\/propedis.pl\/sklep\/wp-json\/wp\/v2\/media?parent=1617"}],"wp:term":[{"taxonomy":"product_brand","embeddable":true,"href":"https:\/\/propedis.pl\/sklep\/wp-json\/wp\/v2\/product_brand?post=1617"},{"taxonomy":"product_cat","embeddable":true,"href":"https:\/\/propedis.pl\/sklep\/wp-json\/wp\/v2\/product_cat?post=1617"},{"taxonomy":"product_tag","embeddable":true,"href":"https:\/\/propedis.pl\/sklep\/wp-json\/wp\/v2\/product_tag?post=1617"}],"curies":[{"name":"wp","href":"https:\/\/api.w.org\/{rel}","templated":true}]}}