{"id":1638,"date":"2020-01-23T13:38:03","date_gmt":"2020-01-23T12:38:03","guid":{"rendered":"https:\/\/propedis.pl\/sklep\/?post_type=product&#038;p=1638"},"modified":"2026-04-28T07:29:58","modified_gmt":"2026-04-28T05:29:58","slug":"nora-lunacell-a-eva-arkusz-55-x-85-cm","status":"publish","type":"product","link":"https:\/\/propedis.pl\/sklep\/produkt\/nora-lunacell-a-eva-arkusz-55-x-85-cm\/","title":{"rendered":"NORA LUNACELL A"},"content":{"rendered":"<p><span style=\"font-weight: 400;\">Do wykonania wk\u0142adek koryguj\u0105cych. Wytrzyma\u0142y, elastyczny i bardzo odporny na zginanie. Doskona\u0142y materia\u0142 do wykonania element\u00f3w koryguj\u0105cych \u2013 klin\u00f3w supinuj\u0105cych, pronuj\u0105cych, podpi\u0119tek. Pianka EVA Jest \u0142atwa w obr\u00f3bce, ma dobr\u0105 pami\u0119\u0107 kszta\u0142tu. \u0141atwo daje formowa\u0107 i zapewnia stabilne podparcie. Do korekcji ko\u015blawo\u015bci, szpotawo\u015bci, jako podpi\u0119tki stabilizuj\u0105ce lub wyr\u00f3wnuj\u0105ce asymetrie d\u0142ugo\u015bci ko\u0144czyn. Idealny do podparcia 1-go promienia. <\/span><\/p>\n<p><span style=\"font-weight: 400;\">Wymiary: 54 x 85 cm<\/span><\/p>\n<p>&nbsp;<\/p>\n","protected":false},"excerpt":{"rendered":"<p>Do wykonania wk\u0142adek koryguj\u0105cych. Wytrzyma\u0142y, elastyczny i bardzo odporny na zginanie. Doskona\u0142y materia\u0142 do wykonania element\u00f3w koryguj\u0105cych \u2013 klin\u00f3w supinuj\u0105cych, pronuj\u0105cych, podpi\u0119tek. Pianka EVA Jest \u0142atwa w obr\u00f3bce, ma dobr\u0105 pami\u0119\u0107 kszta\u0142tu. \u0141atwo daje formowa\u0107 i zapewnia stabilne podparcie. Do korekcji ko\u015blawo\u015bci, szpotawo\u015bci, jako podpi\u0119tki stabilizuj\u0105ce lub wyr\u00f3wnuj\u0105ce asymetrie d\u0142ugo\u015bci ko\u0144czyn. Idealny do podparcia 1-go [&hellip;]<\/p>\n","protected":false},"featured_media":2228,"template":"","meta":{"ep_exclude_from_search":false},"product_brand":[],"product_cat":[405,421],"product_tag":[],"class_list":{"0":"post-1638","1":"product","2":"type-product","3":"status-publish","4":"has-post-thumbnail","6":"product_cat-materialy-i-elementy-korygujace","7":"product_cat-materialy-korekcyjne","8":"pa_grubosc-1-5","9":"pa_grubosc-105","10":"pa_grubosc-104","11":"pa_grubosc-106","12":"pa_kolor-bezowy","14":"first","15":"instock","16":"taxable","17":"shipping-taxable","18":"purchasable","19":"product-type-variable"},"yoast_head":"<!-- This site is optimized with the Yoast SEO Premium plugin v26.3 (Yoast SEO v27.4) - https:\/\/yoast.com\/product\/yoast-seo-premium-wordpress\/ -->\n<title>NORA LUNACELL A - Pro Pedis - Profesjonalnie dla st\u00f3p<\/title>\n<meta name=\"robots\" content=\"index, follow, max-snippet:-1, max-image-preview:large, max-video-preview:-1\" \/>\n<link rel=\"canonical\" href=\"https:\/\/propedis.pl\/sklep\/produkt\/nora-lunacell-a-eva-arkusz-55-x-85-cm\/\" \/>\n<meta property=\"og:locale\" content=\"pl_PL\" \/>\n<meta property=\"og:type\" content=\"article\" \/>\n<meta property=\"og:title\" content=\"NORA LUNACELL A\" \/>\n<meta property=\"og:description\" content=\"Do wykonania wk\u0142adek koryguj\u0105cych. Wytrzyma\u0142y, elastyczny i bardzo odporny na zginanie. Doskona\u0142y materia\u0142 do wykonania element\u00f3w koryguj\u0105cych \u2013 klin\u00f3w supinuj\u0105cych, pronuj\u0105cych, podpi\u0119tek. Pianka EVA Jest \u0142atwa w obr\u00f3bce, ma dobr\u0105 pami\u0119\u0107 kszta\u0142tu. \u0141atwo daje formowa\u0107 i zapewnia stabilne podparcie. Do korekcji ko\u015blawo\u015bci, szpotawo\u015bci, jako podpi\u0119tki stabilizuj\u0105ce lub wyr\u00f3wnuj\u0105ce asymetrie d\u0142ugo\u015bci ko\u0144czyn. Idealny do podparcia 1-go [&hellip;]\" \/>\n<meta property=\"og:url\" content=\"https:\/\/propedis.pl\/sklep\/produkt\/nora-lunacell-a-eva-arkusz-55-x-85-cm\/\" \/>\n<meta property=\"og:site_name\" content=\"Pro Pedis - Profesjonalnie dla st\u00f3p\" \/>\n<meta property=\"article:modified_time\" content=\"2026-04-28T05:29:58+00:00\" \/>\n<meta property=\"og:image\" content=\"https:\/\/propedis.pl\/sklep\/wp-content\/uploads\/2020\/01\/7711-Lunacell-A.jpg\" \/>\n\t<meta property=\"og:image:width\" content=\"1660\" \/>\n\t<meta property=\"og:image:height\" content=\"1080\" \/>\n\t<meta property=\"og:image:type\" content=\"image\/jpeg\" \/>\n<meta name=\"twitter:card\" content=\"summary_large_image\" \/>\n<meta name=\"twitter:label1\" content=\"Szacowany czas czytania\" \/>\n\t<meta name=\"twitter:data1\" content=\"1 minuta\" \/>\n<script type=\"application\/ld+json\" class=\"yoast-schema-graph\">{\"@context\":\"https:\\\/\\\/schema.org\",\"@graph\":[{\"@type\":\"WebPage\",\"@id\":\"https:\\\/\\\/propedis.pl\\\/sklep\\\/produkt\\\/nora-lunacell-a-eva-arkusz-55-x-85-cm\\\/\",\"url\":\"https:\\\/\\\/propedis.pl\\\/sklep\\\/produkt\\\/nora-lunacell-a-eva-arkusz-55-x-85-cm\\\/\",\"name\":\"NORA LUNACELL A - Pro Pedis - Profesjonalnie dla st\u00f3p\",\"isPartOf\":{\"@id\":\"https:\\\/\\\/propedis.pl\\\/sklep\\\/#website\"},\"primaryImageOfPage\":{\"@id\":\"https:\\\/\\\/propedis.pl\\\/sklep\\\/produkt\\\/nora-lunacell-a-eva-arkusz-55-x-85-cm\\\/#primaryimage\"},\"image\":{\"@id\":\"https:\\\/\\\/propedis.pl\\\/sklep\\\/produkt\\\/nora-lunacell-a-eva-arkusz-55-x-85-cm\\\/#primaryimage\"},\"thumbnailUrl\":\"https:\\\/\\\/propedis.pl\\\/sklep\\\/wp-content\\\/uploads\\\/2020\\\/01\\\/7711-Lunacell-A.jpg\",\"datePublished\":\"2020-01-23T12:38:03+00:00\",\"dateModified\":\"2026-04-28T05:29:58+00:00\",\"breadcrumb\":{\"@id\":\"https:\\\/\\\/propedis.pl\\\/sklep\\\/produkt\\\/nora-lunacell-a-eva-arkusz-55-x-85-cm\\\/#breadcrumb\"},\"inLanguage\":\"pl-PL\",\"potentialAction\":[{\"@type\":\"ReadAction\",\"target\":[\"https:\\\/\\\/propedis.pl\\\/sklep\\\/produkt\\\/nora-lunacell-a-eva-arkusz-55-x-85-cm\\\/\"]}]},{\"@type\":\"ImageObject\",\"inLanguage\":\"pl-PL\",\"@id\":\"https:\\\/\\\/propedis.pl\\\/sklep\\\/produkt\\\/nora-lunacell-a-eva-arkusz-55-x-85-cm\\\/#primaryimage\",\"url\":\"https:\\\/\\\/propedis.pl\\\/sklep\\\/wp-content\\\/uploads\\\/2020\\\/01\\\/7711-Lunacell-A.jpg\",\"contentUrl\":\"https:\\\/\\\/propedis.pl\\\/sklep\\\/wp-content\\\/uploads\\\/2020\\\/01\\\/7711-Lunacell-A.jpg\",\"width\":1660,\"height\":1080},{\"@type\":\"BreadcrumbList\",\"@id\":\"https:\\\/\\\/propedis.pl\\\/sklep\\\/produkt\\\/nora-lunacell-a-eva-arkusz-55-x-85-cm\\\/#breadcrumb\",\"itemListElement\":[{\"@type\":\"ListItem\",\"position\":1,\"name\":\"Strona g\u0142\u00f3wna\",\"item\":\"https:\\\/\\\/propedis.pl\\\/sklep\\\/\"},{\"@type\":\"ListItem\",\"position\":2,\"name\":\"Sklep\",\"item\":\"https:\\\/\\\/propedis.pl\\\/sklep\\\/produkty\\\/\"},{\"@type\":\"ListItem\",\"position\":3,\"name\":\"Materia\u0142y i elementy koryguj\u0105ce\",\"item\":\"https:\\\/\\\/propedis.pl\\\/sklep\\\/kategoria-produktu\\\/materialy-i-elementy-korygujace\\\/\"},{\"@type\":\"ListItem\",\"position\":4,\"name\":\"Materia\u0142y korekcyjne\",\"item\":\"https:\\\/\\\/propedis.pl\\\/sklep\\\/kategoria-produktu\\\/materialy-i-elementy-korygujace\\\/materialy-korekcyjne\\\/\"},{\"@type\":\"ListItem\",\"position\":5,\"name\":\"NORA LUNACELL A\"}]},{\"@type\":\"WebSite\",\"@id\":\"https:\\\/\\\/propedis.pl\\\/sklep\\\/#website\",\"url\":\"https:\\\/\\\/propedis.pl\\\/sklep\\\/\",\"name\":\"Pro Pedis - Profesjonalnie dla st\u00f3p\",\"description\":\"\",\"potentialAction\":[{\"@type\":\"SearchAction\",\"target\":{\"@type\":\"EntryPoint\",\"urlTemplate\":\"https:\\\/\\\/propedis.pl\\\/sklep\\\/?s={search_term_string}\"},\"query-input\":{\"@type\":\"PropertyValueSpecification\",\"valueRequired\":true,\"valueName\":\"search_term_string\"}}],\"inLanguage\":\"pl-PL\"}]}<\/script>\n<!-- \/ Yoast SEO Premium plugin. -->","yoast_head_json":{"title":"NORA LUNACELL A - Pro Pedis - Profesjonalnie dla st\u00f3p","robots":{"index":"index","follow":"follow","max-snippet":"max-snippet:-1","max-image-preview":"max-image-preview:large","max-video-preview":"max-video-preview:-1"},"canonical":"https:\/\/propedis.pl\/sklep\/produkt\/nora-lunacell-a-eva-arkusz-55-x-85-cm\/","og_locale":"pl_PL","og_type":"article","og_title":"NORA LUNACELL A","og_description":"Do wykonania wk\u0142adek koryguj\u0105cych. Wytrzyma\u0142y, elastyczny i bardzo odporny na zginanie. Doskona\u0142y materia\u0142 do wykonania element\u00f3w koryguj\u0105cych \u2013 klin\u00f3w supinuj\u0105cych, pronuj\u0105cych, podpi\u0119tek. Pianka EVA Jest \u0142atwa w obr\u00f3bce, ma dobr\u0105 pami\u0119\u0107 kszta\u0142tu. \u0141atwo daje formowa\u0107 i zapewnia stabilne podparcie. Do korekcji ko\u015blawo\u015bci, szpotawo\u015bci, jako podpi\u0119tki stabilizuj\u0105ce lub wyr\u00f3wnuj\u0105ce asymetrie d\u0142ugo\u015bci ko\u0144czyn. Idealny do podparcia 1-go [&hellip;]","og_url":"https:\/\/propedis.pl\/sklep\/produkt\/nora-lunacell-a-eva-arkusz-55-x-85-cm\/","og_site_name":"Pro Pedis - Profesjonalnie dla st\u00f3p","article_modified_time":"2026-04-28T05:29:58+00:00","og_image":[{"width":1660,"height":1080,"url":"https:\/\/propedis.pl\/sklep\/wp-content\/uploads\/2020\/01\/7711-Lunacell-A.jpg","type":"image\/jpeg"}],"twitter_card":"summary_large_image","twitter_misc":{"Szacowany czas czytania":"1 minuta"},"schema":{"@context":"https:\/\/schema.org","@graph":[{"@type":"WebPage","@id":"https:\/\/propedis.pl\/sklep\/produkt\/nora-lunacell-a-eva-arkusz-55-x-85-cm\/","url":"https:\/\/propedis.pl\/sklep\/produkt\/nora-lunacell-a-eva-arkusz-55-x-85-cm\/","name":"NORA LUNACELL A - Pro Pedis - Profesjonalnie dla st\u00f3p","isPartOf":{"@id":"https:\/\/propedis.pl\/sklep\/#website"},"primaryImageOfPage":{"@id":"https:\/\/propedis.pl\/sklep\/produkt\/nora-lunacell-a-eva-arkusz-55-x-85-cm\/#primaryimage"},"image":{"@id":"https:\/\/propedis.pl\/sklep\/produkt\/nora-lunacell-a-eva-arkusz-55-x-85-cm\/#primaryimage"},"thumbnailUrl":"https:\/\/propedis.pl\/sklep\/wp-content\/uploads\/2020\/01\/7711-Lunacell-A.jpg","datePublished":"2020-01-23T12:38:03+00:00","dateModified":"2026-04-28T05:29:58+00:00","breadcrumb":{"@id":"https:\/\/propedis.pl\/sklep\/produkt\/nora-lunacell-a-eva-arkusz-55-x-85-cm\/#breadcrumb"},"inLanguage":"pl-PL","potentialAction":[{"@type":"ReadAction","target":["https:\/\/propedis.pl\/sklep\/produkt\/nora-lunacell-a-eva-arkusz-55-x-85-cm\/"]}]},{"@type":"ImageObject","inLanguage":"pl-PL","@id":"https:\/\/propedis.pl\/sklep\/produkt\/nora-lunacell-a-eva-arkusz-55-x-85-cm\/#primaryimage","url":"https:\/\/propedis.pl\/sklep\/wp-content\/uploads\/2020\/01\/7711-Lunacell-A.jpg","contentUrl":"https:\/\/propedis.pl\/sklep\/wp-content\/uploads\/2020\/01\/7711-Lunacell-A.jpg","width":1660,"height":1080},{"@type":"BreadcrumbList","@id":"https:\/\/propedis.pl\/sklep\/produkt\/nora-lunacell-a-eva-arkusz-55-x-85-cm\/#breadcrumb","itemListElement":[{"@type":"ListItem","position":1,"name":"Strona g\u0142\u00f3wna","item":"https:\/\/propedis.pl\/sklep\/"},{"@type":"ListItem","position":2,"name":"Sklep","item":"https:\/\/propedis.pl\/sklep\/produkty\/"},{"@type":"ListItem","position":3,"name":"Materia\u0142y i elementy koryguj\u0105ce","item":"https:\/\/propedis.pl\/sklep\/kategoria-produktu\/materialy-i-elementy-korygujace\/"},{"@type":"ListItem","position":4,"name":"Materia\u0142y korekcyjne","item":"https:\/\/propedis.pl\/sklep\/kategoria-produktu\/materialy-i-elementy-korygujace\/materialy-korekcyjne\/"},{"@type":"ListItem","position":5,"name":"NORA LUNACELL A"}]},{"@type":"WebSite","@id":"https:\/\/propedis.pl\/sklep\/#website","url":"https:\/\/propedis.pl\/sklep\/","name":"Pro Pedis - Profesjonalnie dla st\u00f3p","description":"","potentialAction":[{"@type":"SearchAction","target":{"@type":"EntryPoint","urlTemplate":"https:\/\/propedis.pl\/sklep\/?s={search_term_string}"},"query-input":{"@type":"PropertyValueSpecification","valueRequired":true,"valueName":"search_term_string"}}],"inLanguage":"pl-PL"}]}},"_links":{"self":[{"href":"https:\/\/propedis.pl\/sklep\/wp-json\/wp\/v2\/product\/1638","targetHints":{"allow":["GET"]}}],"collection":[{"href":"https:\/\/propedis.pl\/sklep\/wp-json\/wp\/v2\/product"}],"about":[{"href":"https:\/\/propedis.pl\/sklep\/wp-json\/wp\/v2\/types\/product"}],"wp:featuredmedia":[{"embeddable":true,"href":"https:\/\/propedis.pl\/sklep\/wp-json\/wp\/v2\/media\/2228"}],"wp:attachment":[{"href":"https:\/\/propedis.pl\/sklep\/wp-json\/wp\/v2\/media?parent=1638"}],"wp:term":[{"taxonomy":"product_brand","embeddable":true,"href":"https:\/\/propedis.pl\/sklep\/wp-json\/wp\/v2\/product_brand?post=1638"},{"taxonomy":"product_cat","embeddable":true,"href":"https:\/\/propedis.pl\/sklep\/wp-json\/wp\/v2\/product_cat?post=1638"},{"taxonomy":"product_tag","embeddable":true,"href":"https:\/\/propedis.pl\/sklep\/wp-json\/wp\/v2\/product_tag?post=1638"}],"curies":[{"name":"wp","href":"https:\/\/api.w.org\/{rel}","templated":true}]}}