{"id":1739,"date":"2020-01-23T13:38:21","date_gmt":"2020-01-23T12:38:21","guid":{"rendered":"https:\/\/propedis.pl\/sklep\/?post_type=product&#038;p=1739"},"modified":"2026-02-26T15:01:05","modified_gmt":"2026-02-26T14:01:05","slug":"realux-czarny-40-x-100-cm","status":"publish","type":"product","link":"https:\/\/propedis.pl\/sklep\/produkt\/realux-czarny-40-x-100-cm\/","title":{"rendered":"REALUX Czarny"},"content":{"rendered":"<p><span style=\"font-weight: 400;\">Cienki, twardy, wytrzyma\u0142y, \u0142atwy w obr\u00f3bce. Nowoczesny materia\u0142 do wykonania wk\u0142adek do but\u00f3w o ma\u0142ej obj\u0119to\u015bci. Idealny w po\u0142\u0105czeniu z \u017cywic\u0105 <\/span><b>PODOTHERMOFLUX<\/b><span style=\"font-weight: 400;\">. Szorstka strona u\u0142atwienia klejenie. Mo\u017ce by\u0107 stosowany, jako podparcie palucha ca\u0142kowicie usztywnionego. <\/span><\/p>\n<p><span style=\"font-weight: 400;\">Wymiary: 40 x 100 cm<\/span><\/p>\n<p>&nbsp;<\/p>\n","protected":false},"excerpt":{"rendered":"<p>Cienki, twardy, wytrzyma\u0142y, \u0142atwy w obr\u00f3bce. Nowoczesny materia\u0142 do wykonania wk\u0142adek do but\u00f3w o ma\u0142ej obj\u0119to\u015bci. Idealny w po\u0142\u0105czeniu z \u017cywic\u0105 PODOTHERMOFLUX. Szorstka strona u\u0142atwienia klejenie. Mo\u017ce by\u0107 stosowany, jako podparcie palucha ca\u0142kowicie usztywnionego. Wymiary: 40 x 100 cm &nbsp;<\/p>\n","protected":false},"featured_media":2232,"template":"","meta":{"ep_exclude_from_search":false},"product_brand":[],"product_cat":[405,421],"product_tag":[],"class_list":{"0":"post-1739","1":"product","2":"type-product","3":"status-publish","4":"has-post-thumbnail","6":"product_cat-materialy-i-elementy-korygujace","7":"product_cat-materialy-korekcyjne","8":"pa_grubosc-1-1","9":"pa_grubosc-1-5","11":"first","12":"onbackorder","13":"taxable","14":"shipping-taxable","15":"purchasable","16":"product-type-variable"},"yoast_head":"<!-- This site is optimized with the Yoast SEO Premium plugin v26.3 (Yoast SEO v27.4) - https:\/\/yoast.com\/product\/yoast-seo-premium-wordpress\/ -->\n<title>REALUX Czarny - Pro Pedis - Profesjonalnie dla st\u00f3p<\/title>\n<meta name=\"robots\" content=\"index, follow, max-snippet:-1, max-image-preview:large, max-video-preview:-1\" \/>\n<link rel=\"canonical\" href=\"https:\/\/propedis.pl\/sklep\/produkt\/realux-czarny-40-x-100-cm\/\" \/>\n<meta property=\"og:locale\" content=\"pl_PL\" \/>\n<meta property=\"og:type\" content=\"article\" \/>\n<meta property=\"og:title\" content=\"REALUX Czarny\" \/>\n<meta property=\"og:description\" content=\"Cienki, twardy, wytrzyma\u0142y, \u0142atwy w obr\u00f3bce. Nowoczesny materia\u0142 do wykonania wk\u0142adek do but\u00f3w o ma\u0142ej obj\u0119to\u015bci. Idealny w po\u0142\u0105czeniu z \u017cywic\u0105 PODOTHERMOFLUX. Szorstka strona u\u0142atwienia klejenie. Mo\u017ce by\u0107 stosowany, jako podparcie palucha ca\u0142kowicie usztywnionego. Wymiary: 40 x 100 cm &nbsp;\" \/>\n<meta property=\"og:url\" content=\"https:\/\/propedis.pl\/sklep\/produkt\/realux-czarny-40-x-100-cm\/\" \/>\n<meta property=\"og:site_name\" content=\"Pro Pedis - Profesjonalnie dla st\u00f3p\" \/>\n<meta property=\"article:modified_time\" content=\"2026-02-26T14:01:05+00:00\" \/>\n<meta property=\"og:image\" content=\"https:\/\/propedis.pl\/sklep\/wp-content\/uploads\/2020\/01\/7631-Norit-L-NOIR.jpg\" \/>\n\t<meta property=\"og:image:width\" content=\"1660\" \/>\n\t<meta property=\"og:image:height\" content=\"1080\" \/>\n\t<meta property=\"og:image:type\" content=\"image\/jpeg\" \/>\n<meta name=\"twitter:card\" content=\"summary_large_image\" \/>\n<meta name=\"twitter:label1\" content=\"Szacowany czas czytania\" \/>\n\t<meta name=\"twitter:data1\" content=\"1 minuta\" \/>\n<script type=\"application\/ld+json\" class=\"yoast-schema-graph\">{\"@context\":\"https:\\\/\\\/schema.org\",\"@graph\":[{\"@type\":\"WebPage\",\"@id\":\"https:\\\/\\\/propedis.pl\\\/sklep\\\/produkt\\\/realux-czarny-40-x-100-cm\\\/\",\"url\":\"https:\\\/\\\/propedis.pl\\\/sklep\\\/produkt\\\/realux-czarny-40-x-100-cm\\\/\",\"name\":\"REALUX Czarny - Pro Pedis - Profesjonalnie dla st\u00f3p\",\"isPartOf\":{\"@id\":\"https:\\\/\\\/propedis.pl\\\/sklep\\\/#website\"},\"primaryImageOfPage\":{\"@id\":\"https:\\\/\\\/propedis.pl\\\/sklep\\\/produkt\\\/realux-czarny-40-x-100-cm\\\/#primaryimage\"},\"image\":{\"@id\":\"https:\\\/\\\/propedis.pl\\\/sklep\\\/produkt\\\/realux-czarny-40-x-100-cm\\\/#primaryimage\"},\"thumbnailUrl\":\"https:\\\/\\\/propedis.pl\\\/sklep\\\/wp-content\\\/uploads\\\/2020\\\/01\\\/7631-Norit-L-NOIR.jpg\",\"datePublished\":\"2020-01-23T12:38:21+00:00\",\"dateModified\":\"2026-02-26T14:01:05+00:00\",\"breadcrumb\":{\"@id\":\"https:\\\/\\\/propedis.pl\\\/sklep\\\/produkt\\\/realux-czarny-40-x-100-cm\\\/#breadcrumb\"},\"inLanguage\":\"pl-PL\",\"potentialAction\":[{\"@type\":\"ReadAction\",\"target\":[\"https:\\\/\\\/propedis.pl\\\/sklep\\\/produkt\\\/realux-czarny-40-x-100-cm\\\/\"]}]},{\"@type\":\"ImageObject\",\"inLanguage\":\"pl-PL\",\"@id\":\"https:\\\/\\\/propedis.pl\\\/sklep\\\/produkt\\\/realux-czarny-40-x-100-cm\\\/#primaryimage\",\"url\":\"https:\\\/\\\/propedis.pl\\\/sklep\\\/wp-content\\\/uploads\\\/2020\\\/01\\\/7631-Norit-L-NOIR.jpg\",\"contentUrl\":\"https:\\\/\\\/propedis.pl\\\/sklep\\\/wp-content\\\/uploads\\\/2020\\\/01\\\/7631-Norit-L-NOIR.jpg\",\"width\":1660,\"height\":1080},{\"@type\":\"BreadcrumbList\",\"@id\":\"https:\\\/\\\/propedis.pl\\\/sklep\\\/produkt\\\/realux-czarny-40-x-100-cm\\\/#breadcrumb\",\"itemListElement\":[{\"@type\":\"ListItem\",\"position\":1,\"name\":\"Strona g\u0142\u00f3wna\",\"item\":\"https:\\\/\\\/propedis.pl\\\/sklep\\\/\"},{\"@type\":\"ListItem\",\"position\":2,\"name\":\"Sklep\",\"item\":\"https:\\\/\\\/propedis.pl\\\/sklep\\\/produkty\\\/\"},{\"@type\":\"ListItem\",\"position\":3,\"name\":\"Materia\u0142y i elementy koryguj\u0105ce\",\"item\":\"https:\\\/\\\/propedis.pl\\\/sklep\\\/kategoria-produktu\\\/materialy-i-elementy-korygujace\\\/\"},{\"@type\":\"ListItem\",\"position\":4,\"name\":\"Materia\u0142y korekcyjne\",\"item\":\"https:\\\/\\\/propedis.pl\\\/sklep\\\/kategoria-produktu\\\/materialy-i-elementy-korygujace\\\/materialy-korekcyjne\\\/\"},{\"@type\":\"ListItem\",\"position\":5,\"name\":\"REALUX Czarny\"}]},{\"@type\":\"WebSite\",\"@id\":\"https:\\\/\\\/propedis.pl\\\/sklep\\\/#website\",\"url\":\"https:\\\/\\\/propedis.pl\\\/sklep\\\/\",\"name\":\"Pro Pedis - Profesjonalnie dla st\u00f3p\",\"description\":\"\",\"potentialAction\":[{\"@type\":\"SearchAction\",\"target\":{\"@type\":\"EntryPoint\",\"urlTemplate\":\"https:\\\/\\\/propedis.pl\\\/sklep\\\/?s={search_term_string}\"},\"query-input\":{\"@type\":\"PropertyValueSpecification\",\"valueRequired\":true,\"valueName\":\"search_term_string\"}}],\"inLanguage\":\"pl-PL\"}]}<\/script>\n<!-- \/ Yoast SEO Premium plugin. -->","yoast_head_json":{"title":"REALUX Czarny - Pro Pedis - Profesjonalnie dla st\u00f3p","robots":{"index":"index","follow":"follow","max-snippet":"max-snippet:-1","max-image-preview":"max-image-preview:large","max-video-preview":"max-video-preview:-1"},"canonical":"https:\/\/propedis.pl\/sklep\/produkt\/realux-czarny-40-x-100-cm\/","og_locale":"pl_PL","og_type":"article","og_title":"REALUX Czarny","og_description":"Cienki, twardy, wytrzyma\u0142y, \u0142atwy w obr\u00f3bce. Nowoczesny materia\u0142 do wykonania wk\u0142adek do but\u00f3w o ma\u0142ej obj\u0119to\u015bci. Idealny w po\u0142\u0105czeniu z \u017cywic\u0105 PODOTHERMOFLUX. Szorstka strona u\u0142atwienia klejenie. Mo\u017ce by\u0107 stosowany, jako podparcie palucha ca\u0142kowicie usztywnionego. Wymiary: 40 x 100 cm &nbsp;","og_url":"https:\/\/propedis.pl\/sklep\/produkt\/realux-czarny-40-x-100-cm\/","og_site_name":"Pro Pedis - Profesjonalnie dla st\u00f3p","article_modified_time":"2026-02-26T14:01:05+00:00","og_image":[{"width":1660,"height":1080,"url":"https:\/\/propedis.pl\/sklep\/wp-content\/uploads\/2020\/01\/7631-Norit-L-NOIR.jpg","type":"image\/jpeg"}],"twitter_card":"summary_large_image","twitter_misc":{"Szacowany czas czytania":"1 minuta"},"schema":{"@context":"https:\/\/schema.org","@graph":[{"@type":"WebPage","@id":"https:\/\/propedis.pl\/sklep\/produkt\/realux-czarny-40-x-100-cm\/","url":"https:\/\/propedis.pl\/sklep\/produkt\/realux-czarny-40-x-100-cm\/","name":"REALUX Czarny - Pro Pedis - Profesjonalnie dla st\u00f3p","isPartOf":{"@id":"https:\/\/propedis.pl\/sklep\/#website"},"primaryImageOfPage":{"@id":"https:\/\/propedis.pl\/sklep\/produkt\/realux-czarny-40-x-100-cm\/#primaryimage"},"image":{"@id":"https:\/\/propedis.pl\/sklep\/produkt\/realux-czarny-40-x-100-cm\/#primaryimage"},"thumbnailUrl":"https:\/\/propedis.pl\/sklep\/wp-content\/uploads\/2020\/01\/7631-Norit-L-NOIR.jpg","datePublished":"2020-01-23T12:38:21+00:00","dateModified":"2026-02-26T14:01:05+00:00","breadcrumb":{"@id":"https:\/\/propedis.pl\/sklep\/produkt\/realux-czarny-40-x-100-cm\/#breadcrumb"},"inLanguage":"pl-PL","potentialAction":[{"@type":"ReadAction","target":["https:\/\/propedis.pl\/sklep\/produkt\/realux-czarny-40-x-100-cm\/"]}]},{"@type":"ImageObject","inLanguage":"pl-PL","@id":"https:\/\/propedis.pl\/sklep\/produkt\/realux-czarny-40-x-100-cm\/#primaryimage","url":"https:\/\/propedis.pl\/sklep\/wp-content\/uploads\/2020\/01\/7631-Norit-L-NOIR.jpg","contentUrl":"https:\/\/propedis.pl\/sklep\/wp-content\/uploads\/2020\/01\/7631-Norit-L-NOIR.jpg","width":1660,"height":1080},{"@type":"BreadcrumbList","@id":"https:\/\/propedis.pl\/sklep\/produkt\/realux-czarny-40-x-100-cm\/#breadcrumb","itemListElement":[{"@type":"ListItem","position":1,"name":"Strona g\u0142\u00f3wna","item":"https:\/\/propedis.pl\/sklep\/"},{"@type":"ListItem","position":2,"name":"Sklep","item":"https:\/\/propedis.pl\/sklep\/produkty\/"},{"@type":"ListItem","position":3,"name":"Materia\u0142y i elementy koryguj\u0105ce","item":"https:\/\/propedis.pl\/sklep\/kategoria-produktu\/materialy-i-elementy-korygujace\/"},{"@type":"ListItem","position":4,"name":"Materia\u0142y korekcyjne","item":"https:\/\/propedis.pl\/sklep\/kategoria-produktu\/materialy-i-elementy-korygujace\/materialy-korekcyjne\/"},{"@type":"ListItem","position":5,"name":"REALUX Czarny"}]},{"@type":"WebSite","@id":"https:\/\/propedis.pl\/sklep\/#website","url":"https:\/\/propedis.pl\/sklep\/","name":"Pro Pedis - Profesjonalnie dla st\u00f3p","description":"","potentialAction":[{"@type":"SearchAction","target":{"@type":"EntryPoint","urlTemplate":"https:\/\/propedis.pl\/sklep\/?s={search_term_string}"},"query-input":{"@type":"PropertyValueSpecification","valueRequired":true,"valueName":"search_term_string"}}],"inLanguage":"pl-PL"}]}},"_links":{"self":[{"href":"https:\/\/propedis.pl\/sklep\/wp-json\/wp\/v2\/product\/1739","targetHints":{"allow":["GET"]}}],"collection":[{"href":"https:\/\/propedis.pl\/sklep\/wp-json\/wp\/v2\/product"}],"about":[{"href":"https:\/\/propedis.pl\/sklep\/wp-json\/wp\/v2\/types\/product"}],"wp:featuredmedia":[{"embeddable":true,"href":"https:\/\/propedis.pl\/sklep\/wp-json\/wp\/v2\/media\/2232"}],"wp:attachment":[{"href":"https:\/\/propedis.pl\/sklep\/wp-json\/wp\/v2\/media?parent=1739"}],"wp:term":[{"taxonomy":"product_brand","embeddable":true,"href":"https:\/\/propedis.pl\/sklep\/wp-json\/wp\/v2\/product_brand?post=1739"},{"taxonomy":"product_cat","embeddable":true,"href":"https:\/\/propedis.pl\/sklep\/wp-json\/wp\/v2\/product_cat?post=1739"},{"taxonomy":"product_tag","embeddable":true,"href":"https:\/\/propedis.pl\/sklep\/wp-json\/wp\/v2\/product_tag?post=1739"}],"curies":[{"name":"wp","href":"https:\/\/api.w.org\/{rel}","templated":true}]}}

<p><span style="font-weight: 400;">Cienki, twardy, wytrzymały, łatwy w obróbce. Nowoczesny materiał do wykonania wkładek do butów o małej objętości. Idealny w połączeniu z żywicą </span><b>PODOTHERMOFLUX</b><span style="font-weight: 400;">. Szorstka strona ułatwienia klejenie. Może być stosowany, jako podparcie palucha całkowicie usztywnionego. </span></p>
<p><span style="font-weight: 400;">Wymiary: 40 x 100 cm</span></p>
<p>&nbsp;</p>

<p>Cienki, twardy, wytrzymały, łatwy w obróbce. Nowoczesny materiał do wykonania wkładek do butów o małej objętości. Idealny w połączeniu z żywicą PODOTHERMOFLUX. Szorstka strona ułatwienia klejenie. Może być stosowany, jako podparcie palucha całkowicie usztywnionego. Wymiary: 40 x 100 cm &nbsp;</p>

<!-- This site is optimized with the Yoast SEO Premium plugin v26.3 (Yoast SEO v27.4) - https://yoast.com/product/yoast-seo-premium-wordpress/ -->
<title>REALUX Czarny - Pro Pedis - Profesjonalnie dla stóp</title>
<meta name="robots" content="index, follow, max-snippet:-1, max-image-preview:large, max-video-preview:-1" />
<link rel="canonical" href="https://propedis.pl/sklep/produkt/realux-czarny-40-x-100-cm/" />
<meta property="og:locale" content="pl_PL" />
<meta property="og:type" content="article" />
<meta property="og:title" content="REALUX Czarny" />
<meta property="og:description" content="Cienki, twardy, wytrzymały, łatwy w obróbce. Nowoczesny materiał do wykonania wkładek do butów o małej objętości. Idealny w połączeniu z żywicą PODOTHERMOFLUX. Szorstka strona ułatwienia klejenie. Może być stosowany, jako podparcie palucha całkowicie usztywnionego. Wymiary: 40 x 100 cm &nbsp;" />
<meta property="og:url" content="https://propedis.pl/sklep/produkt/realux-czarny-40-x-100-cm/" />
<meta property="og:site_name" content="Pro Pedis - Profesjonalnie dla stóp" />
<meta property="article:modified_time" content="2026-02-26T14:01:05+00:00" />
<meta property="og:image" content="https://propedis.pl/sklep/wp-content/uploads/2020/01/7631-Norit-L-NOIR.jpg" />
	<meta property="og:image:width" content="1660" />
	<meta property="og:image:height" content="1080" />
	<meta property="og:image:type" content="image/jpeg" />
<meta name="twitter:card" content="summary_large_image" />
<meta name="twitter:label1" content="Szacowany czas czytania" />
	<meta name="twitter:data1" content="1 minuta" />
<script type="application/ld+json" class="yoast-schema-graph">{"@context":"https:\/\/schema.org","@graph":[{"@type":"WebPage","@id":"https:\/\/propedis.pl\/sklep\/produkt\/realux-czarny-40-x-100-cm\/","url":"https:\/\/propedis.pl\/sklep\/produkt\/realux-czarny-40-x-100-cm\/","name":"REALUX Czarny - Pro Pedis - Profesjonalnie dla stóp","isPartOf":{"@id":"https:\/\/propedis.pl\/sklep\/#website"},"primaryImageOfPage":{"@id":"https:\/\/propedis.pl\/sklep\/produkt\/realux-czarny-40-x-100-cm\/#primaryimage"},"image":{"@id":"https:\/\/propedis.pl\/sklep\/produkt\/realux-czarny-40-x-100-cm\/#primaryimage"},"thumbnailUrl":"https:\/\/propedis.pl\/sklep\/wp-content\/uploads\/2020\/01\/7631-Norit-L-NOIR.jpg","datePublished":"2020-01-23T12:38:21+00:00","dateModified":"2026-02-26T14:01:05+00:00","breadcrumb":{"@id":"https:\/\/propedis.pl\/sklep\/produkt\/realux-czarny-40-x-100-cm\/#breadcrumb"},"inLanguage":"pl-PL","potentialAction":[{"@type":"ReadAction","target":["https:\/\/propedis.pl\/sklep\/produkt\/realux-czarny-40-x-100-cm\/"]}]},{"@type":"ImageObject","inLanguage":"pl-PL","@id":"https:\/\/propedis.pl\/sklep\/produkt\/realux-czarny-40-x-100-cm\/#primaryimage","url":"https:\/\/propedis.pl\/sklep\/wp-content\/uploads\/2020\/01\/7631-Norit-L-NOIR.jpg","contentUrl":"https:\/\/propedis.pl\/sklep\/wp-content\/uploads\/2020\/01\/7631-Norit-L-NOIR.jpg","width":1660,"height":1080},{"@type":"BreadcrumbList","@id":"https:\/\/propedis.pl\/sklep\/produkt\/realux-czarny-40-x-100-cm\/#breadcrumb","itemListElement":[{"@type":"ListItem","position":1,"name":"Strona główna","item":"https:\/\/propedis.pl\/sklep\/"},{"@type":"ListItem","position":2,"name":"Sklep","item":"https:\/\/propedis.pl\/sklep\/produkty\/"},{"@type":"ListItem","position":3,"name":"Materiały i elementy korygujące","item":"https:\/\/propedis.pl\/sklep\/kategoria-produktu\/materialy-i-elementy-korygujace\/"},{"@type":"ListItem","position":4,"name":"Materiały korekcyjne","item":"https:\/\/propedis.pl\/sklep\/kategoria-produktu\/materialy-i-elementy-korygujace\/materialy-korekcyjne\/"},{"@type":"ListItem","position":5,"name":"REALUX Czarny"}]},{"@type":"WebSite","@id":"https:\/\/propedis.pl\/sklep\/#website","url":"https:\/\/propedis.pl\/sklep\/","name":"Pro Pedis - Profesjonalnie dla stóp","description":"","potentialAction":[{"@type":"SearchAction","target":{"@type":"EntryPoint","urlTemplate":"https:\/\/propedis.pl\/sklep\/?s={search_term_string}"},"query-input":{"@type":"PropertyValueSpecification","valueRequired":true,"valueName":"search_term_string"}}],"inLanguage":"pl-PL"}]}</script>
<!-- / Yoast SEO Premium plugin. -->

REALUX Czarny - Pro Pedis - Profesjonalnie dla stóp

Cienki, twardy, wytrzymały, łatwy w obróbce. Nowoczesny materiał do wykonania wkładek do butów o małej objętości. Idealny w połączeniu z żywicą PODOTHERMOFLUX. Szorstka strona ułatwienia klejenie. Może być stosowany, jako podparcie palucha całkowicie usztywnionego. Wymiary: 40 x 100 cm &nbsp;

Pro Pedis - Profesjonalnie dla stóp

Strona główna

Materiały i elementy korygujące

Materiały korekcyjne
