{"id":187643,"date":"2022-07-26T15:14:39","date_gmt":"2022-07-26T13:14:39","guid":{"rendered":""},"modified":"2026-04-16T14:32:48","modified_gmt":"2026-04-16T12:32:48","slug":"nagranie-edukacyjne-rola-stopy-w-fizjoterapii-ortopedycznej-i-neurologicznej-wywiad-z-joanna-tokarska","status":"publish","type":"product","link":"https:\/\/propedis.pl\/sklep\/produkt\/nagranie-edukacyjne-rola-stopy-w-fizjoterapii-ortopedycznej-i-neurologicznej-wywiad-z-joanna-tokarska\/","title":{"rendered":"Nagranie edukacyjne: Rola stopy w fizjoterapii ortopedycznej i neurologicznej &#8211; wywiad z Joann\u0105 Tokarsk\u0105"},"content":{"rendered":"<h1><span style=\"font-weight: 400;\"><strong>Rola stopy w fizjoterapii ortopedycznej i neurologicznej<\/strong><\/span><span style=\"font-weight: 400;\"><br \/>\n<\/span><b><\/b><\/h1>\n<p>Prowadz\u0105ca: Joanna Stodolna &#8211; Tukendorf<\/p>\n<p>Czas trwania: 92 minuty<\/p>\n<p><b><strong>CO ZNAJDZIESZ W NAGRANIU:<\/strong><\/b><\/p>\n<p data-pm-slice=\"1 1 []\">Stopa to podstawa. Porozmawiamy jakie znacznie ma ona w procesie fizjoterapii pacjenta ortopedycznego, a jakie u pacjenta neurologicznego.<\/p>\n<p data-pm-slice=\"1 1 []\">O roli stopy porozmawiamy z ekspertem: Joann\u0105 Tokarsk\u0105<\/p>\n<p><b><br \/>\n<\/b><b><br \/>\n<\/b><b>Z nagrania edukacyjnego dowiesz si\u0119:<\/b><\/p>\n<p>&#8211; Jakie s\u0105 r\u00f3\u017cnice w podej\u015bciu do tematu stopy w tych dw\u00f3ch grupach pacjent\u00f3w?<\/p>\n<p>&#8211; Kiedy zaburzenia biomechaniki stopy prowokuj\u0105 zespo\u0142y b\u00f3lowe stawu kolanowego, czy obr\u0119czy biodrowej.<\/p>\n<p>&#8211; Czy u pacjent\u00f3w neurologicznych warto rozwa\u017cy\u0107 wykonanie wk\u0142adek ortopedycznych, jaka by\u0142aby ich rola?<\/p>\n<p>&#8211; Jakie formy terapii maj\u0105 zastosowanie w obu tych grupach Pacjent\u00f3w?<\/p>\n<p>&nbsp;<\/p>\n<p><strong>Informacje techniczne<\/strong><\/p>\n<p><strong>Gdzie jest dost\u0119pne nagranie: <\/strong><\/p>\n<p>&#8211; wideo jest dost\u0119pne online (nie jest wysy\u0142ane na p\u0142ycie CD).<\/p>\n<p>Mo\u017cesz je ogl\u0105da\u0107 po zalogowaniu na <u><a class=\"ProsemirrorEditor-link\" href=\"https:\/\/propedis.pl\/sklep\/moje-konto\/\">MOJE KONTO<\/a><\/u>\u2013 konto zak\u0142adasz podczas pierwszych zakup\u00f3w w sklepie Pro Pedis.<\/p>\n<p>Nagranie znajdziesz w zak\u0142adce SZKOLENIA.<\/p>\n<p>Nagranie mo\u017cesz odtwarza\u0107 na ka\u017cdym urz\u0105dzeniu, kt\u00f3re posiada jedn\u0105 z popularnych przegl\u0105darek CHROME, MICROSOFT EDGE.<\/p>\n<p>&nbsp;<\/p>\n<p>&nbsp;<\/p>\n<p>&nbsp;<\/p>\n<p>&nbsp;<\/p>\n","protected":false},"excerpt":{"rendered":"<p>Rola stopy w fizjoterapii ortopedycznej i neurologicznej Prowadz\u0105ca: Joanna Stodolna &#8211; Tukendorf Czas trwania: 92 minuty CO ZNAJDZIESZ W NAGRANIU: Stopa to podstawa. Porozmawiamy jakie znacznie ma ona w procesie fizjoterapii pacjenta ortopedycznego, a jakie u pacjenta neurologicznego. O roli stopy porozmawiamy z ekspertem: Joann\u0105 Tokarsk\u0105 Z nagrania edukacyjnego dowiesz si\u0119: &#8211; Jakie s\u0105 r\u00f3\u017cnice [&hellip;]<\/p>\n","protected":false},"featured_media":203767,"template":"","meta":{"ep_exclude_from_search":false},"product_brand":[],"product_cat":[47,438],"product_tag":[],"class_list":{"0":"post-187643","1":"product","2":"type-product","3":"status-publish","4":"has-post-thumbnail","6":"product_cat-szkolenia","7":"product_cat-nagrania-edukacyjne-i-publikacje","9":"first","10":"instock","11":"virtual","12":"taxable","13":"purchasable","14":"product-type-simple"},"yoast_head":"<!-- This site is optimized with the Yoast SEO Premium plugin v26.3 (Yoast SEO v27.4) - https:\/\/yoast.com\/product\/yoast-seo-premium-wordpress\/ -->\n<title>Nagranie edukacyjne: Rola stopy w fizjoterapii ortopedycznej i neurologicznej - wywiad z Joann\u0105 Tokarsk\u0105 - Pro Pedis - Profesjonalnie dla st\u00f3p<\/title>\n<meta name=\"robots\" content=\"index, follow, max-snippet:-1, max-image-preview:large, max-video-preview:-1\" \/>\n<link rel=\"canonical\" href=\"https:\/\/propedis.pl\/sklep\/produkt\/nagranie-edukacyjne-rola-stopy-w-fizjoterapii-ortopedycznej-i-neurologicznej-wywiad-z-joanna-tokarska\/\" \/>\n<meta property=\"og:locale\" content=\"pl_PL\" \/>\n<meta property=\"og:type\" content=\"article\" \/>\n<meta property=\"og:title\" content=\"Nagranie edukacyjne: Rola stopy w fizjoterapii ortopedycznej i neurologicznej - wywiad z Joann\u0105 Tokarsk\u0105\" \/>\n<meta property=\"og:description\" content=\"Rola stopy w fizjoterapii ortopedycznej i neurologicznej Prowadz\u0105ca: Joanna Stodolna &#8211; Tukendorf Czas trwania: 92 minuty CO ZNAJDZIESZ W NAGRANIU: Stopa to podstawa. Porozmawiamy jakie znacznie ma ona w procesie fizjoterapii pacjenta ortopedycznego, a jakie u pacjenta neurologicznego. O roli stopy porozmawiamy z ekspertem: Joann\u0105 Tokarsk\u0105 Z nagrania edukacyjnego dowiesz si\u0119: &#8211; Jakie s\u0105 r\u00f3\u017cnice [&hellip;]\" \/>\n<meta property=\"og:url\" content=\"https:\/\/propedis.pl\/sklep\/produkt\/nagranie-edukacyjne-rola-stopy-w-fizjoterapii-ortopedycznej-i-neurologicznej-wywiad-z-joanna-tokarska\/\" \/>\n<meta property=\"og:site_name\" content=\"Pro Pedis - Profesjonalnie dla st\u00f3p\" \/>\n<meta property=\"article:modified_time\" content=\"2026-04-16T12:32:48+00:00\" \/>\n<meta property=\"og:image\" content=\"https:\/\/propedis.pl\/sklep\/wp-content\/uploads\/2022\/07\/OP_NAGRANIE_rola-stopy.jpg\" \/>\n\t<meta property=\"og:image:width\" content=\"1920\" \/>\n\t<meta property=\"og:image:height\" content=\"1920\" \/>\n\t<meta property=\"og:image:type\" content=\"image\/jpeg\" \/>\n<meta name=\"twitter:card\" content=\"summary_large_image\" \/>\n<meta name=\"twitter:label1\" content=\"Szacowany czas czytania\" \/>\n\t<meta name=\"twitter:data1\" content=\"2 minuty\" \/>\n<script type=\"application\/ld+json\" class=\"yoast-schema-graph\">{\"@context\":\"https:\\\/\\\/schema.org\",\"@graph\":[{\"@type\":\"WebPage\",\"@id\":\"https:\\\/\\\/propedis.pl\\\/sklep\\\/produkt\\\/nagranie-edukacyjne-rola-stopy-w-fizjoterapii-ortopedycznej-i-neurologicznej-wywiad-z-joanna-tokarska\\\/\",\"url\":\"https:\\\/\\\/propedis.pl\\\/sklep\\\/produkt\\\/nagranie-edukacyjne-rola-stopy-w-fizjoterapii-ortopedycznej-i-neurologicznej-wywiad-z-joanna-tokarska\\\/\",\"name\":\"Nagranie edukacyjne: Rola stopy w fizjoterapii ortopedycznej i neurologicznej - wywiad z Joann\u0105 Tokarsk\u0105 - Pro Pedis - Profesjonalnie dla st\u00f3p\",\"isPartOf\":{\"@id\":\"https:\\\/\\\/propedis.pl\\\/sklep\\\/#website\"},\"primaryImageOfPage\":{\"@id\":\"https:\\\/\\\/propedis.pl\\\/sklep\\\/produkt\\\/nagranie-edukacyjne-rola-stopy-w-fizjoterapii-ortopedycznej-i-neurologicznej-wywiad-z-joanna-tokarska\\\/#primaryimage\"},\"image\":{\"@id\":\"https:\\\/\\\/propedis.pl\\\/sklep\\\/produkt\\\/nagranie-edukacyjne-rola-stopy-w-fizjoterapii-ortopedycznej-i-neurologicznej-wywiad-z-joanna-tokarska\\\/#primaryimage\"},\"thumbnailUrl\":\"https:\\\/\\\/propedis.pl\\\/sklep\\\/wp-content\\\/uploads\\\/2022\\\/07\\\/OP_NAGRANIE_rola-stopy.jpg\",\"datePublished\":\"2022-07-26T13:14:39+00:00\",\"dateModified\":\"2026-04-16T12:32:48+00:00\",\"breadcrumb\":{\"@id\":\"https:\\\/\\\/propedis.pl\\\/sklep\\\/produkt\\\/nagranie-edukacyjne-rola-stopy-w-fizjoterapii-ortopedycznej-i-neurologicznej-wywiad-z-joanna-tokarska\\\/#breadcrumb\"},\"inLanguage\":\"pl-PL\",\"potentialAction\":[{\"@type\":\"ReadAction\",\"target\":[\"https:\\\/\\\/propedis.pl\\\/sklep\\\/produkt\\\/nagranie-edukacyjne-rola-stopy-w-fizjoterapii-ortopedycznej-i-neurologicznej-wywiad-z-joanna-tokarska\\\/\"]}]},{\"@type\":\"ImageObject\",\"inLanguage\":\"pl-PL\",\"@id\":\"https:\\\/\\\/propedis.pl\\\/sklep\\\/produkt\\\/nagranie-edukacyjne-rola-stopy-w-fizjoterapii-ortopedycznej-i-neurologicznej-wywiad-z-joanna-tokarska\\\/#primaryimage\",\"url\":\"https:\\\/\\\/propedis.pl\\\/sklep\\\/wp-content\\\/uploads\\\/2022\\\/07\\\/OP_NAGRANIE_rola-stopy.jpg\",\"contentUrl\":\"https:\\\/\\\/propedis.pl\\\/sklep\\\/wp-content\\\/uploads\\\/2022\\\/07\\\/OP_NAGRANIE_rola-stopy.jpg\",\"width\":1920,\"height\":1920},{\"@type\":\"BreadcrumbList\",\"@id\":\"https:\\\/\\\/propedis.pl\\\/sklep\\\/produkt\\\/nagranie-edukacyjne-rola-stopy-w-fizjoterapii-ortopedycznej-i-neurologicznej-wywiad-z-joanna-tokarska\\\/#breadcrumb\",\"itemListElement\":[{\"@type\":\"ListItem\",\"position\":1,\"name\":\"Strona g\u0142\u00f3wna\",\"item\":\"https:\\\/\\\/propedis.pl\\\/sklep\\\/\"},{\"@type\":\"ListItem\",\"position\":2,\"name\":\"Sklep\",\"item\":\"https:\\\/\\\/propedis.pl\\\/sklep\\\/produkty\\\/\"},{\"@type\":\"ListItem\",\"position\":3,\"name\":\"Kursy i szkolenia\",\"item\":\"https:\\\/\\\/propedis.pl\\\/sklep\\\/kategoria-produktu\\\/szkolenia\\\/\"},{\"@type\":\"ListItem\",\"position\":4,\"name\":\"Szkolenia online\",\"item\":\"https:\\\/\\\/propedis.pl\\\/sklep\\\/kategoria-produktu\\\/szkolenia\\\/nagrania-edukacyjne-i-publikacje\\\/\"},{\"@type\":\"ListItem\",\"position\":5,\"name\":\"Nagranie edukacyjne: Rola stopy w fizjoterapii ortopedycznej i neurologicznej &#8211; wywiad z Joann\u0105 Tokarsk\u0105\"}]},{\"@type\":\"WebSite\",\"@id\":\"https:\\\/\\\/propedis.pl\\\/sklep\\\/#website\",\"url\":\"https:\\\/\\\/propedis.pl\\\/sklep\\\/\",\"name\":\"Pro Pedis - Profesjonalnie dla st\u00f3p\",\"description\":\"\",\"potentialAction\":[{\"@type\":\"SearchAction\",\"target\":{\"@type\":\"EntryPoint\",\"urlTemplate\":\"https:\\\/\\\/propedis.pl\\\/sklep\\\/?s={search_term_string}\"},\"query-input\":{\"@type\":\"PropertyValueSpecification\",\"valueRequired\":true,\"valueName\":\"search_term_string\"}}],\"inLanguage\":\"pl-PL\"}]}<\/script>\n<!-- \/ Yoast SEO Premium plugin. -->","yoast_head_json":{"title":"Nagranie edukacyjne: Rola stopy w fizjoterapii ortopedycznej i neurologicznej - wywiad z Joann\u0105 Tokarsk\u0105 - Pro Pedis - Profesjonalnie dla st\u00f3p","robots":{"index":"index","follow":"follow","max-snippet":"max-snippet:-1","max-image-preview":"max-image-preview:large","max-video-preview":"max-video-preview:-1"},"canonical":"https:\/\/propedis.pl\/sklep\/produkt\/nagranie-edukacyjne-rola-stopy-w-fizjoterapii-ortopedycznej-i-neurologicznej-wywiad-z-joanna-tokarska\/","og_locale":"pl_PL","og_type":"article","og_title":"Nagranie edukacyjne: Rola stopy w fizjoterapii ortopedycznej i neurologicznej - wywiad z Joann\u0105 Tokarsk\u0105","og_description":"Rola stopy w fizjoterapii ortopedycznej i neurologicznej Prowadz\u0105ca: Joanna Stodolna &#8211; Tukendorf Czas trwania: 92 minuty CO ZNAJDZIESZ W NAGRANIU: Stopa to podstawa. Porozmawiamy jakie znacznie ma ona w procesie fizjoterapii pacjenta ortopedycznego, a jakie u pacjenta neurologicznego. O roli stopy porozmawiamy z ekspertem: Joann\u0105 Tokarsk\u0105 Z nagrania edukacyjnego dowiesz si\u0119: &#8211; Jakie s\u0105 r\u00f3\u017cnice [&hellip;]","og_url":"https:\/\/propedis.pl\/sklep\/produkt\/nagranie-edukacyjne-rola-stopy-w-fizjoterapii-ortopedycznej-i-neurologicznej-wywiad-z-joanna-tokarska\/","og_site_name":"Pro Pedis - Profesjonalnie dla st\u00f3p","article_modified_time":"2026-04-16T12:32:48+00:00","og_image":[{"width":1920,"height":1920,"url":"https:\/\/propedis.pl\/sklep\/wp-content\/uploads\/2022\/07\/OP_NAGRANIE_rola-stopy.jpg","type":"image\/jpeg"}],"twitter_card":"summary_large_image","twitter_misc":{"Szacowany czas czytania":"2 minuty"},"schema":{"@context":"https:\/\/schema.org","@graph":[{"@type":"WebPage","@id":"https:\/\/propedis.pl\/sklep\/produkt\/nagranie-edukacyjne-rola-stopy-w-fizjoterapii-ortopedycznej-i-neurologicznej-wywiad-z-joanna-tokarska\/","url":"https:\/\/propedis.pl\/sklep\/produkt\/nagranie-edukacyjne-rola-stopy-w-fizjoterapii-ortopedycznej-i-neurologicznej-wywiad-z-joanna-tokarska\/","name":"Nagranie edukacyjne: Rola stopy w fizjoterapii ortopedycznej i neurologicznej - wywiad z Joann\u0105 Tokarsk\u0105 - Pro Pedis - Profesjonalnie dla st\u00f3p","isPartOf":{"@id":"https:\/\/propedis.pl\/sklep\/#website"},"primaryImageOfPage":{"@id":"https:\/\/propedis.pl\/sklep\/produkt\/nagranie-edukacyjne-rola-stopy-w-fizjoterapii-ortopedycznej-i-neurologicznej-wywiad-z-joanna-tokarska\/#primaryimage"},"image":{"@id":"https:\/\/propedis.pl\/sklep\/produkt\/nagranie-edukacyjne-rola-stopy-w-fizjoterapii-ortopedycznej-i-neurologicznej-wywiad-z-joanna-tokarska\/#primaryimage"},"thumbnailUrl":"https:\/\/propedis.pl\/sklep\/wp-content\/uploads\/2022\/07\/OP_NAGRANIE_rola-stopy.jpg","datePublished":"2022-07-26T13:14:39+00:00","dateModified":"2026-04-16T12:32:48+00:00","breadcrumb":{"@id":"https:\/\/propedis.pl\/sklep\/produkt\/nagranie-edukacyjne-rola-stopy-w-fizjoterapii-ortopedycznej-i-neurologicznej-wywiad-z-joanna-tokarska\/#breadcrumb"},"inLanguage":"pl-PL","potentialAction":[{"@type":"ReadAction","target":["https:\/\/propedis.pl\/sklep\/produkt\/nagranie-edukacyjne-rola-stopy-w-fizjoterapii-ortopedycznej-i-neurologicznej-wywiad-z-joanna-tokarska\/"]}]},{"@type":"ImageObject","inLanguage":"pl-PL","@id":"https:\/\/propedis.pl\/sklep\/produkt\/nagranie-edukacyjne-rola-stopy-w-fizjoterapii-ortopedycznej-i-neurologicznej-wywiad-z-joanna-tokarska\/#primaryimage","url":"https:\/\/propedis.pl\/sklep\/wp-content\/uploads\/2022\/07\/OP_NAGRANIE_rola-stopy.jpg","contentUrl":"https:\/\/propedis.pl\/sklep\/wp-content\/uploads\/2022\/07\/OP_NAGRANIE_rola-stopy.jpg","width":1920,"height":1920},{"@type":"BreadcrumbList","@id":"https:\/\/propedis.pl\/sklep\/produkt\/nagranie-edukacyjne-rola-stopy-w-fizjoterapii-ortopedycznej-i-neurologicznej-wywiad-z-joanna-tokarska\/#breadcrumb","itemListElement":[{"@type":"ListItem","position":1,"name":"Strona g\u0142\u00f3wna","item":"https:\/\/propedis.pl\/sklep\/"},{"@type":"ListItem","position":2,"name":"Sklep","item":"https:\/\/propedis.pl\/sklep\/produkty\/"},{"@type":"ListItem","position":3,"name":"Kursy i szkolenia","item":"https:\/\/propedis.pl\/sklep\/kategoria-produktu\/szkolenia\/"},{"@type":"ListItem","position":4,"name":"Szkolenia online","item":"https:\/\/propedis.pl\/sklep\/kategoria-produktu\/szkolenia\/nagrania-edukacyjne-i-publikacje\/"},{"@type":"ListItem","position":5,"name":"Nagranie edukacyjne: Rola stopy w fizjoterapii ortopedycznej i neurologicznej &#8211; wywiad z Joann\u0105 Tokarsk\u0105"}]},{"@type":"WebSite","@id":"https:\/\/propedis.pl\/sklep\/#website","url":"https:\/\/propedis.pl\/sklep\/","name":"Pro Pedis - Profesjonalnie dla st\u00f3p","description":"","potentialAction":[{"@type":"SearchAction","target":{"@type":"EntryPoint","urlTemplate":"https:\/\/propedis.pl\/sklep\/?s={search_term_string}"},"query-input":{"@type":"PropertyValueSpecification","valueRequired":true,"valueName":"search_term_string"}}],"inLanguage":"pl-PL"}]}},"_links":{"self":[{"href":"https:\/\/propedis.pl\/sklep\/wp-json\/wp\/v2\/product\/187643","targetHints":{"allow":["GET"]}}],"collection":[{"href":"https:\/\/propedis.pl\/sklep\/wp-json\/wp\/v2\/product"}],"about":[{"href":"https:\/\/propedis.pl\/sklep\/wp-json\/wp\/v2\/types\/product"}],"wp:featuredmedia":[{"embeddable":true,"href":"https:\/\/propedis.pl\/sklep\/wp-json\/wp\/v2\/media\/203767"}],"wp:attachment":[{"href":"https:\/\/propedis.pl\/sklep\/wp-json\/wp\/v2\/media?parent=187643"}],"wp:term":[{"taxonomy":"product_brand","embeddable":true,"href":"https:\/\/propedis.pl\/sklep\/wp-json\/wp\/v2\/product_brand?post=187643"},{"taxonomy":"product_cat","embeddable":true,"href":"https:\/\/propedis.pl\/sklep\/wp-json\/wp\/v2\/product_cat?post=187643"},{"taxonomy":"product_tag","embeddable":true,"href":"https:\/\/propedis.pl\/sklep\/wp-json\/wp\/v2\/product_tag?post=187643"}],"curies":[{"name":"wp","href":"https:\/\/api.w.org\/{rel}","templated":true}]}}