{"id":192911,"date":"2023-09-27T11:40:39","date_gmt":"2023-09-27T09:40:39","guid":{"rendered":"https:\/\/propedis.pl\/sklep\/?post_type=product&#038;p=192911"},"modified":"2026-02-26T11:51:59","modified_gmt":"2026-02-26T10:51:59","slug":"alcantra-0-80-mm-poron-1-6-mm","status":"publish","type":"product","link":"https:\/\/propedis.pl\/sklep\/produkt\/alcantra-0-80-mm-poron-1-6-mm\/","title":{"rendered":"ALCANTRA 0.80 mm + PORON 1.6 mm"},"content":{"rendered":"<p>Materia\u0142 pokryciowy dwuwarstwowy: po\u0142\u0105czenie materia\u0142u pokryciowego (Alcantra 0,8 mm) oraz materia\u0142u odci\u0105\u017caj\u0105cego Poron (1.6 mm).<\/p>\n<p>Materia\u0142 stosowany jako pokrycie przy bazie wk\u0142adkowej.<\/p>\n<p>Poron dzi\u0119ki swojej <strong>mi\u0119kko\u015bci<\/strong> nadaje komfortu ka\u017cdej wk\u0142adce, za\u015b materia\u0142 z wierzchu redukuje przesuwanie stopy w bucie zapewniaj\u0105c dodatkow\u0105 stabilizacje.<\/p>\n<p>Materia\u0142 odci\u0105\u017caj\u0105cy amortyzuje i redukuje si\u0142y naciski przy stosowanych twardych korekcjach.<\/p>\n<p>Dwustronny materia\u0142 znakomicie nadaje si\u0119 jako pokrycie ka\u017cdej bazy wk\u0142adkowej. Jest niezast\u0105piony dla wk\u0142adek <strong>Realux, Norit, Resine<\/strong> oraz Blue<strong> soft azur<\/strong>.<\/p>\n<p><span style=\"font-weight: 400;\">Wymiary 50 x 137 cm<\/span><\/p>\n<p><a href=\"https:\/\/vimeo.com\/manage\/videos\/868460317\/511fd01eed\">https:\/\/vimeo.com\/manage\/videos\/868460317\/511fd01eed<\/a><\/p>\n<p>&nbsp;<\/p>\n","protected":false},"excerpt":{"rendered":"<p>Materia\u0142 pokryciowy dwuwarstwowy: po\u0142\u0105czenie materia\u0142u pokryciowego (Alcantra 0,8 mm) oraz materia\u0142u odci\u0105\u017caj\u0105cego Poron (1.6 mm). Materia\u0142 stosowany jako pokrycie przy bazie wk\u0142adkowej. Poron dzi\u0119ki swojej mi\u0119kko\u015bci nadaje komfortu ka\u017cdej wk\u0142adce, za\u015b materia\u0142 z wierzchu redukuje przesuwanie stopy w bucie zapewniaj\u0105c dodatkow\u0105 stabilizacje. Materia\u0142 odci\u0105\u017caj\u0105cy amortyzuje i redukuje si\u0142y naciski przy stosowanych twardych korekcjach. Dwustronny materia\u0142 [&hellip;]<\/p>\n","protected":false},"featured_media":192912,"template":"","meta":{"ep_exclude_from_search":false},"product_brand":[],"product_cat":[405,419],"product_tag":[],"class_list":{"0":"post-192911","1":"product","2":"type-product","3":"status-publish","4":"has-post-thumbnail","6":"product_cat-materialy-i-elementy-korygujace","7":"product_cat-materialy-pokryciowe","8":"pa_grubosc-1-5","10":"first","11":"onbackorder","12":"taxable","13":"shipping-taxable","14":"purchasable","15":"product-type-simple"},"yoast_head":"<!-- This site is optimized with the Yoast SEO Premium plugin v26.3 (Yoast SEO v27.4) - https:\/\/yoast.com\/product\/yoast-seo-premium-wordpress\/ -->\n<title>ALCANTRA 0.80 mm + PORON 1.6 mm - Pro Pedis - Profesjonalnie dla st\u00f3p<\/title>\n<meta name=\"robots\" content=\"index, follow, max-snippet:-1, max-image-preview:large, max-video-preview:-1\" \/>\n<link rel=\"canonical\" href=\"https:\/\/propedis.pl\/sklep\/produkt\/alcantra-0-80-mm-poron-1-6-mm\/\" \/>\n<meta property=\"og:locale\" content=\"pl_PL\" \/>\n<meta property=\"og:type\" content=\"article\" \/>\n<meta property=\"og:title\" content=\"ALCANTRA 0.80 mm + PORON 1.6 mm\" \/>\n<meta property=\"og:description\" content=\"Materia\u0142 pokryciowy dwuwarstwowy: po\u0142\u0105czenie materia\u0142u pokryciowego (Alcantra 0,8 mm) oraz materia\u0142u odci\u0105\u017caj\u0105cego Poron (1.6 mm). Materia\u0142 stosowany jako pokrycie przy bazie wk\u0142adkowej. Poron dzi\u0119ki swojej mi\u0119kko\u015bci nadaje komfortu ka\u017cdej wk\u0142adce, za\u015b materia\u0142 z wierzchu redukuje przesuwanie stopy w bucie zapewniaj\u0105c dodatkow\u0105 stabilizacje. Materia\u0142 odci\u0105\u017caj\u0105cy amortyzuje i redukuje si\u0142y naciski przy stosowanych twardych korekcjach. Dwustronny materia\u0142 [&hellip;]\" \/>\n<meta property=\"og:url\" content=\"https:\/\/propedis.pl\/sklep\/produkt\/alcantra-0-80-mm-poron-1-6-mm\/\" \/>\n<meta property=\"og:site_name\" content=\"Pro Pedis - Profesjonalnie dla st\u00f3p\" \/>\n<meta property=\"article:modified_time\" content=\"2026-02-26T10:51:59+00:00\" \/>\n<meta property=\"og:image\" content=\"https:\/\/propedis.pl\/sklep\/wp-content\/uploads\/2023\/09\/Zdjecie-6.jpg\" \/>\n\t<meta property=\"og:image:width\" content=\"1536\" \/>\n\t<meta property=\"og:image:height\" content=\"2048\" \/>\n\t<meta property=\"og:image:type\" content=\"image\/jpeg\" \/>\n<meta name=\"twitter:card\" content=\"summary_large_image\" \/>\n<meta name=\"twitter:label1\" content=\"Szacowany czas czytania\" \/>\n\t<meta name=\"twitter:data1\" content=\"1 minuta\" \/>\n<script type=\"application\/ld+json\" class=\"yoast-schema-graph\">{\"@context\":\"https:\\\/\\\/schema.org\",\"@graph\":[{\"@type\":\"WebPage\",\"@id\":\"https:\\\/\\\/propedis.pl\\\/sklep\\\/produkt\\\/alcantra-0-80-mm-poron-1-6-mm\\\/\",\"url\":\"https:\\\/\\\/propedis.pl\\\/sklep\\\/produkt\\\/alcantra-0-80-mm-poron-1-6-mm\\\/\",\"name\":\"ALCANTRA 0.80 mm + PORON 1.6 mm - Pro Pedis - Profesjonalnie dla st\u00f3p\",\"isPartOf\":{\"@id\":\"https:\\\/\\\/propedis.pl\\\/sklep\\\/#website\"},\"primaryImageOfPage\":{\"@id\":\"https:\\\/\\\/propedis.pl\\\/sklep\\\/produkt\\\/alcantra-0-80-mm-poron-1-6-mm\\\/#primaryimage\"},\"image\":{\"@id\":\"https:\\\/\\\/propedis.pl\\\/sklep\\\/produkt\\\/alcantra-0-80-mm-poron-1-6-mm\\\/#primaryimage\"},\"thumbnailUrl\":\"https:\\\/\\\/propedis.pl\\\/sklep\\\/wp-content\\\/uploads\\\/2023\\\/09\\\/Zdjecie-6.jpg\",\"datePublished\":\"2023-09-27T09:40:39+00:00\",\"dateModified\":\"2026-02-26T10:51:59+00:00\",\"breadcrumb\":{\"@id\":\"https:\\\/\\\/propedis.pl\\\/sklep\\\/produkt\\\/alcantra-0-80-mm-poron-1-6-mm\\\/#breadcrumb\"},\"inLanguage\":\"pl-PL\",\"potentialAction\":[{\"@type\":\"ReadAction\",\"target\":[\"https:\\\/\\\/propedis.pl\\\/sklep\\\/produkt\\\/alcantra-0-80-mm-poron-1-6-mm\\\/\"]}]},{\"@type\":\"ImageObject\",\"inLanguage\":\"pl-PL\",\"@id\":\"https:\\\/\\\/propedis.pl\\\/sklep\\\/produkt\\\/alcantra-0-80-mm-poron-1-6-mm\\\/#primaryimage\",\"url\":\"https:\\\/\\\/propedis.pl\\\/sklep\\\/wp-content\\\/uploads\\\/2023\\\/09\\\/Zdjecie-6.jpg\",\"contentUrl\":\"https:\\\/\\\/propedis.pl\\\/sklep\\\/wp-content\\\/uploads\\\/2023\\\/09\\\/Zdjecie-6.jpg\",\"width\":1536,\"height\":2048},{\"@type\":\"BreadcrumbList\",\"@id\":\"https:\\\/\\\/propedis.pl\\\/sklep\\\/produkt\\\/alcantra-0-80-mm-poron-1-6-mm\\\/#breadcrumb\",\"itemListElement\":[{\"@type\":\"ListItem\",\"position\":1,\"name\":\"Strona g\u0142\u00f3wna\",\"item\":\"https:\\\/\\\/propedis.pl\\\/sklep\\\/\"},{\"@type\":\"ListItem\",\"position\":2,\"name\":\"Sklep\",\"item\":\"https:\\\/\\\/propedis.pl\\\/sklep\\\/produkty\\\/\"},{\"@type\":\"ListItem\",\"position\":3,\"name\":\"Materia\u0142y i elementy koryguj\u0105ce\",\"item\":\"https:\\\/\\\/propedis.pl\\\/sklep\\\/kategoria-produktu\\\/materialy-i-elementy-korygujace\\\/\"},{\"@type\":\"ListItem\",\"position\":4,\"name\":\"Materia\u0142y pokryciowe\",\"item\":\"https:\\\/\\\/propedis.pl\\\/sklep\\\/kategoria-produktu\\\/materialy-i-elementy-korygujace\\\/materialy-pokryciowe\\\/\"},{\"@type\":\"ListItem\",\"position\":5,\"name\":\"ALCANTRA 0.80 mm + PORON 1.6 mm\"}]},{\"@type\":\"WebSite\",\"@id\":\"https:\\\/\\\/propedis.pl\\\/sklep\\\/#website\",\"url\":\"https:\\\/\\\/propedis.pl\\\/sklep\\\/\",\"name\":\"Pro Pedis - Profesjonalnie dla st\u00f3p\",\"description\":\"\",\"potentialAction\":[{\"@type\":\"SearchAction\",\"target\":{\"@type\":\"EntryPoint\",\"urlTemplate\":\"https:\\\/\\\/propedis.pl\\\/sklep\\\/?s={search_term_string}\"},\"query-input\":{\"@type\":\"PropertyValueSpecification\",\"valueRequired\":true,\"valueName\":\"search_term_string\"}}],\"inLanguage\":\"pl-PL\"}]}<\/script>\n<!-- \/ Yoast SEO Premium plugin. -->","yoast_head_json":{"title":"ALCANTRA 0.80 mm + PORON 1.6 mm - Pro Pedis - Profesjonalnie dla st\u00f3p","robots":{"index":"index","follow":"follow","max-snippet":"max-snippet:-1","max-image-preview":"max-image-preview:large","max-video-preview":"max-video-preview:-1"},"canonical":"https:\/\/propedis.pl\/sklep\/produkt\/alcantra-0-80-mm-poron-1-6-mm\/","og_locale":"pl_PL","og_type":"article","og_title":"ALCANTRA 0.80 mm + PORON 1.6 mm","og_description":"Materia\u0142 pokryciowy dwuwarstwowy: po\u0142\u0105czenie materia\u0142u pokryciowego (Alcantra 0,8 mm) oraz materia\u0142u odci\u0105\u017caj\u0105cego Poron (1.6 mm). Materia\u0142 stosowany jako pokrycie przy bazie wk\u0142adkowej. Poron dzi\u0119ki swojej mi\u0119kko\u015bci nadaje komfortu ka\u017cdej wk\u0142adce, za\u015b materia\u0142 z wierzchu redukuje przesuwanie stopy w bucie zapewniaj\u0105c dodatkow\u0105 stabilizacje. Materia\u0142 odci\u0105\u017caj\u0105cy amortyzuje i redukuje si\u0142y naciski przy stosowanych twardych korekcjach. Dwustronny materia\u0142 [&hellip;]","og_url":"https:\/\/propedis.pl\/sklep\/produkt\/alcantra-0-80-mm-poron-1-6-mm\/","og_site_name":"Pro Pedis - Profesjonalnie dla st\u00f3p","article_modified_time":"2026-02-26T10:51:59+00:00","og_image":[{"width":1536,"height":2048,"url":"https:\/\/propedis.pl\/sklep\/wp-content\/uploads\/2023\/09\/Zdjecie-6.jpg","type":"image\/jpeg"}],"twitter_card":"summary_large_image","twitter_misc":{"Szacowany czas czytania":"1 minuta"},"schema":{"@context":"https:\/\/schema.org","@graph":[{"@type":"WebPage","@id":"https:\/\/propedis.pl\/sklep\/produkt\/alcantra-0-80-mm-poron-1-6-mm\/","url":"https:\/\/propedis.pl\/sklep\/produkt\/alcantra-0-80-mm-poron-1-6-mm\/","name":"ALCANTRA 0.80 mm + PORON 1.6 mm - Pro Pedis - Profesjonalnie dla st\u00f3p","isPartOf":{"@id":"https:\/\/propedis.pl\/sklep\/#website"},"primaryImageOfPage":{"@id":"https:\/\/propedis.pl\/sklep\/produkt\/alcantra-0-80-mm-poron-1-6-mm\/#primaryimage"},"image":{"@id":"https:\/\/propedis.pl\/sklep\/produkt\/alcantra-0-80-mm-poron-1-6-mm\/#primaryimage"},"thumbnailUrl":"https:\/\/propedis.pl\/sklep\/wp-content\/uploads\/2023\/09\/Zdjecie-6.jpg","datePublished":"2023-09-27T09:40:39+00:00","dateModified":"2026-02-26T10:51:59+00:00","breadcrumb":{"@id":"https:\/\/propedis.pl\/sklep\/produkt\/alcantra-0-80-mm-poron-1-6-mm\/#breadcrumb"},"inLanguage":"pl-PL","potentialAction":[{"@type":"ReadAction","target":["https:\/\/propedis.pl\/sklep\/produkt\/alcantra-0-80-mm-poron-1-6-mm\/"]}]},{"@type":"ImageObject","inLanguage":"pl-PL","@id":"https:\/\/propedis.pl\/sklep\/produkt\/alcantra-0-80-mm-poron-1-6-mm\/#primaryimage","url":"https:\/\/propedis.pl\/sklep\/wp-content\/uploads\/2023\/09\/Zdjecie-6.jpg","contentUrl":"https:\/\/propedis.pl\/sklep\/wp-content\/uploads\/2023\/09\/Zdjecie-6.jpg","width":1536,"height":2048},{"@type":"BreadcrumbList","@id":"https:\/\/propedis.pl\/sklep\/produkt\/alcantra-0-80-mm-poron-1-6-mm\/#breadcrumb","itemListElement":[{"@type":"ListItem","position":1,"name":"Strona g\u0142\u00f3wna","item":"https:\/\/propedis.pl\/sklep\/"},{"@type":"ListItem","position":2,"name":"Sklep","item":"https:\/\/propedis.pl\/sklep\/produkty\/"},{"@type":"ListItem","position":3,"name":"Materia\u0142y i elementy koryguj\u0105ce","item":"https:\/\/propedis.pl\/sklep\/kategoria-produktu\/materialy-i-elementy-korygujace\/"},{"@type":"ListItem","position":4,"name":"Materia\u0142y pokryciowe","item":"https:\/\/propedis.pl\/sklep\/kategoria-produktu\/materialy-i-elementy-korygujace\/materialy-pokryciowe\/"},{"@type":"ListItem","position":5,"name":"ALCANTRA 0.80 mm + PORON 1.6 mm"}]},{"@type":"WebSite","@id":"https:\/\/propedis.pl\/sklep\/#website","url":"https:\/\/propedis.pl\/sklep\/","name":"Pro Pedis - Profesjonalnie dla st\u00f3p","description":"","potentialAction":[{"@type":"SearchAction","target":{"@type":"EntryPoint","urlTemplate":"https:\/\/propedis.pl\/sklep\/?s={search_term_string}"},"query-input":{"@type":"PropertyValueSpecification","valueRequired":true,"valueName":"search_term_string"}}],"inLanguage":"pl-PL"}]}},"_links":{"self":[{"href":"https:\/\/propedis.pl\/sklep\/wp-json\/wp\/v2\/product\/192911","targetHints":{"allow":["GET"]}}],"collection":[{"href":"https:\/\/propedis.pl\/sklep\/wp-json\/wp\/v2\/product"}],"about":[{"href":"https:\/\/propedis.pl\/sklep\/wp-json\/wp\/v2\/types\/product"}],"wp:featuredmedia":[{"embeddable":true,"href":"https:\/\/propedis.pl\/sklep\/wp-json\/wp\/v2\/media\/192912"}],"wp:attachment":[{"href":"https:\/\/propedis.pl\/sklep\/wp-json\/wp\/v2\/media?parent=192911"}],"wp:term":[{"taxonomy":"product_brand","embeddable":true,"href":"https:\/\/propedis.pl\/sklep\/wp-json\/wp\/v2\/product_brand?post=192911"},{"taxonomy":"product_cat","embeddable":true,"href":"https:\/\/propedis.pl\/sklep\/wp-json\/wp\/v2\/product_cat?post=192911"},{"taxonomy":"product_tag","embeddable":true,"href":"https:\/\/propedis.pl\/sklep\/wp-json\/wp\/v2\/product_tag?post=192911"}],"curies":[{"name":"wp","href":"https:\/\/api.w.org\/{rel}","templated":true}]}}