{"id":2002,"date":"2020-01-24T13:01:50","date_gmt":"2020-01-24T12:01:50","guid":{"rendered":"https:\/\/propedis.pl\/sklep\/?post_type=product&#038;p=2002"},"modified":"2026-04-10T17:05:42","modified_gmt":"2026-04-10T15:05:42","slug":"pelota-metatarsalna-ksztalt-t-zestaw-5-par","status":"publish","type":"product","link":"https:\/\/propedis.pl\/sklep\/produkt\/pelota-metatarsalna-ksztalt-t-zestaw-5-par\/","title":{"rendered":"Pelota metatarsalna &#8211; kszta\u0142t &#8220;T&#8221;"},"content":{"rendered":"<p><strong>Pelota metatarsalna<\/strong> \u2013 przeznaczona do stosowania pod podeszwow\u0105 stron\u0119 stopy (wpasowujemy j\u0105 poni\u017cej g\u0142\u00f3wek ko\u015bci \u015br\u00f3dstopia). Stymuluje \u0142uk poprzeczny oraz zmienia rozk\u0142ad nacisku na g\u0142\u00f3wki ko\u015bci \u015br\u00f3dstopia. Pelota zalecana jest przy korekcji p\u0142askostopia poprzecznego. Unosi ona \u0142uk poprzeczny stopy przez co zmniejsza przeci\u0105\u017cenia w obr\u0119bie przodostopia. Pomocna w zaburzeniach przeci\u0105\u017ceniowych, stanach zapalnych, przy \u015bcie\u0144cza\u0142ej wy\u015bci\u00f3\u0142ce t\u0142uszczowej, nawracaj\u0105cych odciskach w obr\u0119bie przodostopia, Zapobiega powstawaniu i utrwalaniu si\u0119 palc\u00f3w m\u0142otkowatych.<\/p>\n<p><strong>Wyst\u0119puje w kilku rozmiarach i grubo\u015bciach.<\/strong><\/p>\n","protected":false},"excerpt":{"rendered":"<p>Elementy koryguj\u0105ce przodostopie. Zestaw 5 par\/rozmiar.<\/p>\n","protected":false},"featured_media":5789,"template":"","meta":{"ep_exclude_from_search":false},"product_brand":[],"product_cat":[411,405],"product_tag":[],"class_list":{"0":"post-2002","1":"product","2":"type-product","3":"status-publish","4":"has-post-thumbnail","6":"product_cat-elementy-korygujace-materialy-i-elementy-korygujace","7":"product_cat-materialy-i-elementy-korygujace","9":"first","10":"instock","11":"taxable","12":"shipping-taxable","13":"purchasable","14":"product-type-variable"},"yoast_head":"<!-- This site is optimized with the Yoast SEO Premium plugin v26.3 (Yoast SEO v27.4) - https:\/\/yoast.com\/product\/yoast-seo-premium-wordpress\/ -->\n<title>Pelota metatarsalna - kszta\u0142t &quot;T&quot; - Pro Pedis - Profesjonalnie dla st\u00f3p<\/title>\n<meta name=\"robots\" content=\"index, follow, max-snippet:-1, max-image-preview:large, max-video-preview:-1\" \/>\n<link rel=\"canonical\" href=\"https:\/\/propedis.pl\/sklep\/produkt\/pelota-metatarsalna-ksztalt-t-zestaw-5-par\/\" \/>\n<meta property=\"og:locale\" content=\"pl_PL\" \/>\n<meta property=\"og:type\" content=\"article\" \/>\n<meta property=\"og:title\" content=\"Pelota metatarsalna - kszta\u0142t &quot;T&quot;\" \/>\n<meta property=\"og:description\" content=\"Elementy koryguj\u0105ce przodostopie. Zestaw 5 par\/rozmiar.\" \/>\n<meta property=\"og:url\" content=\"https:\/\/propedis.pl\/sklep\/produkt\/pelota-metatarsalna-ksztalt-t-zestaw-5-par\/\" \/>\n<meta property=\"og:site_name\" content=\"Pro Pedis - Profesjonalnie dla st\u00f3p\" \/>\n<meta property=\"article:modified_time\" content=\"2026-04-10T15:05:42+00:00\" \/>\n<meta property=\"og:image\" content=\"https:\/\/propedis.pl\/sklep\/wp-content\/uploads\/2020\/03\/2152_pelota-metatarsalna-ksztalt-T-2.jpg\" \/>\n\t<meta property=\"og:image:width\" content=\"500\" \/>\n\t<meta property=\"og:image:height\" content=\"500\" \/>\n\t<meta property=\"og:image:type\" content=\"image\/jpeg\" \/>\n<meta name=\"twitter:card\" content=\"summary_large_image\" \/>\n<meta name=\"twitter:label1\" content=\"Szacowany czas czytania\" \/>\n\t<meta name=\"twitter:data1\" content=\"1 minuta\" \/>\n<script type=\"application\/ld+json\" class=\"yoast-schema-graph\">{\"@context\":\"https:\\\/\\\/schema.org\",\"@graph\":[{\"@type\":\"WebPage\",\"@id\":\"https:\\\/\\\/propedis.pl\\\/sklep\\\/produkt\\\/pelota-metatarsalna-ksztalt-t-zestaw-5-par\\\/\",\"url\":\"https:\\\/\\\/propedis.pl\\\/sklep\\\/produkt\\\/pelota-metatarsalna-ksztalt-t-zestaw-5-par\\\/\",\"name\":\"Pelota metatarsalna - kszta\u0142t \\\"T\\\" - Pro Pedis - Profesjonalnie dla st\u00f3p\",\"isPartOf\":{\"@id\":\"https:\\\/\\\/propedis.pl\\\/sklep\\\/#website\"},\"primaryImageOfPage\":{\"@id\":\"https:\\\/\\\/propedis.pl\\\/sklep\\\/produkt\\\/pelota-metatarsalna-ksztalt-t-zestaw-5-par\\\/#primaryimage\"},\"image\":{\"@id\":\"https:\\\/\\\/propedis.pl\\\/sklep\\\/produkt\\\/pelota-metatarsalna-ksztalt-t-zestaw-5-par\\\/#primaryimage\"},\"thumbnailUrl\":\"https:\\\/\\\/propedis.pl\\\/sklep\\\/wp-content\\\/uploads\\\/2020\\\/03\\\/2152_pelota-metatarsalna-ksztalt-T-2.jpg\",\"datePublished\":\"2020-01-24T12:01:50+00:00\",\"dateModified\":\"2026-04-10T15:05:42+00:00\",\"breadcrumb\":{\"@id\":\"https:\\\/\\\/propedis.pl\\\/sklep\\\/produkt\\\/pelota-metatarsalna-ksztalt-t-zestaw-5-par\\\/#breadcrumb\"},\"inLanguage\":\"pl-PL\",\"potentialAction\":[{\"@type\":\"ReadAction\",\"target\":[\"https:\\\/\\\/propedis.pl\\\/sklep\\\/produkt\\\/pelota-metatarsalna-ksztalt-t-zestaw-5-par\\\/\"]}]},{\"@type\":\"ImageObject\",\"inLanguage\":\"pl-PL\",\"@id\":\"https:\\\/\\\/propedis.pl\\\/sklep\\\/produkt\\\/pelota-metatarsalna-ksztalt-t-zestaw-5-par\\\/#primaryimage\",\"url\":\"https:\\\/\\\/propedis.pl\\\/sklep\\\/wp-content\\\/uploads\\\/2020\\\/03\\\/2152_pelota-metatarsalna-ksztalt-T-2.jpg\",\"contentUrl\":\"https:\\\/\\\/propedis.pl\\\/sklep\\\/wp-content\\\/uploads\\\/2020\\\/03\\\/2152_pelota-metatarsalna-ksztalt-T-2.jpg\",\"width\":500,\"height\":500},{\"@type\":\"BreadcrumbList\",\"@id\":\"https:\\\/\\\/propedis.pl\\\/sklep\\\/produkt\\\/pelota-metatarsalna-ksztalt-t-zestaw-5-par\\\/#breadcrumb\",\"itemListElement\":[{\"@type\":\"ListItem\",\"position\":1,\"name\":\"Strona g\u0142\u00f3wna\",\"item\":\"https:\\\/\\\/propedis.pl\\\/sklep\\\/\"},{\"@type\":\"ListItem\",\"position\":2,\"name\":\"Sklep\",\"item\":\"https:\\\/\\\/propedis.pl\\\/sklep\\\/produkty\\\/\"},{\"@type\":\"ListItem\",\"position\":3,\"name\":\"Materia\u0142y i elementy koryguj\u0105ce\",\"item\":\"https:\\\/\\\/propedis.pl\\\/sklep\\\/kategoria-produktu\\\/materialy-i-elementy-korygujace\\\/\"},{\"@type\":\"ListItem\",\"position\":4,\"name\":\"Elementy koryguj\u0105ce\",\"item\":\"https:\\\/\\\/propedis.pl\\\/sklep\\\/kategoria-produktu\\\/materialy-i-elementy-korygujace\\\/elementy-korygujace-materialy-i-elementy-korygujace\\\/\"},{\"@type\":\"ListItem\",\"position\":5,\"name\":\"Pelota metatarsalna &#8211; kszta\u0142t &#8222;T&#8221;\"}]},{\"@type\":\"WebSite\",\"@id\":\"https:\\\/\\\/propedis.pl\\\/sklep\\\/#website\",\"url\":\"https:\\\/\\\/propedis.pl\\\/sklep\\\/\",\"name\":\"Pro Pedis - Profesjonalnie dla st\u00f3p\",\"description\":\"\",\"potentialAction\":[{\"@type\":\"SearchAction\",\"target\":{\"@type\":\"EntryPoint\",\"urlTemplate\":\"https:\\\/\\\/propedis.pl\\\/sklep\\\/?s={search_term_string}\"},\"query-input\":{\"@type\":\"PropertyValueSpecification\",\"valueRequired\":true,\"valueName\":\"search_term_string\"}}],\"inLanguage\":\"pl-PL\"}]}<\/script>\n<!-- \/ Yoast SEO Premium plugin. -->","yoast_head_json":{"title":"Pelota metatarsalna - kszta\u0142t \"T\" - Pro Pedis - Profesjonalnie dla st\u00f3p","robots":{"index":"index","follow":"follow","max-snippet":"max-snippet:-1","max-image-preview":"max-image-preview:large","max-video-preview":"max-video-preview:-1"},"canonical":"https:\/\/propedis.pl\/sklep\/produkt\/pelota-metatarsalna-ksztalt-t-zestaw-5-par\/","og_locale":"pl_PL","og_type":"article","og_title":"Pelota metatarsalna - kszta\u0142t \"T\"","og_description":"Elementy koryguj\u0105ce przodostopie. Zestaw 5 par\/rozmiar.","og_url":"https:\/\/propedis.pl\/sklep\/produkt\/pelota-metatarsalna-ksztalt-t-zestaw-5-par\/","og_site_name":"Pro Pedis - Profesjonalnie dla st\u00f3p","article_modified_time":"2026-04-10T15:05:42+00:00","og_image":[{"width":500,"height":500,"url":"https:\/\/propedis.pl\/sklep\/wp-content\/uploads\/2020\/03\/2152_pelota-metatarsalna-ksztalt-T-2.jpg","type":"image\/jpeg"}],"twitter_card":"summary_large_image","twitter_misc":{"Szacowany czas czytania":"1 minuta"},"schema":{"@context":"https:\/\/schema.org","@graph":[{"@type":"WebPage","@id":"https:\/\/propedis.pl\/sklep\/produkt\/pelota-metatarsalna-ksztalt-t-zestaw-5-par\/","url":"https:\/\/propedis.pl\/sklep\/produkt\/pelota-metatarsalna-ksztalt-t-zestaw-5-par\/","name":"Pelota metatarsalna - kszta\u0142t \"T\" - Pro Pedis - Profesjonalnie dla st\u00f3p","isPartOf":{"@id":"https:\/\/propedis.pl\/sklep\/#website"},"primaryImageOfPage":{"@id":"https:\/\/propedis.pl\/sklep\/produkt\/pelota-metatarsalna-ksztalt-t-zestaw-5-par\/#primaryimage"},"image":{"@id":"https:\/\/propedis.pl\/sklep\/produkt\/pelota-metatarsalna-ksztalt-t-zestaw-5-par\/#primaryimage"},"thumbnailUrl":"https:\/\/propedis.pl\/sklep\/wp-content\/uploads\/2020\/03\/2152_pelota-metatarsalna-ksztalt-T-2.jpg","datePublished":"2020-01-24T12:01:50+00:00","dateModified":"2026-04-10T15:05:42+00:00","breadcrumb":{"@id":"https:\/\/propedis.pl\/sklep\/produkt\/pelota-metatarsalna-ksztalt-t-zestaw-5-par\/#breadcrumb"},"inLanguage":"pl-PL","potentialAction":[{"@type":"ReadAction","target":["https:\/\/propedis.pl\/sklep\/produkt\/pelota-metatarsalna-ksztalt-t-zestaw-5-par\/"]}]},{"@type":"ImageObject","inLanguage":"pl-PL","@id":"https:\/\/propedis.pl\/sklep\/produkt\/pelota-metatarsalna-ksztalt-t-zestaw-5-par\/#primaryimage","url":"https:\/\/propedis.pl\/sklep\/wp-content\/uploads\/2020\/03\/2152_pelota-metatarsalna-ksztalt-T-2.jpg","contentUrl":"https:\/\/propedis.pl\/sklep\/wp-content\/uploads\/2020\/03\/2152_pelota-metatarsalna-ksztalt-T-2.jpg","width":500,"height":500},{"@type":"BreadcrumbList","@id":"https:\/\/propedis.pl\/sklep\/produkt\/pelota-metatarsalna-ksztalt-t-zestaw-5-par\/#breadcrumb","itemListElement":[{"@type":"ListItem","position":1,"name":"Strona g\u0142\u00f3wna","item":"https:\/\/propedis.pl\/sklep\/"},{"@type":"ListItem","position":2,"name":"Sklep","item":"https:\/\/propedis.pl\/sklep\/produkty\/"},{"@type":"ListItem","position":3,"name":"Materia\u0142y i elementy koryguj\u0105ce","item":"https:\/\/propedis.pl\/sklep\/kategoria-produktu\/materialy-i-elementy-korygujace\/"},{"@type":"ListItem","position":4,"name":"Elementy koryguj\u0105ce","item":"https:\/\/propedis.pl\/sklep\/kategoria-produktu\/materialy-i-elementy-korygujace\/elementy-korygujace-materialy-i-elementy-korygujace\/"},{"@type":"ListItem","position":5,"name":"Pelota metatarsalna &#8211; kszta\u0142t &#8222;T&#8221;"}]},{"@type":"WebSite","@id":"https:\/\/propedis.pl\/sklep\/#website","url":"https:\/\/propedis.pl\/sklep\/","name":"Pro Pedis - Profesjonalnie dla st\u00f3p","description":"","potentialAction":[{"@type":"SearchAction","target":{"@type":"EntryPoint","urlTemplate":"https:\/\/propedis.pl\/sklep\/?s={search_term_string}"},"query-input":{"@type":"PropertyValueSpecification","valueRequired":true,"valueName":"search_term_string"}}],"inLanguage":"pl-PL"}]}},"_links":{"self":[{"href":"https:\/\/propedis.pl\/sklep\/wp-json\/wp\/v2\/product\/2002","targetHints":{"allow":["GET"]}}],"collection":[{"href":"https:\/\/propedis.pl\/sklep\/wp-json\/wp\/v2\/product"}],"about":[{"href":"https:\/\/propedis.pl\/sklep\/wp-json\/wp\/v2\/types\/product"}],"wp:featuredmedia":[{"embeddable":true,"href":"https:\/\/propedis.pl\/sklep\/wp-json\/wp\/v2\/media\/5789"}],"wp:attachment":[{"href":"https:\/\/propedis.pl\/sklep\/wp-json\/wp\/v2\/media?parent=2002"}],"wp:term":[{"taxonomy":"product_brand","embeddable":true,"href":"https:\/\/propedis.pl\/sklep\/wp-json\/wp\/v2\/product_brand?post=2002"},{"taxonomy":"product_cat","embeddable":true,"href":"https:\/\/propedis.pl\/sklep\/wp-json\/wp\/v2\/product_cat?post=2002"},{"taxonomy":"product_tag","embeddable":true,"href":"https:\/\/propedis.pl\/sklep\/wp-json\/wp\/v2\/product_tag?post=2002"}],"curies":[{"name":"wp","href":"https:\/\/api.w.org\/{rel}","templated":true}]}}