{"id":203566,"date":"2025-04-24T12:15:54","date_gmt":"2025-04-24T10:15:54","guid":{"rendered":""},"modified":"2026-04-28T12:37:57","modified_gmt":"2026-04-28T10:37:57","slug":"equilibre-mc247","status":"publish","type":"product","link":"https:\/\/propedis.pl\/sklep\/produkt\/equilibre-mc247\/","title":{"rendered":"EQUILIBRE (MC247)"},"content":{"rendered":"<p>Wk\u0142adka termoformowalna <strong>EQUILIBRE (MC247)\u00a0<\/strong> <span style=\"font-weight: 400;\">to model, kt\u00f3ry \u0142\u0105czy cechy<strong> stabilizacji i dobrego podparcia z komfortem st\u00f3p<\/strong> w butach trekkingowych, roboczych, specjalistycznych, sportowych oraz codziennych.<\/span><\/p>\n<p>&nbsp;<\/p>\n<p><span style=\"font-weight: 400;\">Wk\u0142adka ta daje solidne <strong>podparcie i stabilizacj<\/strong>\u0119, dzi\u0119ki zastosowaniu <strong>podw\u00f3jnego sztywnika<\/strong>. Warstwa wykonana z materia\u0142u NovaFlux rougr 1.5 mm<\/span><span style=\"font-weight: 400;\">\u00a0<\/span><span style=\"font-weight: 400;\">zapewnia bardzo dobr\u0105 <strong>stabilizacj\u0119 ty\u0142ostopia,<\/strong> natomiast kolejna warstwa wykonana z materia\u0142u NovaFlex 1 mm daje korekcj\u0119 i <strong>podparcie \u015br\u00f3dstopia<\/strong>, oraz <strong>ukierunkowanie pracy stopy<\/strong>.\u00a0<\/span><\/p>\n<p><span style=\"font-weight: 400;\">Materia\u0142 pokryciowy to imitacja sk\u00f3ry, kt\u00f3ry jest niezwykle odporny, oraz doskonale odprowadza wilgo\u0107 dzi\u0119ki perforacji. Materia\u0142 jest cienki i ma pi\u0119kny jasny kolor.<\/span><\/p>\n<p>&nbsp;<\/p>\n<p><span style=\"font-weight: 400;\">\u015awietnie sprawdzi si\u0119 u nastolatk\u00f3w i senior\u00f3w. M<\/span><span style=\"font-weight: 400;\">odel ch\u0119tnie wybierany zar\u00f3wno przez m\u0119\u017cczyzn jak i kobiety.<\/span><\/p>\n<p>Wk\u0142adka EQUILIBRE wyst\u0119puje na wykrojniku damskim i m\u0119skim. Ten model mo\u017ce by\u0107 zamiennie stosowany z bazami <strong>Brit, Transpaflux oraz Metatarsalgia.<\/strong><\/p>\n<p>&nbsp;<\/p>\n<p>Podgrza\u0107 przez oko\u0142o 1 :30 minuty w temperaturze grzania 85 \u00b0C.<\/p>\n<p>&nbsp;<\/p>\n<p>&nbsp;<\/p>\n","protected":false},"excerpt":{"rendered":"<p>Wk\u0142adka termoformowalna EQUILIBRE (MC247)\u00a0 to model, kt\u00f3ry \u0142\u0105czy cechy stabilizacji i dobrego podparcia z komfortem st\u00f3p w butach trekkingowych, roboczych, specjalistycznych, sportowych oraz codziennych. &nbsp; Wk\u0142adka ta daje solidne podparcie i stabilizacj\u0119, dzi\u0119ki zastosowaniu podw\u00f3jnego sztywnika. Warstwa wykonana z materia\u0142u NovaFlux rougr 1.5 mm\u00a0zapewnia bardzo dobr\u0105 stabilizacj\u0119 ty\u0142ostopia, natomiast kolejna warstwa wykonana z materia\u0142u NovaFlex [&hellip;]<\/p>\n","protected":false},"featured_media":203591,"template":"","meta":{"ep_exclude_from_search":false},"product_brand":[],"product_cat":[15,69],"product_tag":[448,449,446,447],"class_list":{"0":"post-203566","1":"product","2":"type-product","3":"status-publish","4":"has-post-thumbnail","6":"product_cat-wkladki","7":"product_cat-wkladki-specjalistyczne","8":"product_tag-wkladki-do-butow","9":"product_tag-wkladki-specjalistyczne","10":"product_tag-wkladki-termoformowalne","11":"product_tag-wkladki-termoplastyczne","13":"first","14":"instock","15":"featured","16":"taxable","17":"shipping-taxable","18":"purchasable","19":"product-type-variable"},"yoast_head":"<!-- This site is optimized with the Yoast SEO Premium plugin v26.3 (Yoast SEO v27.4) - https:\/\/yoast.com\/product\/yoast-seo-premium-wordpress\/ -->\n<title>EQUILIBRE (MC247) - Pro Pedis - Profesjonalnie dla st\u00f3p<\/title>\n<meta name=\"robots\" content=\"index, follow, max-snippet:-1, max-image-preview:large, max-video-preview:-1\" \/>\n<link rel=\"canonical\" href=\"https:\/\/propedis.pl\/sklep\/produkt\/equilibre-mc247\/\" \/>\n<meta property=\"og:locale\" content=\"pl_PL\" \/>\n<meta property=\"og:type\" content=\"article\" \/>\n<meta property=\"og:title\" content=\"EQUILIBRE (MC247)\" \/>\n<meta property=\"og:description\" content=\"Wk\u0142adka termoformowalna EQUILIBRE (MC247)\u00a0 to model, kt\u00f3ry \u0142\u0105czy cechy stabilizacji i dobrego podparcia z komfortem st\u00f3p w butach trekkingowych, roboczych, specjalistycznych, sportowych oraz codziennych. &nbsp; Wk\u0142adka ta daje solidne podparcie i stabilizacj\u0119, dzi\u0119ki zastosowaniu podw\u00f3jnego sztywnika. Warstwa wykonana z materia\u0142u NovaFlux rougr 1.5 mm\u00a0zapewnia bardzo dobr\u0105 stabilizacj\u0119 ty\u0142ostopia, natomiast kolejna warstwa wykonana z materia\u0142u NovaFlex [&hellip;]\" \/>\n<meta property=\"og:url\" content=\"https:\/\/propedis.pl\/sklep\/produkt\/equilibre-mc247\/\" \/>\n<meta property=\"og:site_name\" content=\"Pro Pedis - Profesjonalnie dla st\u00f3p\" \/>\n<meta property=\"article:modified_time\" content=\"2026-04-28T10:37:57+00:00\" \/>\n<meta property=\"og:image\" content=\"https:\/\/propedis.pl\/sklep\/wp-content\/uploads\/2025\/04\/SEMELLE-EQUILIBRE-dessus-002-scaled.png\" \/>\n\t<meta property=\"og:image:width\" content=\"2560\" \/>\n\t<meta property=\"og:image:height\" content=\"711\" \/>\n\t<meta property=\"og:image:type\" content=\"image\/png\" \/>\n<meta name=\"twitter:card\" content=\"summary_large_image\" \/>\n<meta name=\"twitter:label1\" content=\"Szacowany czas czytania\" \/>\n\t<meta name=\"twitter:data1\" content=\"2 minuty\" \/>\n<script type=\"application\/ld+json\" class=\"yoast-schema-graph\">{\"@context\":\"https:\\\/\\\/schema.org\",\"@graph\":[{\"@type\":\"WebPage\",\"@id\":\"https:\\\/\\\/propedis.pl\\\/sklep\\\/produkt\\\/equilibre-mc247\\\/\",\"url\":\"https:\\\/\\\/propedis.pl\\\/sklep\\\/produkt\\\/equilibre-mc247\\\/\",\"name\":\"EQUILIBRE (MC247) - Pro Pedis - Profesjonalnie dla st\u00f3p\",\"isPartOf\":{\"@id\":\"https:\\\/\\\/propedis.pl\\\/sklep\\\/#website\"},\"primaryImageOfPage\":{\"@id\":\"https:\\\/\\\/propedis.pl\\\/sklep\\\/produkt\\\/equilibre-mc247\\\/#primaryimage\"},\"image\":{\"@id\":\"https:\\\/\\\/propedis.pl\\\/sklep\\\/produkt\\\/equilibre-mc247\\\/#primaryimage\"},\"thumbnailUrl\":\"https:\\\/\\\/propedis.pl\\\/sklep\\\/wp-content\\\/uploads\\\/2025\\\/04\\\/SEMELLE-EQUILIBRE-dessus-002-scaled.png\",\"datePublished\":\"2025-04-24T10:15:54+00:00\",\"dateModified\":\"2026-04-28T10:37:57+00:00\",\"breadcrumb\":{\"@id\":\"https:\\\/\\\/propedis.pl\\\/sklep\\\/produkt\\\/equilibre-mc247\\\/#breadcrumb\"},\"inLanguage\":\"pl-PL\",\"potentialAction\":[{\"@type\":\"ReadAction\",\"target\":[\"https:\\\/\\\/propedis.pl\\\/sklep\\\/produkt\\\/equilibre-mc247\\\/\"]}]},{\"@type\":\"ImageObject\",\"inLanguage\":\"pl-PL\",\"@id\":\"https:\\\/\\\/propedis.pl\\\/sklep\\\/produkt\\\/equilibre-mc247\\\/#primaryimage\",\"url\":\"https:\\\/\\\/propedis.pl\\\/sklep\\\/wp-content\\\/uploads\\\/2025\\\/04\\\/SEMELLE-EQUILIBRE-dessus-002-scaled.png\",\"contentUrl\":\"https:\\\/\\\/propedis.pl\\\/sklep\\\/wp-content\\\/uploads\\\/2025\\\/04\\\/SEMELLE-EQUILIBRE-dessus-002-scaled.png\",\"width\":2560,\"height\":711},{\"@type\":\"BreadcrumbList\",\"@id\":\"https:\\\/\\\/propedis.pl\\\/sklep\\\/produkt\\\/equilibre-mc247\\\/#breadcrumb\",\"itemListElement\":[{\"@type\":\"ListItem\",\"position\":1,\"name\":\"Strona g\u0142\u00f3wna\",\"item\":\"https:\\\/\\\/propedis.pl\\\/sklep\\\/\"},{\"@type\":\"ListItem\",\"position\":2,\"name\":\"Sklep\",\"item\":\"https:\\\/\\\/propedis.pl\\\/sklep\\\/produkty\\\/\"},{\"@type\":\"ListItem\",\"position\":3,\"name\":\"Wk\u0142adki\",\"item\":\"https:\\\/\\\/propedis.pl\\\/sklep\\\/kategoria-produktu\\\/wkladki\\\/\"},{\"@type\":\"ListItem\",\"position\":4,\"name\":\"Wk\u0142adki specjalistyczne\",\"item\":\"https:\\\/\\\/propedis.pl\\\/sklep\\\/kategoria-produktu\\\/wkladki\\\/wkladki-specjalistyczne\\\/\"},{\"@type\":\"ListItem\",\"position\":5,\"name\":\"EQUILIBRE (MC247)\"}]},{\"@type\":\"WebSite\",\"@id\":\"https:\\\/\\\/propedis.pl\\\/sklep\\\/#website\",\"url\":\"https:\\\/\\\/propedis.pl\\\/sklep\\\/\",\"name\":\"Pro Pedis - Profesjonalnie dla st\u00f3p\",\"description\":\"\",\"potentialAction\":[{\"@type\":\"SearchAction\",\"target\":{\"@type\":\"EntryPoint\",\"urlTemplate\":\"https:\\\/\\\/propedis.pl\\\/sklep\\\/?s={search_term_string}\"},\"query-input\":{\"@type\":\"PropertyValueSpecification\",\"valueRequired\":true,\"valueName\":\"search_term_string\"}}],\"inLanguage\":\"pl-PL\"}]}<\/script>\n<!-- \/ Yoast SEO Premium plugin. -->","yoast_head_json":{"title":"EQUILIBRE (MC247) - Pro Pedis - Profesjonalnie dla st\u00f3p","robots":{"index":"index","follow":"follow","max-snippet":"max-snippet:-1","max-image-preview":"max-image-preview:large","max-video-preview":"max-video-preview:-1"},"canonical":"https:\/\/propedis.pl\/sklep\/produkt\/equilibre-mc247\/","og_locale":"pl_PL","og_type":"article","og_title":"EQUILIBRE (MC247)","og_description":"Wk\u0142adka termoformowalna EQUILIBRE (MC247)\u00a0 to model, kt\u00f3ry \u0142\u0105czy cechy stabilizacji i dobrego podparcia z komfortem st\u00f3p w butach trekkingowych, roboczych, specjalistycznych, sportowych oraz codziennych. &nbsp; Wk\u0142adka ta daje solidne podparcie i stabilizacj\u0119, dzi\u0119ki zastosowaniu podw\u00f3jnego sztywnika. Warstwa wykonana z materia\u0142u NovaFlux rougr 1.5 mm\u00a0zapewnia bardzo dobr\u0105 stabilizacj\u0119 ty\u0142ostopia, natomiast kolejna warstwa wykonana z materia\u0142u NovaFlex [&hellip;]","og_url":"https:\/\/propedis.pl\/sklep\/produkt\/equilibre-mc247\/","og_site_name":"Pro Pedis - Profesjonalnie dla st\u00f3p","article_modified_time":"2026-04-28T10:37:57+00:00","og_image":[{"width":2560,"height":711,"url":"https:\/\/propedis.pl\/sklep\/wp-content\/uploads\/2025\/04\/SEMELLE-EQUILIBRE-dessus-002-scaled.png","type":"image\/png"}],"twitter_card":"summary_large_image","twitter_misc":{"Szacowany czas czytania":"2 minuty"},"schema":{"@context":"https:\/\/schema.org","@graph":[{"@type":"WebPage","@id":"https:\/\/propedis.pl\/sklep\/produkt\/equilibre-mc247\/","url":"https:\/\/propedis.pl\/sklep\/produkt\/equilibre-mc247\/","name":"EQUILIBRE (MC247) - Pro Pedis - Profesjonalnie dla st\u00f3p","isPartOf":{"@id":"https:\/\/propedis.pl\/sklep\/#website"},"primaryImageOfPage":{"@id":"https:\/\/propedis.pl\/sklep\/produkt\/equilibre-mc247\/#primaryimage"},"image":{"@id":"https:\/\/propedis.pl\/sklep\/produkt\/equilibre-mc247\/#primaryimage"},"thumbnailUrl":"https:\/\/propedis.pl\/sklep\/wp-content\/uploads\/2025\/04\/SEMELLE-EQUILIBRE-dessus-002-scaled.png","datePublished":"2025-04-24T10:15:54+00:00","dateModified":"2026-04-28T10:37:57+00:00","breadcrumb":{"@id":"https:\/\/propedis.pl\/sklep\/produkt\/equilibre-mc247\/#breadcrumb"},"inLanguage":"pl-PL","potentialAction":[{"@type":"ReadAction","target":["https:\/\/propedis.pl\/sklep\/produkt\/equilibre-mc247\/"]}]},{"@type":"ImageObject","inLanguage":"pl-PL","@id":"https:\/\/propedis.pl\/sklep\/produkt\/equilibre-mc247\/#primaryimage","url":"https:\/\/propedis.pl\/sklep\/wp-content\/uploads\/2025\/04\/SEMELLE-EQUILIBRE-dessus-002-scaled.png","contentUrl":"https:\/\/propedis.pl\/sklep\/wp-content\/uploads\/2025\/04\/SEMELLE-EQUILIBRE-dessus-002-scaled.png","width":2560,"height":711},{"@type":"BreadcrumbList","@id":"https:\/\/propedis.pl\/sklep\/produkt\/equilibre-mc247\/#breadcrumb","itemListElement":[{"@type":"ListItem","position":1,"name":"Strona g\u0142\u00f3wna","item":"https:\/\/propedis.pl\/sklep\/"},{"@type":"ListItem","position":2,"name":"Sklep","item":"https:\/\/propedis.pl\/sklep\/produkty\/"},{"@type":"ListItem","position":3,"name":"Wk\u0142adki","item":"https:\/\/propedis.pl\/sklep\/kategoria-produktu\/wkladki\/"},{"@type":"ListItem","position":4,"name":"Wk\u0142adki specjalistyczne","item":"https:\/\/propedis.pl\/sklep\/kategoria-produktu\/wkladki\/wkladki-specjalistyczne\/"},{"@type":"ListItem","position":5,"name":"EQUILIBRE (MC247)"}]},{"@type":"WebSite","@id":"https:\/\/propedis.pl\/sklep\/#website","url":"https:\/\/propedis.pl\/sklep\/","name":"Pro Pedis - Profesjonalnie dla st\u00f3p","description":"","potentialAction":[{"@type":"SearchAction","target":{"@type":"EntryPoint","urlTemplate":"https:\/\/propedis.pl\/sklep\/?s={search_term_string}"},"query-input":{"@type":"PropertyValueSpecification","valueRequired":true,"valueName":"search_term_string"}}],"inLanguage":"pl-PL"}]}},"_links":{"self":[{"href":"https:\/\/propedis.pl\/sklep\/wp-json\/wp\/v2\/product\/203566","targetHints":{"allow":["GET"]}}],"collection":[{"href":"https:\/\/propedis.pl\/sklep\/wp-json\/wp\/v2\/product"}],"about":[{"href":"https:\/\/propedis.pl\/sklep\/wp-json\/wp\/v2\/types\/product"}],"wp:featuredmedia":[{"embeddable":true,"href":"https:\/\/propedis.pl\/sklep\/wp-json\/wp\/v2\/media\/203591"}],"wp:attachment":[{"href":"https:\/\/propedis.pl\/sklep\/wp-json\/wp\/v2\/media?parent=203566"}],"wp:term":[{"taxonomy":"product_brand","embeddable":true,"href":"https:\/\/propedis.pl\/sklep\/wp-json\/wp\/v2\/product_brand?post=203566"},{"taxonomy":"product_cat","embeddable":true,"href":"https:\/\/propedis.pl\/sklep\/wp-json\/wp\/v2\/product_cat?post=203566"},{"taxonomy":"product_tag","embeddable":true,"href":"https:\/\/propedis.pl\/sklep\/wp-json\/wp\/v2\/product_tag?post=203566"}],"curies":[{"name":"wp","href":"https:\/\/api.w.org\/{rel}","templated":true}]}}