{"id":204401,"date":"2025-10-23T18:38:31","date_gmt":"2025-10-23T16:38:31","guid":{"rendered":""},"modified":"2026-04-20T09:43:12","modified_gmt":"2026-04-20T07:43:12","slug":"lunasoft-slw-chamois","status":"publish","type":"product","link":"https:\/\/propedis.pl\/sklep\/produkt\/lunasoft-slw-chamois\/","title":{"rendered":"LUNASOFT SLW CHAMOIS (be\u017cowy)"},"content":{"rendered":"<p><span style=\"font-weight: 400;\">Komfortowe pokrycie z pianki EVA o du\u017cej wytrzyma\u0142o\u015bci. Szeroka gama kolorystyczna zadowoli nawet najbardziej wybrednych ma\u0142ych pacjent\u00f3w. <\/span><\/p>\n<p><span style=\"font-weight: 400;\">Wymiary: 115 x 75 cm (grubo\u015b\u0107 1,5mm)<\/span><\/p>\n<p>&nbsp;<\/p>\n<p>&nbsp;<\/p>\n","protected":false},"excerpt":{"rendered":"<p>Komfortowe pokrycie z pianki EVA o du\u017cej wytrzyma\u0142o\u015bci. Szeroka gama kolorystyczna zadowoli nawet najbardziej wybrednych ma\u0142ych pacjent\u00f3w. Wymiary: 115 x 75 cm (grubo\u015b\u0107 1,5mm) &nbsp; &nbsp;<\/p>\n","protected":false},"featured_media":204402,"template":"","meta":{"ep_exclude_from_search":false},"product_brand":[],"product_cat":[405,419],"product_tag":[],"class_list":{"0":"post-204401","1":"product","2":"type-product","3":"status-publish","4":"has-post-thumbnail","6":"product_cat-materialy-i-elementy-korygujace","7":"product_cat-materialy-pokryciowe","8":"pa_grubosc-1-5","9":"pa_kolor-bezowy","11":"first","12":"onbackorder","13":"taxable","14":"shipping-taxable","15":"purchasable","16":"product-type-simple"},"yoast_head":"<!-- This site is optimized with the Yoast SEO Premium plugin v26.3 (Yoast SEO v27.4) - https:\/\/yoast.com\/product\/yoast-seo-premium-wordpress\/ -->\n<title>LUNASOFT SLW CHAMOIS (be\u017cowy) - Pro Pedis - Profesjonalnie dla st\u00f3p<\/title>\n<meta name=\"robots\" content=\"index, follow, max-snippet:-1, max-image-preview:large, max-video-preview:-1\" \/>\n<link rel=\"canonical\" href=\"https:\/\/propedis.pl\/sklep\/produkt\/lunasoft-slw-chamois\/\" \/>\n<meta property=\"og:locale\" content=\"pl_PL\" \/>\n<meta property=\"og:type\" content=\"article\" \/>\n<meta property=\"og:title\" content=\"LUNASOFT SLW CHAMOIS (be\u017cowy)\" \/>\n<meta property=\"og:description\" content=\"Komfortowe pokrycie z pianki EVA o du\u017cej wytrzyma\u0142o\u015bci. Szeroka gama kolorystyczna zadowoli nawet najbardziej wybrednych ma\u0142ych pacjent\u00f3w. Wymiary: 115 x 75 cm (grubo\u015b\u0107 1,5mm) &nbsp; &nbsp;\" \/>\n<meta property=\"og:url\" content=\"https:\/\/propedis.pl\/sklep\/produkt\/lunasoft-slw-chamois\/\" \/>\n<meta property=\"og:site_name\" content=\"Pro Pedis - Profesjonalnie dla st\u00f3p\" \/>\n<meta property=\"article:modified_time\" content=\"2026-04-20T07:43:12+00:00\" \/>\n<meta property=\"og:image\" content=\"https:\/\/propedis.pl\/sklep\/wp-content\/uploads\/2025\/10\/7745-002.png\" \/>\n\t<meta property=\"og:image:width\" content=\"500\" \/>\n\t<meta property=\"og:image:height\" content=\"1240\" \/>\n\t<meta property=\"og:image:type\" content=\"image\/png\" \/>\n<meta name=\"twitter:card\" content=\"summary_large_image\" \/>\n<meta name=\"twitter:label1\" content=\"Szacowany czas czytania\" \/>\n\t<meta name=\"twitter:data1\" content=\"1 minuta\" \/>\n<script type=\"application\/ld+json\" class=\"yoast-schema-graph\">{\"@context\":\"https:\\\/\\\/schema.org\",\"@graph\":[{\"@type\":\"WebPage\",\"@id\":\"https:\\\/\\\/propedis.pl\\\/sklep\\\/produkt\\\/lunasoft-slw-chamois\\\/\",\"url\":\"https:\\\/\\\/propedis.pl\\\/sklep\\\/produkt\\\/lunasoft-slw-chamois\\\/\",\"name\":\"LUNASOFT SLW CHAMOIS (be\u017cowy) - Pro Pedis - Profesjonalnie dla st\u00f3p\",\"isPartOf\":{\"@id\":\"https:\\\/\\\/propedis.pl\\\/sklep\\\/#website\"},\"primaryImageOfPage\":{\"@id\":\"https:\\\/\\\/propedis.pl\\\/sklep\\\/produkt\\\/lunasoft-slw-chamois\\\/#primaryimage\"},\"image\":{\"@id\":\"https:\\\/\\\/propedis.pl\\\/sklep\\\/produkt\\\/lunasoft-slw-chamois\\\/#primaryimage\"},\"thumbnailUrl\":\"https:\\\/\\\/propedis.pl\\\/sklep\\\/wp-content\\\/uploads\\\/2025\\\/10\\\/7745-002.png\",\"datePublished\":\"2025-10-23T16:38:31+00:00\",\"dateModified\":\"2026-04-20T07:43:12+00:00\",\"breadcrumb\":{\"@id\":\"https:\\\/\\\/propedis.pl\\\/sklep\\\/produkt\\\/lunasoft-slw-chamois\\\/#breadcrumb\"},\"inLanguage\":\"pl-PL\",\"potentialAction\":[{\"@type\":\"ReadAction\",\"target\":[\"https:\\\/\\\/propedis.pl\\\/sklep\\\/produkt\\\/lunasoft-slw-chamois\\\/\"]}]},{\"@type\":\"ImageObject\",\"inLanguage\":\"pl-PL\",\"@id\":\"https:\\\/\\\/propedis.pl\\\/sklep\\\/produkt\\\/lunasoft-slw-chamois\\\/#primaryimage\",\"url\":\"https:\\\/\\\/propedis.pl\\\/sklep\\\/wp-content\\\/uploads\\\/2025\\\/10\\\/7745-002.png\",\"contentUrl\":\"https:\\\/\\\/propedis.pl\\\/sklep\\\/wp-content\\\/uploads\\\/2025\\\/10\\\/7745-002.png\",\"width\":500,\"height\":1240},{\"@type\":\"BreadcrumbList\",\"@id\":\"https:\\\/\\\/propedis.pl\\\/sklep\\\/produkt\\\/lunasoft-slw-chamois\\\/#breadcrumb\",\"itemListElement\":[{\"@type\":\"ListItem\",\"position\":1,\"name\":\"Strona g\u0142\u00f3wna\",\"item\":\"https:\\\/\\\/propedis.pl\\\/sklep\\\/\"},{\"@type\":\"ListItem\",\"position\":2,\"name\":\"Sklep\",\"item\":\"https:\\\/\\\/propedis.pl\\\/sklep\\\/produkty\\\/\"},{\"@type\":\"ListItem\",\"position\":3,\"name\":\"Materia\u0142y i elementy koryguj\u0105ce\",\"item\":\"https:\\\/\\\/propedis.pl\\\/sklep\\\/kategoria-produktu\\\/materialy-i-elementy-korygujace\\\/\"},{\"@type\":\"ListItem\",\"position\":4,\"name\":\"Materia\u0142y pokryciowe\",\"item\":\"https:\\\/\\\/propedis.pl\\\/sklep\\\/kategoria-produktu\\\/materialy-i-elementy-korygujace\\\/materialy-pokryciowe\\\/\"},{\"@type\":\"ListItem\",\"position\":5,\"name\":\"LUNASOFT SLW CHAMOIS (be\u017cowy)\"}]},{\"@type\":\"WebSite\",\"@id\":\"https:\\\/\\\/propedis.pl\\\/sklep\\\/#website\",\"url\":\"https:\\\/\\\/propedis.pl\\\/sklep\\\/\",\"name\":\"Pro Pedis - Profesjonalnie dla st\u00f3p\",\"description\":\"\",\"potentialAction\":[{\"@type\":\"SearchAction\",\"target\":{\"@type\":\"EntryPoint\",\"urlTemplate\":\"https:\\\/\\\/propedis.pl\\\/sklep\\\/?s={search_term_string}\"},\"query-input\":{\"@type\":\"PropertyValueSpecification\",\"valueRequired\":true,\"valueName\":\"search_term_string\"}}],\"inLanguage\":\"pl-PL\"}]}<\/script>\n<!-- \/ Yoast SEO Premium plugin. -->","yoast_head_json":{"title":"LUNASOFT SLW CHAMOIS (be\u017cowy) - Pro Pedis - Profesjonalnie dla st\u00f3p","robots":{"index":"index","follow":"follow","max-snippet":"max-snippet:-1","max-image-preview":"max-image-preview:large","max-video-preview":"max-video-preview:-1"},"canonical":"https:\/\/propedis.pl\/sklep\/produkt\/lunasoft-slw-chamois\/","og_locale":"pl_PL","og_type":"article","og_title":"LUNASOFT SLW CHAMOIS (be\u017cowy)","og_description":"Komfortowe pokrycie z pianki EVA o du\u017cej wytrzyma\u0142o\u015bci. Szeroka gama kolorystyczna zadowoli nawet najbardziej wybrednych ma\u0142ych pacjent\u00f3w. Wymiary: 115 x 75 cm (grubo\u015b\u0107 1,5mm) &nbsp; &nbsp;","og_url":"https:\/\/propedis.pl\/sklep\/produkt\/lunasoft-slw-chamois\/","og_site_name":"Pro Pedis - Profesjonalnie dla st\u00f3p","article_modified_time":"2026-04-20T07:43:12+00:00","og_image":[{"width":500,"height":1240,"url":"https:\/\/propedis.pl\/sklep\/wp-content\/uploads\/2025\/10\/7745-002.png","type":"image\/png"}],"twitter_card":"summary_large_image","twitter_misc":{"Szacowany czas czytania":"1 minuta"},"schema":{"@context":"https:\/\/schema.org","@graph":[{"@type":"WebPage","@id":"https:\/\/propedis.pl\/sklep\/produkt\/lunasoft-slw-chamois\/","url":"https:\/\/propedis.pl\/sklep\/produkt\/lunasoft-slw-chamois\/","name":"LUNASOFT SLW CHAMOIS (be\u017cowy) - Pro Pedis - Profesjonalnie dla st\u00f3p","isPartOf":{"@id":"https:\/\/propedis.pl\/sklep\/#website"},"primaryImageOfPage":{"@id":"https:\/\/propedis.pl\/sklep\/produkt\/lunasoft-slw-chamois\/#primaryimage"},"image":{"@id":"https:\/\/propedis.pl\/sklep\/produkt\/lunasoft-slw-chamois\/#primaryimage"},"thumbnailUrl":"https:\/\/propedis.pl\/sklep\/wp-content\/uploads\/2025\/10\/7745-002.png","datePublished":"2025-10-23T16:38:31+00:00","dateModified":"2026-04-20T07:43:12+00:00","breadcrumb":{"@id":"https:\/\/propedis.pl\/sklep\/produkt\/lunasoft-slw-chamois\/#breadcrumb"},"inLanguage":"pl-PL","potentialAction":[{"@type":"ReadAction","target":["https:\/\/propedis.pl\/sklep\/produkt\/lunasoft-slw-chamois\/"]}]},{"@type":"ImageObject","inLanguage":"pl-PL","@id":"https:\/\/propedis.pl\/sklep\/produkt\/lunasoft-slw-chamois\/#primaryimage","url":"https:\/\/propedis.pl\/sklep\/wp-content\/uploads\/2025\/10\/7745-002.png","contentUrl":"https:\/\/propedis.pl\/sklep\/wp-content\/uploads\/2025\/10\/7745-002.png","width":500,"height":1240},{"@type":"BreadcrumbList","@id":"https:\/\/propedis.pl\/sklep\/produkt\/lunasoft-slw-chamois\/#breadcrumb","itemListElement":[{"@type":"ListItem","position":1,"name":"Strona g\u0142\u00f3wna","item":"https:\/\/propedis.pl\/sklep\/"},{"@type":"ListItem","position":2,"name":"Sklep","item":"https:\/\/propedis.pl\/sklep\/produkty\/"},{"@type":"ListItem","position":3,"name":"Materia\u0142y i elementy koryguj\u0105ce","item":"https:\/\/propedis.pl\/sklep\/kategoria-produktu\/materialy-i-elementy-korygujace\/"},{"@type":"ListItem","position":4,"name":"Materia\u0142y pokryciowe","item":"https:\/\/propedis.pl\/sklep\/kategoria-produktu\/materialy-i-elementy-korygujace\/materialy-pokryciowe\/"},{"@type":"ListItem","position":5,"name":"LUNASOFT SLW CHAMOIS (be\u017cowy)"}]},{"@type":"WebSite","@id":"https:\/\/propedis.pl\/sklep\/#website","url":"https:\/\/propedis.pl\/sklep\/","name":"Pro Pedis - Profesjonalnie dla st\u00f3p","description":"","potentialAction":[{"@type":"SearchAction","target":{"@type":"EntryPoint","urlTemplate":"https:\/\/propedis.pl\/sklep\/?s={search_term_string}"},"query-input":{"@type":"PropertyValueSpecification","valueRequired":true,"valueName":"search_term_string"}}],"inLanguage":"pl-PL"}]}},"_links":{"self":[{"href":"https:\/\/propedis.pl\/sklep\/wp-json\/wp\/v2\/product\/204401","targetHints":{"allow":["GET"]}}],"collection":[{"href":"https:\/\/propedis.pl\/sklep\/wp-json\/wp\/v2\/product"}],"about":[{"href":"https:\/\/propedis.pl\/sklep\/wp-json\/wp\/v2\/types\/product"}],"wp:featuredmedia":[{"embeddable":true,"href":"https:\/\/propedis.pl\/sklep\/wp-json\/wp\/v2\/media\/204402"}],"wp:attachment":[{"href":"https:\/\/propedis.pl\/sklep\/wp-json\/wp\/v2\/media?parent=204401"}],"wp:term":[{"taxonomy":"product_brand","embeddable":true,"href":"https:\/\/propedis.pl\/sklep\/wp-json\/wp\/v2\/product_brand?post=204401"},{"taxonomy":"product_cat","embeddable":true,"href":"https:\/\/propedis.pl\/sklep\/wp-json\/wp\/v2\/product_cat?post=204401"},{"taxonomy":"product_tag","embeddable":true,"href":"https:\/\/propedis.pl\/sklep\/wp-json\/wp\/v2\/product_tag?post=204401"}],"curies":[{"name":"wp","href":"https:\/\/api.w.org\/{rel}","templated":true}]}}