{"id":5186,"date":"2020-01-16T00:00:00","date_gmt":"2020-01-15T23:00:00","guid":{"rendered":"https:\/\/propedis.pl\/sklep\/produkt\/plakat-anatomia-miesni-stopy\/"},"modified":"2026-03-28T15:21:03","modified_gmt":"2026-03-28T14:21:03","slug":"plakat-anatomia-miesni-stopy","status":"publish","type":"product","link":"https:\/\/propedis.pl\/sklep\/produkt\/plakat-anatomia-miesni-stopy\/","title":{"rendered":"ANATOMIA MI\u0118\u015aNI STOPY &#8211; plakat"},"content":{"rendered":"<p>Anatomia mi\u0119\u015bni stopy.<\/p>\n<p>Plakat przedstawiaj\u0105cy anatomi\u0119 mi\u0119\u015bni stopy, pochewki jej \u015bci\u0119gien oraz jej troczki wraz z podpisami.<\/p>\n<p>Specjalna kolekcja dla podolog\u00f3w i fizjoterapeut\u00f3w, w naszym sklepie internetowym. Plakat ozdobi i podniesie estetyk\u0119 ka\u017cdego gabinetu specjalistycznego. Stanowi doskona\u0142e wsparcie podczas rozm\u00f3w z pacjentami.<\/p>\n<p>Wymiary plakatu: 50 x 70 cm.<\/p>\n","protected":false},"excerpt":{"rendered":"<p>Plakat &#8211; Anatomia mi\u0119\u015bni stopy.<\/p>\n<p>Rozmiar 50&#215;70 cm.<\/p>\n","protected":false},"featured_media":5187,"template":"","meta":{"ep_exclude_from_search":false},"product_brand":[],"product_cat":[46],"product_tag":[],"class_list":{"0":"post-5186","1":"product","2":"type-product","3":"status-publish","4":"has-post-thumbnail","6":"product_cat-publikacje","7":"product_shipping_class-paczkomat","9":"first","10":"instock","11":"taxable","12":"shipping-taxable","13":"purchasable","14":"product-type-simple"},"yoast_head":"<!-- This site is optimized with the Yoast SEO Premium plugin v26.3 (Yoast SEO v27.4) - https:\/\/yoast.com\/product\/yoast-seo-premium-wordpress\/ -->\n<title>Anatomia mi\u0119\u015bni stopy, pochewki jej \u015bci\u0119gien oraz jej troczki - PLAKAT<\/title>\n<meta name=\"description\" content=\"Anatomia mi\u0119\u015bni stopy, pochewki jej \u015bci\u0119gien oraz jej troczki wraz z podpisami. Plakat z opisami opracowanymi przez dr n. med. Joann\u0119 Stodoln\u0105 - Tukendorf.\" \/>\n<meta name=\"robots\" content=\"index, follow, max-snippet:-1, max-image-preview:large, max-video-preview:-1\" \/>\n<link rel=\"canonical\" href=\"https:\/\/propedis.pl\/sklep\/produkt\/plakat-anatomia-miesni-stopy\/\" \/>\n<meta property=\"og:locale\" content=\"pl_PL\" \/>\n<meta property=\"og:type\" content=\"article\" \/>\n<meta property=\"og:title\" content=\"ANATOMIA MI\u0118\u015aNI STOPY - plakat\" \/>\n<meta property=\"og:description\" content=\"Anatomia mi\u0119\u015bni stopy, pochewki jej \u015bci\u0119gien oraz jej troczki wraz z podpisami. Plakat z opisami opracowanymi przez dr n. med. Joann\u0119 Stodoln\u0105 - Tukendorf.\" \/>\n<meta property=\"og:url\" content=\"https:\/\/propedis.pl\/sklep\/produkt\/plakat-anatomia-miesni-stopy\/\" \/>\n<meta property=\"og:site_name\" content=\"Pro Pedis - Profesjonalnie dla st\u00f3p\" \/>\n<meta property=\"article:modified_time\" content=\"2026-03-28T14:21:03+00:00\" \/>\n<meta property=\"og:image\" content=\"https:\/\/propedis.pl\/sklep\/wp-content\/uploads\/2020\/03\/Pochewki-i-troczki-1.jpg\" \/>\n\t<meta property=\"og:image:width\" content=\"1024\" \/>\n\t<meta property=\"og:image:height\" content=\"1024\" \/>\n\t<meta property=\"og:image:type\" content=\"image\/jpeg\" \/>\n<meta name=\"twitter:card\" content=\"summary_large_image\" \/>\n<meta name=\"twitter:label1\" content=\"Szacowany czas czytania\" \/>\n\t<meta name=\"twitter:data1\" content=\"1 minuta\" \/>\n<script type=\"application\/ld+json\" class=\"yoast-schema-graph\">{\"@context\":\"https:\\\/\\\/schema.org\",\"@graph\":[{\"@type\":\"WebPage\",\"@id\":\"https:\\\/\\\/propedis.pl\\\/sklep\\\/produkt\\\/plakat-anatomia-miesni-stopy\\\/\",\"url\":\"https:\\\/\\\/propedis.pl\\\/sklep\\\/produkt\\\/plakat-anatomia-miesni-stopy\\\/\",\"name\":\"Anatomia mi\u0119\u015bni stopy, pochewki jej \u015bci\u0119gien oraz jej troczki - PLAKAT\",\"isPartOf\":{\"@id\":\"https:\\\/\\\/propedis.pl\\\/sklep\\\/#website\"},\"primaryImageOfPage\":{\"@id\":\"https:\\\/\\\/propedis.pl\\\/sklep\\\/produkt\\\/plakat-anatomia-miesni-stopy\\\/#primaryimage\"},\"image\":{\"@id\":\"https:\\\/\\\/propedis.pl\\\/sklep\\\/produkt\\\/plakat-anatomia-miesni-stopy\\\/#primaryimage\"},\"thumbnailUrl\":\"https:\\\/\\\/propedis.pl\\\/sklep\\\/wp-content\\\/uploads\\\/2020\\\/03\\\/Pochewki-i-troczki-1.jpg\",\"datePublished\":\"2020-01-15T23:00:00+00:00\",\"dateModified\":\"2026-03-28T14:21:03+00:00\",\"description\":\"Anatomia mi\u0119\u015bni stopy, pochewki jej \u015bci\u0119gien oraz jej troczki wraz z podpisami. Plakat z opisami opracowanymi przez dr n. med. Joann\u0119 Stodoln\u0105 - Tukendorf.\",\"breadcrumb\":{\"@id\":\"https:\\\/\\\/propedis.pl\\\/sklep\\\/produkt\\\/plakat-anatomia-miesni-stopy\\\/#breadcrumb\"},\"inLanguage\":\"pl-PL\",\"potentialAction\":[{\"@type\":\"ReadAction\",\"target\":[\"https:\\\/\\\/propedis.pl\\\/sklep\\\/produkt\\\/plakat-anatomia-miesni-stopy\\\/\"]}]},{\"@type\":\"ImageObject\",\"inLanguage\":\"pl-PL\",\"@id\":\"https:\\\/\\\/propedis.pl\\\/sklep\\\/produkt\\\/plakat-anatomia-miesni-stopy\\\/#primaryimage\",\"url\":\"https:\\\/\\\/propedis.pl\\\/sklep\\\/wp-content\\\/uploads\\\/2020\\\/03\\\/Pochewki-i-troczki-1.jpg\",\"contentUrl\":\"https:\\\/\\\/propedis.pl\\\/sklep\\\/wp-content\\\/uploads\\\/2020\\\/03\\\/Pochewki-i-troczki-1.jpg\",\"width\":1024,\"height\":1024,\"caption\":\"Anatomia mi\u0119\u015bni stopy\"},{\"@type\":\"BreadcrumbList\",\"@id\":\"https:\\\/\\\/propedis.pl\\\/sklep\\\/produkt\\\/plakat-anatomia-miesni-stopy\\\/#breadcrumb\",\"itemListElement\":[{\"@type\":\"ListItem\",\"position\":1,\"name\":\"Strona g\u0142\u00f3wna\",\"item\":\"https:\\\/\\\/propedis.pl\\\/sklep\\\/\"},{\"@type\":\"ListItem\",\"position\":2,\"name\":\"Sklep\",\"item\":\"https:\\\/\\\/propedis.pl\\\/sklep\\\/produkty\\\/\"},{\"@type\":\"ListItem\",\"position\":3,\"name\":\"Kursy i szkolenia\",\"item\":\"https:\\\/\\\/propedis.pl\\\/sklep\\\/kategoria-produktu\\\/szkolenia\\\/\"},{\"@type\":\"ListItem\",\"position\":4,\"name\":\"Publikacje\",\"item\":\"https:\\\/\\\/propedis.pl\\\/sklep\\\/kategoria-produktu\\\/szkolenia\\\/publikacje\\\/\"},{\"@type\":\"ListItem\",\"position\":5,\"name\":\"ANATOMIA MI\u0118\u015aNI STOPY &#8211; plakat\"}]},{\"@type\":\"WebSite\",\"@id\":\"https:\\\/\\\/propedis.pl\\\/sklep\\\/#website\",\"url\":\"https:\\\/\\\/propedis.pl\\\/sklep\\\/\",\"name\":\"Pro Pedis - Profesjonalnie dla st\u00f3p\",\"description\":\"\",\"potentialAction\":[{\"@type\":\"SearchAction\",\"target\":{\"@type\":\"EntryPoint\",\"urlTemplate\":\"https:\\\/\\\/propedis.pl\\\/sklep\\\/?s={search_term_string}\"},\"query-input\":{\"@type\":\"PropertyValueSpecification\",\"valueRequired\":true,\"valueName\":\"search_term_string\"}}],\"inLanguage\":\"pl-PL\"}]}<\/script>\n<!-- \/ Yoast SEO Premium plugin. -->","yoast_head_json":{"title":"Anatomia mi\u0119\u015bni stopy, pochewki jej \u015bci\u0119gien oraz jej troczki - PLAKAT","description":"Anatomia mi\u0119\u015bni stopy, pochewki jej \u015bci\u0119gien oraz jej troczki wraz z podpisami. Plakat z opisami opracowanymi przez dr n. med. Joann\u0119 Stodoln\u0105 - Tukendorf.","robots":{"index":"index","follow":"follow","max-snippet":"max-snippet:-1","max-image-preview":"max-image-preview:large","max-video-preview":"max-video-preview:-1"},"canonical":"https:\/\/propedis.pl\/sklep\/produkt\/plakat-anatomia-miesni-stopy\/","og_locale":"pl_PL","og_type":"article","og_title":"ANATOMIA MI\u0118\u015aNI STOPY - plakat","og_description":"Anatomia mi\u0119\u015bni stopy, pochewki jej \u015bci\u0119gien oraz jej troczki wraz z podpisami. Plakat z opisami opracowanymi przez dr n. med. Joann\u0119 Stodoln\u0105 - Tukendorf.","og_url":"https:\/\/propedis.pl\/sklep\/produkt\/plakat-anatomia-miesni-stopy\/","og_site_name":"Pro Pedis - Profesjonalnie dla st\u00f3p","article_modified_time":"2026-03-28T14:21:03+00:00","og_image":[{"width":1024,"height":1024,"url":"https:\/\/propedis.pl\/sklep\/wp-content\/uploads\/2020\/03\/Pochewki-i-troczki-1.jpg","type":"image\/jpeg"}],"twitter_card":"summary_large_image","twitter_misc":{"Szacowany czas czytania":"1 minuta"},"schema":{"@context":"https:\/\/schema.org","@graph":[{"@type":"WebPage","@id":"https:\/\/propedis.pl\/sklep\/produkt\/plakat-anatomia-miesni-stopy\/","url":"https:\/\/propedis.pl\/sklep\/produkt\/plakat-anatomia-miesni-stopy\/","name":"Anatomia mi\u0119\u015bni stopy, pochewki jej \u015bci\u0119gien oraz jej troczki - PLAKAT","isPartOf":{"@id":"https:\/\/propedis.pl\/sklep\/#website"},"primaryImageOfPage":{"@id":"https:\/\/propedis.pl\/sklep\/produkt\/plakat-anatomia-miesni-stopy\/#primaryimage"},"image":{"@id":"https:\/\/propedis.pl\/sklep\/produkt\/plakat-anatomia-miesni-stopy\/#primaryimage"},"thumbnailUrl":"https:\/\/propedis.pl\/sklep\/wp-content\/uploads\/2020\/03\/Pochewki-i-troczki-1.jpg","datePublished":"2020-01-15T23:00:00+00:00","dateModified":"2026-03-28T14:21:03+00:00","description":"Anatomia mi\u0119\u015bni stopy, pochewki jej \u015bci\u0119gien oraz jej troczki wraz z podpisami. Plakat z opisami opracowanymi przez dr n. med. Joann\u0119 Stodoln\u0105 - Tukendorf.","breadcrumb":{"@id":"https:\/\/propedis.pl\/sklep\/produkt\/plakat-anatomia-miesni-stopy\/#breadcrumb"},"inLanguage":"pl-PL","potentialAction":[{"@type":"ReadAction","target":["https:\/\/propedis.pl\/sklep\/produkt\/plakat-anatomia-miesni-stopy\/"]}]},{"@type":"ImageObject","inLanguage":"pl-PL","@id":"https:\/\/propedis.pl\/sklep\/produkt\/plakat-anatomia-miesni-stopy\/#primaryimage","url":"https:\/\/propedis.pl\/sklep\/wp-content\/uploads\/2020\/03\/Pochewki-i-troczki-1.jpg","contentUrl":"https:\/\/propedis.pl\/sklep\/wp-content\/uploads\/2020\/03\/Pochewki-i-troczki-1.jpg","width":1024,"height":1024,"caption":"Anatomia mi\u0119\u015bni stopy"},{"@type":"BreadcrumbList","@id":"https:\/\/propedis.pl\/sklep\/produkt\/plakat-anatomia-miesni-stopy\/#breadcrumb","itemListElement":[{"@type":"ListItem","position":1,"name":"Strona g\u0142\u00f3wna","item":"https:\/\/propedis.pl\/sklep\/"},{"@type":"ListItem","position":2,"name":"Sklep","item":"https:\/\/propedis.pl\/sklep\/produkty\/"},{"@type":"ListItem","position":3,"name":"Kursy i szkolenia","item":"https:\/\/propedis.pl\/sklep\/kategoria-produktu\/szkolenia\/"},{"@type":"ListItem","position":4,"name":"Publikacje","item":"https:\/\/propedis.pl\/sklep\/kategoria-produktu\/szkolenia\/publikacje\/"},{"@type":"ListItem","position":5,"name":"ANATOMIA MI\u0118\u015aNI STOPY &#8211; plakat"}]},{"@type":"WebSite","@id":"https:\/\/propedis.pl\/sklep\/#website","url":"https:\/\/propedis.pl\/sklep\/","name":"Pro Pedis - Profesjonalnie dla st\u00f3p","description":"","potentialAction":[{"@type":"SearchAction","target":{"@type":"EntryPoint","urlTemplate":"https:\/\/propedis.pl\/sklep\/?s={search_term_string}"},"query-input":{"@type":"PropertyValueSpecification","valueRequired":true,"valueName":"search_term_string"}}],"inLanguage":"pl-PL"}]}},"_links":{"self":[{"href":"https:\/\/propedis.pl\/sklep\/wp-json\/wp\/v2\/product\/5186","targetHints":{"allow":["GET"]}}],"collection":[{"href":"https:\/\/propedis.pl\/sklep\/wp-json\/wp\/v2\/product"}],"about":[{"href":"https:\/\/propedis.pl\/sklep\/wp-json\/wp\/v2\/types\/product"}],"wp:featuredmedia":[{"embeddable":true,"href":"https:\/\/propedis.pl\/sklep\/wp-json\/wp\/v2\/media\/5187"}],"wp:attachment":[{"href":"https:\/\/propedis.pl\/sklep\/wp-json\/wp\/v2\/media?parent=5186"}],"wp:term":[{"taxonomy":"product_brand","embeddable":true,"href":"https:\/\/propedis.pl\/sklep\/wp-json\/wp\/v2\/product_brand?post=5186"},{"taxonomy":"product_cat","embeddable":true,"href":"https:\/\/propedis.pl\/sklep\/wp-json\/wp\/v2\/product_cat?post=5186"},{"taxonomy":"product_tag","embeddable":true,"href":"https:\/\/propedis.pl\/sklep\/wp-json\/wp\/v2\/product_tag?post=5186"}],"curies":[{"name":"wp","href":"https:\/\/api.w.org\/{rel}","templated":true}]}}