{"id":7209,"date":"2020-05-27T12:02:40","date_gmt":"2020-05-27T10:02:40","guid":{"rendered":""},"modified":"2026-04-28T11:55:37","modified_gmt":"2026-04-28T09:55:37","slug":"zestaw-podoskop-plantograf-2-stopy-z-akcesoriami","status":"publish","type":"product","link":"https:\/\/propedis.pl\/sklep\/produkt\/zestaw-podoskop-plantograf-2-stopy-z-akcesoriami\/","title":{"rendered":"Zestaw Podoskop + Plantograf 2 stopy z akcesoriami + SZKOLENIE WDRO\u017bENIOWE"},"content":{"rendered":"<p>&nbsp;<\/p>\n<p><strong>Podoskop ref. 6068<\/strong>\u00a0pozwala na ocen\u0119 <strong>podeszwowej i grzbietowej strony st\u00f3p, staw\u00f3w skokowych, kolanowych oraz tu\u0142owia \u2013 kr\u0119gos\u0142upa<\/strong>. Wykonujemy na nim testy zar\u00f3wno <strong>statyczne<\/strong> jaki i <strong>dynamiczne<\/strong> potrzebne do holistycznego spojrzenia na problem danego pacjenta, nie zawsze zwi\u0105zany tylko ze stopami. Umo\u017cliwia w\u0142a\u015bciw\u0105 ocen\u0119<strong> kszta\u0142tu stopy, jej \u0142uk\u00f3w, obecno\u015bci zgrubie\u0144 na sk\u00f3rze, odcisk\u00f3w<\/strong>. Dzi\u0119ki zastosowaniu pod\u015bwietlenia, obraz, kt\u00f3ry odbija si\u0119 w lustrze jest wyra\u017any i u\u0142atwia ocen\u0119 stanu st\u00f3p. Jest urz\u0105dzeniem prostym w obs\u0142udze, lekkim co pomaga podczas transportu. G\u00f3rna powierzchnia wykonana z przezroczystej p\u0142yty z poliw\u0119glanu (do 150 kg) , w dolnej cz\u0119\u015bci obudowy wykonanej z kszta\u0142tek aluminiowych, usytuowane jest lustro, w kt\u00f3rym mo\u017cna okre\u015bli\u0107 pod\u0142o\u017ce badanej stopy. Efekt \u015bwietlny uzyskiwany jest diodami kolorowymi o bezpiecznym napi\u0119ciu 12 volt. Dodatkowo przy u\u017cyciu aparatu fotograficznego, b\u0105d\u017a kamery istnieje mo\u017cliwo\u015b\u0107 wykonania zdj\u0119\u0107 st\u00f3p, kt\u00f3re wykorzysta\u0107 mo\u017cna do archiwizacji badanych pacjent\u00f3w, kontroli post\u0119puj\u0105cego procesu leczenia.<\/p>\n<p>&nbsp;<\/p>\n<p><strong>Plantograf 2 stopy ref. 6057<\/strong> umo\u017cliwia wykonanie odbitki podeszwy st\u00f3p na papierze. Na tej podstawie mo\u017cemy dok\u0142adnie zaplanowa\u0107 rozmieszczenie element\u00f3w koryguj\u0105cych oraz zaprojektowa\u0107 indywidualne wk\u0142adki koryguj\u0105ce.<\/p>\n<p>Podoskop:<\/p>\n<ul>\n<li>Zielone \u015bwiat\u0142o LED 24 V<\/li>\n<li>Bardzo jasne odbitki st\u00f3p<\/li>\n<li>szeroki obraz<\/li>\n<li>PMMA (plexi) o grubo\u015bci 15 mm<\/li>\n<li>Podstawa z PMMA<\/li>\n<li>Waga: 8.2 kg<\/li>\n<li>Maksymalne obci\u0105\u017cenie: 140 kg<\/li>\n<\/ul>\n<p>Plantograf:<\/p>\n<ul>\n<li>P\u0142aszczyzna o fakturze bardzo cienkiej, tr\u00f3jpoziomowej kratki, precyzyjnie odwzorowuj\u0105ca strefy nadmiernego nacisku.<\/li>\n<li>W zestawie z plantografem znajduje si\u0119: 25 arkuszy, rolka do tuszu, butelka tuszu.<\/li>\n<\/ul>\n<p>Wymiary podoskop<\/p>\n<p><img loading=\"lazy\" decoding=\"async\" class=\"size-medium wp-image-3525 aligncenter\" src=\"https:\/\/propedis.pl\/wp-content\/uploads\/2016\/07\/podoskop-wymiary-300x65-300x65.jpg\" alt=\"podoskop-wymiary-300x65\" width=\"300\" height=\"65\" \/><\/p>\n<p>&nbsp;<\/p>\n<p>Wymiary plantograf<\/p>\n<p><img loading=\"lazy\" decoding=\"async\" class=\"aligncenter wp-image-3526 size-full\" src=\"https:\/\/propedis.pl\/wp-content\/uploads\/2016\/07\/pl.jpg\" width=\"404\" height=\"232\" \/><\/p>\n<p>Zobacz filmy<\/p>\n<p><iframe loading=\"lazy\" title=\"Podoscope\" width=\"640\" height=\"360\" src=\"https:\/\/www.youtube.com\/embed\/xBBXj4u7otU?feature=oembed\" frameborder=\"0\" allow=\"accelerometer; autoplay; clipboard-write; encrypted-media; gyroscope; picture-in-picture; web-share\" referrerpolicy=\"strict-origin-when-cross-origin\" allowfullscreen><\/iframe><\/p>\n<p><iframe loading=\"lazy\" src=\"https:\/\/player.vimeo.com\/video\/342950168?h=e185198b08&amp;dnt=1&amp;app_id=122963\" width=\"640\" height=\"360\" frameborder=\"0\" allow=\"autoplay; fullscreen; picture-in-picture; clipboard-write; encrypted-media; web-share\" referrerpolicy=\"strict-origin-when-cross-origin\"><\/iframe><\/p>\n<p><iframe loading=\"lazy\" src=\"https:\/\/player.vimeo.com\/video\/342950353?h=b15219dc3e&amp;dnt=1&amp;app_id=122963\" width=\"640\" height=\"360\" frameborder=\"0\" allow=\"autoplay; fullscreen; picture-in-picture; clipboard-write; encrypted-media; web-share\" referrerpolicy=\"strict-origin-when-cross-origin\"><\/iframe><\/p>\n<h2>BONUS: Badanie podologiczne &#8211; szkolenie z obs\u0142ugi podoskopu i plantografu.<\/h2>\n<p>&nbsp;<\/p>\n<p>Zakup Plantografu premiujemy dost\u0119pem do kompleksowego szkolenia online, kt\u00f3re nauczy Ci\u0119 maksymalnie wykorzysta\u0107 potencja\u0142 diagnostyczny nie tylko Plantografu, ale tak\u017ce Podoskopu, daj\u0105c pe\u0142en obraz funkcjonalny stopy.<\/p>\n<p><b>Uzupe\u0142nij i pog\u0142\u0119b swoj\u0105 diagnostyk\u0119 o kluczowe badanie przyrz\u0105dowe!<\/b><\/p>\n<p>&nbsp;<\/p>\n<h3>Czego nauczysz si\u0119 na szkoleniu?<\/h3>\n<p>&nbsp;<\/p>\n<p>Szkolenie skupia si\u0119 na praktycznym wykorzystaniu <b>podoskopu<\/b> i <b>plantografu<\/b> w celu postawienia precyzyjnej diagnozy i efektywnego zaplanowania terapii.<\/p>\n<p>&nbsp;<\/p>\n<h4>1. Badanie Dynamiczne<\/h4>\n<p>&nbsp;<\/p>\n<p>Zrozumiesz, dlaczego <b>stopa jako narz\u0105d dynamiczny wymaga badania w ruchu<\/b> i jak wiele kluczowych informacji z badania dynamicznego uzyskasz (zachowanie stopy w pe\u0142nym obci\u0105\u017ceniu, wp\u0142yw zaburze\u0144 na staw kolanowy i kr\u0119gos\u0142up).<\/p>\n<p>&nbsp;<\/p>\n<h4>2. Protoko\u0142y Badania na Podoskopie (Statyczne i Dynamiczne)<\/h4>\n<p>&nbsp;<\/p>\n<ul>\n<li><b>Badanie Statyczne:<\/b> Ocena wysklepienia \u0142uk\u00f3w, symetrii, kszta\u0142tu pi\u0119ty (szpiczasta vs. rozlana), aktywno\u015bci palucha i obci\u0105\u017cenia przodostopia, a tak\u017ce ustawienia wy\u017cszych segment\u00f3w cia\u0142a (staw skokowy, kolanowy, miednica).<\/li>\n<li><b>Badanie Dynamiczne (Kluczowe Testy):<\/b>\n<ul>\n<li><b>Test wspi\u0119cia na palce:<\/b> Obserwacja supinacji pi\u0119ty i stabilno\u015bci.<\/li>\n<li><b>Test zgi\u0119cia kolan (test Rodbartha):<\/b> Ocena pronacji, odleg\u0142o\u015bci mi\u0119dzy segmentami i zachowania pi\u0119ty (np. identyfikacja ryzyka zablokowania stawu skokowego).<\/li>\n<li><b>Test stania na jednej nodze:<\/b> Ocena wydolno\u015bci statycznej, stabilno\u015bci miednicy i zachowania \u0142uk\u00f3w pod obci\u0105\u017ceniem jednostronnym.<\/li>\n<li><b>Prowokowanie Efektu Windlassa:<\/b> Ocena wysklepienia \u0142uku pod\u0142u\u017cnego i supinacyjnego ustawienia ty\u0142ostopia.<\/li>\n<\/ul>\n<\/li>\n<\/ul>\n<p>&nbsp;<\/p>\n<h4>3. Protoko\u0142y Badania na Plantografie (Statyczne i Dynamiczne)<\/h4>\n<p>&nbsp;<\/p>\n<ul>\n<li><b>Badanie Statyczne:<\/b> Oznaczanie kluczowych punkt\u00f3w (kostki, stawy \u015br\u00f3dstopno-palcowe) oraz analiza d\u0142ugo\u015bci, szeroko\u015bci i k\u0105t\u00f3w wysklepienia.<\/li>\n<li><b>Badanie Dynamiczne:<\/b> Analiza odbitek uzyskanych podczas chodu, ocena <b>wydolno\u015bci \u0142uku poprzecznego<\/b> i obserwacja <b>k\u0105towych wychwia\u0144 ty\u0142ostopia<\/b> oraz aktywno\u015bci pierwszego promienia.<\/li>\n<\/ul>\n<p>&nbsp;<\/p>\n<h3>Dla kogo jest ten Zestaw?<\/h3>\n<p>&nbsp;<\/p>\n<ul>\n<li><b>Podolodzy, Fizjoterapeuci, Ortopodolodzy<\/b><\/li>\n<li>Specjali\u015bci chc\u0105cy pog\u0142\u0119bi\u0107 diagnostyk\u0119 i optymalizowa\u0107 projektowanie <a href=\"https:\/\/propedis.pl\/sklep\/kategoria-produktu\/wkladki\/\"><b>wk\u0142adek ortopedycznych<\/b><\/a>.<\/li>\n<\/ul>\n<p><b>Po uko\u0144czeniu szkolenia, b\u0119dziesz w stanie na podstawie badania przyrz\u0105dowego postawi\u0107 precyzyjn\u0105 diagnoz\u0119 i zaplanowa\u0107 skuteczn\u0105, zindywidualizowan\u0105 terapi\u0119.<\/b><\/p>\n","protected":false},"excerpt":{"rendered":"<p>&nbsp; Podoskop ref. 6068\u00a0pozwala na ocen\u0119 podeszwowej i grzbietowej strony st\u00f3p, staw\u00f3w skokowych, kolanowych oraz tu\u0142owia \u2013 kr\u0119gos\u0142upa. Wykonujemy na nim testy zar\u00f3wno statyczne jaki i dynamiczne potrzebne do holistycznego spojrzenia na problem danego pacjenta, nie zawsze zwi\u0105zany tylko ze stopami. Umo\u017cliwia w\u0142a\u015bciw\u0105 ocen\u0119 kszta\u0142tu stopy, jej \u0142uk\u00f3w, obecno\u015bci zgrubie\u0144 na sk\u00f3rze, odcisk\u00f3w. Dzi\u0119ki zastosowaniu [&hellip;]<\/p>\n","protected":false},"featured_media":7210,"template":"","meta":{"ep_exclude_from_search":false},"product_brand":[],"product_cat":[426,48],"product_tag":[457,456,440,439],"class_list":{"0":"post-7209","1":"product","2":"type-product","3":"status-publish","4":"has-post-thumbnail","6":"product_cat-urzadzenia-diagnostyczne-zestawy","7":"product_cat-zestawy","8":"product_tag-badanie-dynamiczne","9":"product_tag-badanie-statyczne","10":"product_tag-plantokonturograf","11":"product_tag-podograf","12":"product_shipping_class-paleta","14":"first","15":"instock","16":"sale","17":"taxable","18":"shipping-taxable","19":"purchasable","20":"product-type-simple"},"yoast_head":"<!-- This site is optimized with the Yoast SEO Premium plugin v26.3 (Yoast SEO v27.4) - https:\/\/yoast.com\/product\/yoast-seo-premium-wordpress\/ -->\n<title>Zestaw Podoskop + Plantograf 2 stopy z akcesoriami + SZKOLENIE WDRO\u017bENIOWE - Pro Pedis - Profesjonalnie dla st\u00f3p<\/title>\n<meta name=\"robots\" content=\"index, follow, max-snippet:-1, max-image-preview:large, max-video-preview:-1\" \/>\n<link rel=\"canonical\" href=\"https:\/\/propedis.pl\/sklep\/produkt\/zestaw-podoskop-plantograf-2-stopy-z-akcesoriami\/\" \/>\n<meta property=\"og:locale\" content=\"pl_PL\" \/>\n<meta property=\"og:type\" content=\"article\" \/>\n<meta property=\"og:title\" content=\"Zestaw Podoskop + Plantograf 2 stopy z akcesoriami + SZKOLENIE WDRO\u017bENIOWE\" \/>\n<meta property=\"og:description\" content=\"&nbsp; Podoskop ref. 6068\u00a0pozwala na ocen\u0119 podeszwowej i grzbietowej strony st\u00f3p, staw\u00f3w skokowych, kolanowych oraz tu\u0142owia \u2013 kr\u0119gos\u0142upa. Wykonujemy na nim testy zar\u00f3wno statyczne jaki i dynamiczne potrzebne do holistycznego spojrzenia na problem danego pacjenta, nie zawsze zwi\u0105zany tylko ze stopami. Umo\u017cliwia w\u0142a\u015bciw\u0105 ocen\u0119 kszta\u0142tu stopy, jej \u0142uk\u00f3w, obecno\u015bci zgrubie\u0144 na sk\u00f3rze, odcisk\u00f3w. Dzi\u0119ki zastosowaniu [&hellip;]\" \/>\n<meta property=\"og:url\" content=\"https:\/\/propedis.pl\/sklep\/produkt\/zestaw-podoskop-plantograf-2-stopy-z-akcesoriami\/\" \/>\n<meta property=\"og:site_name\" content=\"Pro Pedis - Profesjonalnie dla st\u00f3p\" \/>\n<meta property=\"article:modified_time\" content=\"2026-04-28T09:55:37+00:00\" \/>\n<meta property=\"og:image\" content=\"https:\/\/propedis.pl\/sklep\/wp-content\/uploads\/2020\/05\/zestaw-podoskop-plantograf.jpg\" \/>\n\t<meta property=\"og:image:width\" content=\"400\" \/>\n\t<meta property=\"og:image:height\" content=\"400\" \/>\n\t<meta property=\"og:image:type\" content=\"image\/jpeg\" \/>\n<meta name=\"twitter:card\" content=\"summary_large_image\" \/>\n<meta name=\"twitter:label1\" content=\"Szacowany czas czytania\" \/>\n\t<meta name=\"twitter:data1\" content=\"2 minuty\" \/>\n<script type=\"application\/ld+json\" class=\"yoast-schema-graph\">{\"@context\":\"https:\\\/\\\/schema.org\",\"@graph\":[{\"@type\":\"WebPage\",\"@id\":\"https:\\\/\\\/propedis.pl\\\/sklep\\\/produkt\\\/zestaw-podoskop-plantograf-2-stopy-z-akcesoriami\\\/\",\"url\":\"https:\\\/\\\/propedis.pl\\\/sklep\\\/produkt\\\/zestaw-podoskop-plantograf-2-stopy-z-akcesoriami\\\/\",\"name\":\"Zestaw Podoskop + Plantograf 2 stopy z akcesoriami + SZKOLENIE WDRO\u017bENIOWE - Pro Pedis - Profesjonalnie dla st\u00f3p\",\"isPartOf\":{\"@id\":\"https:\\\/\\\/propedis.pl\\\/sklep\\\/#website\"},\"primaryImageOfPage\":{\"@id\":\"https:\\\/\\\/propedis.pl\\\/sklep\\\/produkt\\\/zestaw-podoskop-plantograf-2-stopy-z-akcesoriami\\\/#primaryimage\"},\"image\":{\"@id\":\"https:\\\/\\\/propedis.pl\\\/sklep\\\/produkt\\\/zestaw-podoskop-plantograf-2-stopy-z-akcesoriami\\\/#primaryimage\"},\"thumbnailUrl\":\"https:\\\/\\\/propedis.pl\\\/sklep\\\/wp-content\\\/uploads\\\/2020\\\/05\\\/zestaw-podoskop-plantograf.jpg\",\"datePublished\":\"2020-05-27T10:02:40+00:00\",\"dateModified\":\"2026-04-28T09:55:37+00:00\",\"breadcrumb\":{\"@id\":\"https:\\\/\\\/propedis.pl\\\/sklep\\\/produkt\\\/zestaw-podoskop-plantograf-2-stopy-z-akcesoriami\\\/#breadcrumb\"},\"inLanguage\":\"pl-PL\",\"potentialAction\":[{\"@type\":\"ReadAction\",\"target\":[\"https:\\\/\\\/propedis.pl\\\/sklep\\\/produkt\\\/zestaw-podoskop-plantograf-2-stopy-z-akcesoriami\\\/\"]}]},{\"@type\":\"ImageObject\",\"inLanguage\":\"pl-PL\",\"@id\":\"https:\\\/\\\/propedis.pl\\\/sklep\\\/produkt\\\/zestaw-podoskop-plantograf-2-stopy-z-akcesoriami\\\/#primaryimage\",\"url\":\"https:\\\/\\\/propedis.pl\\\/sklep\\\/wp-content\\\/uploads\\\/2020\\\/05\\\/zestaw-podoskop-plantograf.jpg\",\"contentUrl\":\"https:\\\/\\\/propedis.pl\\\/sklep\\\/wp-content\\\/uploads\\\/2020\\\/05\\\/zestaw-podoskop-plantograf.jpg\",\"width\":400,\"height\":400,\"caption\":\"podoskop + plantograf\"},{\"@type\":\"BreadcrumbList\",\"@id\":\"https:\\\/\\\/propedis.pl\\\/sklep\\\/produkt\\\/zestaw-podoskop-plantograf-2-stopy-z-akcesoriami\\\/#breadcrumb\",\"itemListElement\":[{\"@type\":\"ListItem\",\"position\":1,\"name\":\"Strona g\u0142\u00f3wna\",\"item\":\"https:\\\/\\\/propedis.pl\\\/sklep\\\/\"},{\"@type\":\"ListItem\",\"position\":2,\"name\":\"Sklep\",\"item\":\"https:\\\/\\\/propedis.pl\\\/sklep\\\/produkty\\\/\"},{\"@type\":\"ListItem\",\"position\":3,\"name\":\"Zestawy\",\"item\":\"https:\\\/\\\/propedis.pl\\\/sklep\\\/kategoria-produktu\\\/zestawy\\\/\"},{\"@type\":\"ListItem\",\"position\":4,\"name\":\"Urz\u0105dzenia diagnostyczne\",\"item\":\"https:\\\/\\\/propedis.pl\\\/sklep\\\/kategoria-produktu\\\/zestawy\\\/urzadzenia-diagnostyczne-zestawy\\\/\"},{\"@type\":\"ListItem\",\"position\":5,\"name\":\"Zestaw Podoskop + Plantograf 2 stopy z akcesoriami + SZKOLENIE WDRO\u017bENIOWE\"}]},{\"@type\":\"WebSite\",\"@id\":\"https:\\\/\\\/propedis.pl\\\/sklep\\\/#website\",\"url\":\"https:\\\/\\\/propedis.pl\\\/sklep\\\/\",\"name\":\"Pro Pedis - Profesjonalnie dla st\u00f3p\",\"description\":\"\",\"potentialAction\":[{\"@type\":\"SearchAction\",\"target\":{\"@type\":\"EntryPoint\",\"urlTemplate\":\"https:\\\/\\\/propedis.pl\\\/sklep\\\/?s={search_term_string}\"},\"query-input\":{\"@type\":\"PropertyValueSpecification\",\"valueRequired\":true,\"valueName\":\"search_term_string\"}}],\"inLanguage\":\"pl-PL\"}]}<\/script>\n<!-- \/ Yoast SEO Premium plugin. -->","yoast_head_json":{"title":"Zestaw Podoskop + Plantograf 2 stopy z akcesoriami + SZKOLENIE WDRO\u017bENIOWE - Pro Pedis - Profesjonalnie dla st\u00f3p","robots":{"index":"index","follow":"follow","max-snippet":"max-snippet:-1","max-image-preview":"max-image-preview:large","max-video-preview":"max-video-preview:-1"},"canonical":"https:\/\/propedis.pl\/sklep\/produkt\/zestaw-podoskop-plantograf-2-stopy-z-akcesoriami\/","og_locale":"pl_PL","og_type":"article","og_title":"Zestaw Podoskop + Plantograf 2 stopy z akcesoriami + SZKOLENIE WDRO\u017bENIOWE","og_description":"&nbsp; Podoskop ref. 6068\u00a0pozwala na ocen\u0119 podeszwowej i grzbietowej strony st\u00f3p, staw\u00f3w skokowych, kolanowych oraz tu\u0142owia \u2013 kr\u0119gos\u0142upa. Wykonujemy na nim testy zar\u00f3wno statyczne jaki i dynamiczne potrzebne do holistycznego spojrzenia na problem danego pacjenta, nie zawsze zwi\u0105zany tylko ze stopami. Umo\u017cliwia w\u0142a\u015bciw\u0105 ocen\u0119 kszta\u0142tu stopy, jej \u0142uk\u00f3w, obecno\u015bci zgrubie\u0144 na sk\u00f3rze, odcisk\u00f3w. Dzi\u0119ki zastosowaniu [&hellip;]","og_url":"https:\/\/propedis.pl\/sklep\/produkt\/zestaw-podoskop-plantograf-2-stopy-z-akcesoriami\/","og_site_name":"Pro Pedis - Profesjonalnie dla st\u00f3p","article_modified_time":"2026-04-28T09:55:37+00:00","og_image":[{"width":400,"height":400,"url":"https:\/\/propedis.pl\/sklep\/wp-content\/uploads\/2020\/05\/zestaw-podoskop-plantograf.jpg","type":"image\/jpeg"}],"twitter_card":"summary_large_image","twitter_misc":{"Szacowany czas czytania":"2 minuty"},"schema":{"@context":"https:\/\/schema.org","@graph":[{"@type":"WebPage","@id":"https:\/\/propedis.pl\/sklep\/produkt\/zestaw-podoskop-plantograf-2-stopy-z-akcesoriami\/","url":"https:\/\/propedis.pl\/sklep\/produkt\/zestaw-podoskop-plantograf-2-stopy-z-akcesoriami\/","name":"Zestaw Podoskop + Plantograf 2 stopy z akcesoriami + SZKOLENIE WDRO\u017bENIOWE - Pro Pedis - Profesjonalnie dla st\u00f3p","isPartOf":{"@id":"https:\/\/propedis.pl\/sklep\/#website"},"primaryImageOfPage":{"@id":"https:\/\/propedis.pl\/sklep\/produkt\/zestaw-podoskop-plantograf-2-stopy-z-akcesoriami\/#primaryimage"},"image":{"@id":"https:\/\/propedis.pl\/sklep\/produkt\/zestaw-podoskop-plantograf-2-stopy-z-akcesoriami\/#primaryimage"},"thumbnailUrl":"https:\/\/propedis.pl\/sklep\/wp-content\/uploads\/2020\/05\/zestaw-podoskop-plantograf.jpg","datePublished":"2020-05-27T10:02:40+00:00","dateModified":"2026-04-28T09:55:37+00:00","breadcrumb":{"@id":"https:\/\/propedis.pl\/sklep\/produkt\/zestaw-podoskop-plantograf-2-stopy-z-akcesoriami\/#breadcrumb"},"inLanguage":"pl-PL","potentialAction":[{"@type":"ReadAction","target":["https:\/\/propedis.pl\/sklep\/produkt\/zestaw-podoskop-plantograf-2-stopy-z-akcesoriami\/"]}]},{"@type":"ImageObject","inLanguage":"pl-PL","@id":"https:\/\/propedis.pl\/sklep\/produkt\/zestaw-podoskop-plantograf-2-stopy-z-akcesoriami\/#primaryimage","url":"https:\/\/propedis.pl\/sklep\/wp-content\/uploads\/2020\/05\/zestaw-podoskop-plantograf.jpg","contentUrl":"https:\/\/propedis.pl\/sklep\/wp-content\/uploads\/2020\/05\/zestaw-podoskop-plantograf.jpg","width":400,"height":400,"caption":"podoskop + plantograf"},{"@type":"BreadcrumbList","@id":"https:\/\/propedis.pl\/sklep\/produkt\/zestaw-podoskop-plantograf-2-stopy-z-akcesoriami\/#breadcrumb","itemListElement":[{"@type":"ListItem","position":1,"name":"Strona g\u0142\u00f3wna","item":"https:\/\/propedis.pl\/sklep\/"},{"@type":"ListItem","position":2,"name":"Sklep","item":"https:\/\/propedis.pl\/sklep\/produkty\/"},{"@type":"ListItem","position":3,"name":"Zestawy","item":"https:\/\/propedis.pl\/sklep\/kategoria-produktu\/zestawy\/"},{"@type":"ListItem","position":4,"name":"Urz\u0105dzenia diagnostyczne","item":"https:\/\/propedis.pl\/sklep\/kategoria-produktu\/zestawy\/urzadzenia-diagnostyczne-zestawy\/"},{"@type":"ListItem","position":5,"name":"Zestaw Podoskop + Plantograf 2 stopy z akcesoriami + SZKOLENIE WDRO\u017bENIOWE"}]},{"@type":"WebSite","@id":"https:\/\/propedis.pl\/sklep\/#website","url":"https:\/\/propedis.pl\/sklep\/","name":"Pro Pedis - Profesjonalnie dla st\u00f3p","description":"","potentialAction":[{"@type":"SearchAction","target":{"@type":"EntryPoint","urlTemplate":"https:\/\/propedis.pl\/sklep\/?s={search_term_string}"},"query-input":{"@type":"PropertyValueSpecification","valueRequired":true,"valueName":"search_term_string"}}],"inLanguage":"pl-PL"}]}},"_links":{"self":[{"href":"https:\/\/propedis.pl\/sklep\/wp-json\/wp\/v2\/product\/7209","targetHints":{"allow":["GET"]}}],"collection":[{"href":"https:\/\/propedis.pl\/sklep\/wp-json\/wp\/v2\/product"}],"about":[{"href":"https:\/\/propedis.pl\/sklep\/wp-json\/wp\/v2\/types\/product"}],"wp:featuredmedia":[{"embeddable":true,"href":"https:\/\/propedis.pl\/sklep\/wp-json\/wp\/v2\/media\/7210"}],"wp:attachment":[{"href":"https:\/\/propedis.pl\/sklep\/wp-json\/wp\/v2\/media?parent=7209"}],"wp:term":[{"taxonomy":"product_brand","embeddable":true,"href":"https:\/\/propedis.pl\/sklep\/wp-json\/wp\/v2\/product_brand?post=7209"},{"taxonomy":"product_cat","embeddable":true,"href":"https:\/\/propedis.pl\/sklep\/wp-json\/wp\/v2\/product_cat?post=7209"},{"taxonomy":"product_tag","embeddable":true,"href":"https:\/\/propedis.pl\/sklep\/wp-json\/wp\/v2\/product_tag?post=7209"}],"curies":[{"name":"wp","href":"https:\/\/api.w.org\/{rel}","templated":true}]}}